000
CXUS54 KMAF 011346
CLMMAF
CLIMATE REPORT
NATIONAL WEATHER SERVICE MIDLAND/ODESSA TX
846 AM CDT MON MAY 01 2023
...................................
...THE MIDLAND INTERNATIONAL AIRPORT CLIMATE SUMMARY FOR THE MONTH OF APRIL 2023...
CLIMATE NORMAL PERIOD 1991 TO 2020
CLIMATE RECORD PERIOD 1930 TO 2023
WEATHER OBSERVED NORMAL DEPART LAST YEAR`S
VALUE DATE(S) VALUE FROM VALUE DATE(S)
NORMAL
................................................................
TEMPERATURE (F)
RECORD
HIGH 104 04/25/2012
LOW 20 04/09/1973
HIGHEST 95 04/30 79 16 95 04/20
LOWEST 37 04/01 49 -12 36 04/08
AVG. MAXIMUM 78.7 80.5 -1.8 83.6
AVG. MINIMUM 49.4 51.8 -2.4 54.4
MEAN 64.0 66.2 -2.2 69.0
DAYS MAX >= 90 3 5.3 -2.3 9
DAYS MAX <= 32 0 0.0 0.0 0
DAYS MIN <= 32 0 0.6 -0.6 0
DAYS MIN <= 0 0 0.0 0.0 0
PRECIPITATION (INCHES)
RECORD
MAXIMUM 3.59 1931
MINIMUM 0.00 2011
TOTALS T 0.70 -0.70 0.05
DAILY AVG. T 0.02 -0.02 0.00
DAYS >= .01 0 2.7 -2.7 1
DAYS >= .10 0 1.5 -1.5 0
DAYS >= .50 0 0.3 -0.3 0
DAYS >= 1.00 0 0.2 -0.2 0
GREATEST
24 HR. TOTAL T 04/23 TO 04/23 0.05
04/17 TO 04/17
04/23 TO 04/23
SNOWFALL (INCHES)
RECORDS
TOTAL 2.0 1996
TOTALS 0.0 0.1 -0.1 0.0
SINCE 7/1 0.7 4.3 -3.6 MM
SNOWDEPTH AVG. 0 0
DAYS >= 1.0 0 0.1 -0.1 0
GREATEST
SNOW DEPTH 0 0 MM
24 HR TOTAL MM 0.0
DEGREE DAYS
HEATING TOTAL 105 85 20 40
SINCE 7/1 2437 2357 80 MM
COOLING TOTAL 83 120 -37 168
SINCE 1/1 107 157 -50 MM
................................................................
WIND (MPH)
AVERAGE WIND SPEED 12.7
HIGHEST WIND SPEED/DIRECTION 37/240 DATE 04/04
37/010 04/28
HIGHEST GUST SPEED/DIRECTION 54/230 DATE 04/04
SKY COVER
POSSIBLE SUNSHINE (PERCENT) MM
AVERAGE SKY COVER 0.11
NUMBER OF DAYS FAIR 27
NUMBER OF DAYS PC 2
NUMBER OF DAYS CLOUDY 1
AVERAGE RH (PERCENT) 41
WEATHER CONDITIONS. NUMBER OF DAYS WITH
THUNDERSTORM 1 MIXED PRECIP 0
HEAVY RAIN 0 RAIN 0
LIGHT RAIN 2 FREEZING RAIN 0
LT FREEZING RAIN 0 HAIL 0
HEAVY SNOW 0 SNOW 0
LIGHT SNOW 0 SLEET 0
FOG 7 FOG W/VIS <= 1/4 MILE 0
HAZE 19
- INDICATES NEGATIVE NUMBERS.
R INDICATES RECORD WAS SET OR TIED.
MM INDICATES DATA IS MISSING.
T INDICATES TRACE AMOUNT.
$$