000
CXUS52 KTAE 010800
CF6MAI
PRELIMINARY LOCAL CLIMATOLOGICAL DATA (WS FORM: F-6)
STATION: MARIANNA
MONTH: APRIL
YEAR: 2023
LATITUDE: 30 50 N
LONGITUDE: 85 11 W
TEMPERATURE IN F: :PCPN: SNOW: WIND :SUNSHINE: SKY :PK WND
================================================================================
1 2 3 4 5 6A 6B 7 8 9 10 11 12 13 14 15 16 17 18
12Z AVG MX 2MIN
DY MAX MIN AVG DEP HDD CDD WTR SNW DPTH SPD SPD DIR MIN PSBL S-S WX SPD DR
================================================================================
1 85 67 76 12 0 11 0.14 0.0 0 11.0 24 240 M M 5 13 35 230
2 77 54 66 1 0 1 0.00 0.0 0 3.2 10 60 M M 1 12 14 30
3 80 60 70 5 0 5 0.30 0.0 0 7.0 26 330 M M 5 123 35 340
4 86 65 76 11 0 11 0.00 0.0 0 4.4 15 210 M M 6 1 21 170
5 89 61 75 10 0 10 0.01 0.0 0 4.8 16 190 M M 3 12 23 180
6 87 62 75 10 0 10 0.09 0.0 0 1.9 16 240 M M 4 8 19 240
7 84 64 74 8 0 9 0.00 0.0 0 2.5 10 280 M M 4 12 13 280
8 70 50 60 -6 5 0 0.36 0.0 0 12.6 20 40 M M 10 1 25 50
9 59 49 54 -12 11 0 T 0.0 0 13.4 22 50 M M 10 1 28 40
10 71 55 63 -3 2 0 0.02 0.0 0 11.5 21 60 M M 9 27 50
11 77 54 66 0 0 1 0.00 0.0 0 10.6 20 60 M M 3 29 70
12 77 56 67 0 0 2 T M M 10.7 22 60 M M 2 29 60
13 81 62 72 5 0 7 0.18 M M 11.1 25 190 M M 5 1 32 190
14 79 59 69 2 0 4 0.45 0.0 0 7.4 17 210 M M 4 1 24 280
15 83 53 68 1 0 3 0.95 0.0 0 5.1 36 230 M M 2 13 47 250
16 79 61 70 2 0 5 0.13 0.0 0 6.7 16 260 M M 5 123 24 330
17 74 47 61 -7 4 0 0.00 0.0 0 6.4 17 330 M M 0 30 310
18 81 42 62 -6 3 0 0.00 0.0 0 2.3 14 60 M M 0 18 50
19 84 48 66 -2 0 1 0.00 0.0 0 2.6 13 170 M M 0 17 180
20 85 51 68 -1 0 3 0.00 0.0 M 3.2 13 180 M M 0 19 110
21 84 57 71 2 0 6 0.00 0.0 M 6.4 16 240 M M 2 20 130
22 81 56 69 0 0 4 0.00 0.0 M 7.0 17 350 M M 2 1 23 350
23 81 47 64 -5 1 0 0.00 0.0 0 5.9 16 50 M M 0 22 20
24 75 61 68 -2 0 3 0.00 0.0 M 9.4 17 60 M M 2 25 30
25 83 57 70 0 0 5 0.00 0.0 0 5.9 13 360 M M 3 18 360
26 85 63 74 4 0 9 0.10 0.0 0 5.2 12 90 M M 0 3 19 170
27 72 62 67 -3 0 2 2.19 0.0 0 6.3 22 290 M M 0 13 38 290
28 86 64 75 4 0 10 0.00 0.0 0 6.9 20 220 M M M 27 260
29 74 63 69 -2 0 4 0.52 0.0 0 4.4 18 200 M M M 123 25 200
30 78 54 66 -5 0 1 0.10 0.0 0 M 26 270 M M M 38 280
================================================================================
SM 2387 1704 26 127 5.54 0.0 195.8 M 87
================================================================================
AV 79.6 56.8 6.8 FASTST M M 3 MAX(MPH)
MISC ----> 36 230 47 250
================================================================================
NOTES:
# LAST OF SEVERAL OCCURRENCES
COLUMN 17 PEAK WIND IN M.P.H.
PRELIMINARY LOCAL CLIMATOLOGICAL DATA (WS FORM: F-6) , PAGE 2
STATION: MARIANNA
MONTH: APRIL
YEAR: 2023
LATITUDE: 30 50 N
LONGITUDE: 85 11 W
[TEMPERATURE DATA] [PRECIPITATION DATA] SYMBOLS USED IN COLUMN 16
AVERAGE MONTHLY: 68.2 TOTAL FOR MONTH: 5.54 1 = FOG OR MIST
DPTR FM NORMAL: 0.6 DPTR FM NORMAL: 1.82 2 = FOG REDUCING VISIBILITY
HIGHEST: 89 ON 5 GRTST 24HR 2.33 ON 27-27 TO 1/4 MILE OR LESS
LOWEST: 42 ON 18 3 = THUNDER
SNOW, ICE PELLETS, HAIL 4 = ICE PELLETS
TOTAL MONTH: 0.0 INCH 5 = HAIL
GRTST 24HR 0.0 6 = FREEZING RAIN OR DRIZZLE
GRTST DEPTH: 0 7 = DUSTSTORM OR SANDSTORM:
VSBY 1/2 MILE OR LESS
8 = SMOKE OR HAZE
[NO. OF DAYS WITH] [WEATHER - DAYS WITH] 9 = BLOWING SNOW
X = TORNADO
MAX 32 OR BELOW: 0 0.01 INCH OR MORE: 14
MAX 90 OR ABOVE: 0 0.10 INCH OR MORE: 11
MIN 32 OR BELOW: 0 0.50 INCH OR MORE: 3
MIN 0 OR BELOW: 0 1.00 INCH OR MORE: 1
[HDD (BASE 65) ]
TOTAL THIS MO. 26 CLEAR (SCALE 0-3) 15
DPTR FM NORMAL -23 PTCLDY (SCALE 4-7) 9
TOTAL FM JUL 1 1167 CLOUDY (SCALE 8-10) 6
DPTR FM NORMAL -348
[CDD (BASE 65) ]
TOTAL THIS MO. 127
DPTR FM NORMAL 0 [PRESSURE DATA]
TOTAL FM JAN 1 353 HIGHEST SLP M ON M
DPTR FM NORMAL 148 LOWEST SLP 29.78 ON 13
[REMARKS]
#FINAL-04-23#