000
CXUS53 KDTX 010635
CF6MBS
PRELIMINARY LOCAL CLIMATOLOGICAL DATA (WS FORM: F-6)
STATION: TRI CITIES MI
MONTH: JULY
YEAR: 2021
LATITUDE: 43 31 N
LONGITUDE: 84 5 W
TEMPERATURE IN F: :PCPN: SNOW: WIND :SUNSHINE: SKY :PK WND
================================================================================
1 2 3 4 5 6A 6B 7 8 9 10 11 12 13 14 15 16 17 18
12Z AVG MX 2MIN
DY MAX MIN AVG DEP HDD CDD WTR SNW DPTH SPD SPD DIR MIN PSBL S-S WX SPD DR
================================================================================
1 76 59 68 -3 0 3 0.00 0.0 0 9.7 18 40 M M 3 25 40
2 76 55 66 -5 0 1 0.00 0.0 0 8.5 21 360 M M 2 35 360
3 88 57 73 1 0 8 T 0.0 0 8.8 20 250 M M 3 25 260
4 90 64 77 5 0 12 0.00 0.0 0 6.5 13 250 M M 0 18 19 260
5 90 70 80 8 0 15 0.01 0.0 0 13.0 26 230 M M 0 36 230
6 91 69 80 8 0 15 0.31 0.0 0 8.4 21 30 M M 1 13 25 330
7 71 66 69 -3 0 4 0.30 0.0 0 10.5 21 40 M M 10 13 27 30
8 66 60 63 -9 2 0 0.52 0.0 0 7.7 14 30 M M 10 138 16 30
9 77 57 67 -5 0 2 0.00 0.0 0 6.5 12 100 M M 5 17 30
10 77 55 66 -6 0 1 0.00 0.0 0 6.8 14 50 M M 2 19 70
11 74 62 68 -4 0 3 0.00 0.0 0 9.6 20 40 M M 3 24 40
12 78 60 69 -3 0 4 0.00 0.0 0 8.5 18 70 M M 7 18 24 70
13 79 68 74 2 0 9 0.67 0.0 0 6.4 26 300 M M 7 123 35 300
14 85 65 75 3 0 10 0.00 0.0 0 8.5 17 230 M M 3 18 24 220
15 78 65 72 0 0 7 0.05 0.0 0 10.9 25 250 M M 5 13 33 230
16 75 61 68 -4 0 3 0.00 0.0 0 7.6 18 40 M M 5 18 23 40
17 80 63 72 0 0 7 0.00 0.0 0 9.3 21 50 M M 4 27 50
18 84 60 72 0 0 7 0.00 0.0 0 4.1 12 310 M M 0 15 280
19 85 63 74 2 0 9 0.00 0.0 0 5.3 8 300 M M 1 8 12 290
20 87 66 77 5 0 12 T 0.0 0 11.4 24 40 M M 3 8 32 360
21 75 59 67 -5 0 2 0.00 0.0 0 7.8 13 50 M M 4 18 50
22 76 56 66 -6 0 1 0.00 0.0 0 4.4 9 140 M M 1 12 150
23 78 65 72 0 0 7 0.28 0.0 0 7.9 15 170 M M 7 19 170
24 85 69 77 5 0 12 1.66 0.0 0 9.0 31 260 M M 4 1238 55 260
25 88 66 77 5 0 12 0.00 0.0 0 8.6 18 260 M M 1 1 24 260
26 89 62 76 4 0 11 0.00 0.0 0 7.2 17 270 M M 0 23 250
27 83 68 76 4 0 11 T 0.0 0 6.8 15 280 M M 4 19 260
28 84 64 74 2 0 9 T 0.0 0 5.2 9 50 M M 0 18 13 100
29 87 66 77 6 0 12 0.05 0.0 0 10.6 21 340 M M 4 138 26 340
30 74 59 67 -4 0 2 0.00 0.0 0 7.8 16 10 M M 4 20 360
31 78 52 65 -6 0 0 0.49 0.0 0 8.7 23 270 M M 1 13 34 270
================================================================================
SM 2504 1931 2 211 4.34 0.0 252.0 M 104
================================================================================
AV 80.8 62.3 8.1 FASTST M M 3 MAX(MPH)
MISC ----> 31 260 55 260
================================================================================
NOTES:
# LAST OF SEVERAL OCCURRENCES
COLUMN 17 PEAK WIND IN M.P.H.
PRELIMINARY LOCAL CLIMATOLOGICAL DATA (WS FORM: F-6) , PAGE 2
STATION: TRI CITIES MI
MONTH: JULY
YEAR: 2021
LATITUDE: 43 31 N
LONGITUDE: 84 5 W
[TEMPERATURE DATA] [PRECIPITATION DATA] SYMBOLS USED IN COLUMN 16
AVERAGE MONTHLY: 71.5 TOTAL FOR MONTH: 4.34 1 = FOG OR MIST
DPTR FM NORMAL: -0.2 DPTR FM NORMAL: 1.51 2 = FOG REDUCING VISIBILITY
HIGHEST: 91 ON 6 GRTST 24HR 1.66 ON 24-24 TO 1/4 MILE OR LESS
LOWEST: 52 ON 31 3 = THUNDER
SNOW, ICE PELLETS, HAIL 4 = ICE PELLETS
TOTAL MONTH: 0.0 INCH 5 = HAIL
GRTST 24HR 0.0 6 = FREEZING RAIN OR DRIZZLE
GRTST DEPTH: 0 7 = DUSTSTORM OR SANDSTORM:
VSBY 1/2 MILE OR LESS
8 = SMOKE OR HAZE
[NO. OF DAYS WITH] [WEATHER - DAYS WITH] 9 = BLOWING SNOW
X = TORNADO
MAX 32 OR BELOW: 0 0.01 INCH OR MORE: 10
MAX 90 OR ABOVE: 3 0.10 INCH OR MORE: 7
MIN 32 OR BELOW: 0 0.50 INCH OR MORE: 3
MIN 0 OR BELOW: 0 1.00 INCH OR MORE: 1
[HDD (BASE 65) ]
TOTAL THIS MO. 2 CLEAR (SCALE 0-3) 16
DPTR FM NORMAL -7 PTCLDY (SCALE 4-7) 13
TOTAL FM JUL 1 2 CLOUDY (SCALE 8-10) 2
DPTR FM NORMAL 2
[CDD (BASE 65) ]
TOTAL THIS MO. 211
DPTR FM NORMAL -5 [PRESSURE DATA]
TOTAL FM JAN 1 486 HIGHEST SLP M ON M
DPTR FM NORMAL 86 LOWEST SLP 29.72 ON 24
[REMARKS]
#FINAL-07-21#