000
CXUS53 KDTX 010635
CF6MBS
PRELIMINARY LOCAL CLIMATOLOGICAL DATA (WS FORM: F-6)
STATION: TRI CITIES MI
MONTH: MARCH
YEAR: 2021
LATITUDE: 43 31 N
LONGITUDE: 84 5 W
TEMPERATURE IN F: :PCPN: SNOW: WIND :SUNSHINE: SKY :PK WND
================================================================================
1 2 3 4 5 6A 6B 7 8 9 10 11 12 13 14 15 16 17 18
12Z AVG MX 2MIN
DY MAX MIN AVG DEP HDD CDD WTR SNW DPTH SPD SPD DIR MIN PSBL S-S WX SPD DR
================================================================================
1 39 16 28 0 37 0 0.00 0.0 T 16.7 26 310 M M 5 35 310
2 36 14 25 -3 40 0 0.00 0.0 0 13.1 28 220 M M 0 37 240
3 51 30 41 12 24 0 0.00 0.0 0 9.0 17 230 M M 1 18 23 230
4 34 23 29 0 36 0 0.00 0.0 0 11.1 22 350 M M 5 30 350
5 42 18 30 0 35 0 0.00 0.0 0 12.5 26 320 M M 1 34 310
6 39 23 31 1 34 0 0.00 0.0 0 11.5 20 340 M M 0 26 310
7 36 16 26 -4 39 0 0.00 0.0 0 5.3 10 180 M M 1 14 350
8 59 31 45 14 20 0 0.00 0.0 0 12.8 24 240 M M 1 36 230
9 58 29 44 13 21 0 0.00 0.0 0 6.5 15 150 M M 0 18 20 160
10 69 43 56 25 9 0 0.00 0.0 0 15.0 28 210 M M 4 40 220
11 64 39 52 20 13 0 0.03 0.0 0 21.3 39 250 M M 4 55 220
12 50 25 38 6 27 0 0.00 0.0 0 13.4 28 280 M M 0 37 280
13 50 18 34 2 31 0 0.00 0.0 0 11.3 25 240 M M 0 35 220
14 43 25 34 1 31 0 0.00 0.0 0 11.7 23 350 M M 0 30 360
15 37 22 30 -3 35 0 T T 0 12.4 23 70 M M 2 30 70
16 37 27 32 -2 33 0 0.07 0.4 T 5.7 16 70 M M 10 1 21 80
17 48 26 37 3 28 0 0.00 0.0 0 6.3 20 30 M M 5 128 26 30
18 39 31 35 1 30 0 0.06 0.0 0 22.9 38 30 M M 5 1 51 40
19 46 25 36 1 29 0 0.00 0.0 0 7.7 21 40 M M 0 27 50
20 58 28 43 8 22 0 0.00 0.0 0 7.6 13 220 M M 0 17 170
21 66 31 49 13 16 0 0.00 0.0 0 10.2 18 160 M M 0 28 160
22 69 39 54 18 11 0 0.00 0.0 0 11.1 24 220 M M 0 32 220
23 73 45 59 23 6 0 T 0.0 0 7.9 22 130 M M 7 28 130
24 69 48 59 22 6 0 0.24 0.0 0 14.0 35 180 M M 7 13 48 180
25 55 36 46 9 19 0 0.06 0.0 0 13.1 29 250 M M 9 1 39 250
26 46 34 40 2 25 0 0.65 0.0 0 12.8 31 30 M M 10 1 39 40
27 47 34 41 3 24 0 0.06 0.0 0 8.4 17 80 M M 9 13 23 90
28 51 32 42 4 23 0 T 0.0 0 17.8 32 320 M M 10 1 44 300
29 52 27 40 1 25 0 0.00 0.0 0 11.8 21 320 M M 2 33 170
30 69 43 56 17 9 0 0.01 0.0 0 17.1 32 230 M M 3 44 220
31 50 28 39 -1 26 0 T 0.0 0 15.1 23 280 M M 6 31 260
================================================================================
SM 1582 906 764 0 1.18 0.4 373.1 M 107
================================================================================
AV 51.0 29.2 12.0 FASTST M M 3 MAX(MPH)
MISC ----> 39 250 55 220
================================================================================
NOTES:
# LAST OF SEVERAL OCCURRENCES
COLUMN 17 PEAK WIND IN M.P.H.
PRELIMINARY LOCAL CLIMATOLOGICAL DATA (WS FORM: F-6) , PAGE 2
STATION: TRI CITIES MI
MONTH: MARCH
YEAR: 2021
LATITUDE: 43 31 N
LONGITUDE: 84 5 W
[TEMPERATURE DATA] [PRECIPITATION DATA] SYMBOLS USED IN COLUMN 16
AVERAGE MONTHLY: 40.1 TOTAL FOR MONTH: 1.18 1 = FOG OR MIST
DPTR FM NORMAL: 6.4 DPTR FM NORMAL: -0.88 2 = FOG REDUCING VISIBILITY
HIGHEST: 73 ON 23 GRTST 24HR 0.71 ON 25-26 TO 1/4 MILE OR LESS
LOWEST: 14 ON 2 3 = THUNDER
SNOW, ICE PELLETS, HAIL 4 = ICE PELLETS
TOTAL MONTH: 0.4 INCH 5 = HAIL
GRTST 24HR 0.4 ON 16-16 6 = FREEZING RAIN OR DRIZZLE
GRTST DEPTH: 3 ON M 7 = DUSTSTORM OR SANDSTORM:
VSBY 1/2 MILE OR LESS
8 = SMOKE OR HAZE
[NO. OF DAYS WITH] [WEATHER - DAYS WITH] 9 = BLOWING SNOW
X = TORNADO
MAX 32 OR BELOW: 0 0.01 INCH OR MORE: 8
MAX 90 OR ABOVE: 0 0.10 INCH OR MORE: 2
MIN 32 OR BELOW: 22 0.50 INCH OR MORE: 1
MIN 0 OR BELOW: 0 1.00 INCH OR MORE: 0
[HDD (BASE 65) ]
TOTAL THIS MO. 764 CLEAR (SCALE 0-3) 17
DPTR FM NORMAL -205 PTCLDY (SCALE 4-7) 9
TOTAL FM JUL 1 5481 CLOUDY (SCALE 8-10) 5
DPTR FM NORMAL -587
[CDD (BASE 65) ]
TOTAL THIS MO. 0
DPTR FM NORMAL 0 [PRESSURE DATA]
TOTAL FM JAN 1 0 HIGHEST SLP M ON M
DPTR FM NORMAL 0 LOWEST SLP 29.51 ON 28
[REMARKS]
#FINAL-03-21#