614
CXUS54 KLIX 010810
CF6MCB
PRELIMINARY LOCAL CLIMATOLOGICAL DATA (WS FORM: F-6)
STATION: MCCOMB
MONTH: JULY
YEAR: 2020
LATITUDE: 31 10 N
LONGITUDE: 90 28 W
TEMPERATURE IN F: :PCPN: SNOW: WIND :SUNSHINE: SKY :PK WND
================================================================================
1 2 3 4 5 6A 6B 7 8 9 10 11 12 13 14 15 16 17 18
12Z AVG MX 2MIN
DY MAX MIN AVG DEP HDD CDD WTR SNW DPTH SPD SPD DIR MIN PSBL S-S WX SPD DR
================================================================================
1 93 76 85 5 0 20 0.00 0.0 M 5.1 13 230 M M 3 13 18 260
2 91 72 82 2 0 17 0.73 0.0 M 4.7 20 50 M M 5 13 32 60
3 87 72 80 0 0 15 0.42 0.0 M 3.6 24 350 M M 5 13 37 350
4 87 72 80 0 0 15 1.33 0.0 M M 32 330 M M M 45 310
5 90 70 80 -1 0 15 0.24 0.0 M M 14 220 M M M 17 210
6 86 73 80 -1 0 15 0.53 0.0 M M 17 230 M M M 23 240
7 86 73 80 -1 0 15 0.11 0.0 M M 13 200 M M M 17 230
8 90 74 82 1 0 17 0.40 0.0 M M 16 250 M M M 20 250
9 93 73 83 2 0 18 0.00 0.0 M M 12 300 M M M 15 310
10 93 76 85 4 0 20 0.00 0.0 M M 14 270 M M M 19 280
11 95 78 87 6 0 22 T 0.0 M M 21 320 M M M 27 320
12 95 75 85 4 0 20 0.00 0.0 M M 13 280 M M M 17 270
13 97 77 87 6 0 22 0.00 0.0 M M 10 310 M M M 14 350
14 95 76 86 5 0 21 0.00 0.0 M 2.9 14 10 M M 3 13 18 10
15 94 73 84 3 0 19 0.63 0.0 M 4.2 17 150 M M 2 123 23 120
16 91 72 82 1 0 17 0.99 0.0 M 4.2 18 180 M M 3 123 23 210
17 92 72 82 1 0 17 0.00 0.0 M 2.7 12 170 M M 4 12 15 140
18 93 72 83 2 0 18 0.00 0.0 M 2.2 10 160 M M 1 1 16 150
19 93 74 84 3 0 19 T 0.0 M 2.4 15 160 M M 1 13 24 170
20 92 75 84 3 0 19 T 0.0 M 4.6 22 150 M M 2 3 26 150
21 92 74 83 2 0 18 0.00 0.0 M 4.6 20 160 M M 2 1 25 170
22 94 75 85 4 0 20 0.13 0.0 M 3.3 15 160 M M 2 13 18 140
23 89 74 82 1 0 17 0.03 0.0 M 5.4 20 150 M M 3 13 24 160
24 86 75 81 0 0 16 0.28 0.0 M 6.4 17 150 M M 7 1 24 120
25 86 74 80 -1 0 15 0.12 0.0 M 7.1 16 160 M M 6 1 22 150
26 81 73 77 -4 0 12 0.21 0.0 M 3.3 14 190 M M 4 13 18 190
27 83 72 78 -3 0 13 1.50 0.0 M 3.1 10 160 M M 7 1 15 150
28 86 74 80 -1 0 15 1.51 0.0 M 5.1 18 210 M M 8 128 24 220
29 89 73 81 0 0 16 0.04 0.0 M 4.9 15 300 M M 6 1 19 220
30 92 72 82 1 0 17 0.00 0.0 M 5.3 15 210 M M 4 1 19 210
31 92 75 84 3 0 19 0.00 M M 7.4 15 200 M M 5 3 19 240
================================================================================
SM 2803 2286 0 539 9.20 0.0 92.5 M 83
================================================================================
AV 90.4 73.7 4.4 FASTST M M 4 MAX(MPH)
MISC ----> 32 330 45 310
================================================================================
NOTES:
# LAST OF SEVERAL OCCURRENCES
COLUMN 17 PEAK WIND IN M.P.H.
PRELIMINARY LOCAL CLIMATOLOGICAL DATA (WS FORM: F-6) , PAGE 2
STATION: MCCOMB
MONTH: JULY
YEAR: 2020
LATITUDE: 31 10 N
LONGITUDE: 90 28 W
[TEMPERATURE DATA] [PRECIPITATION DATA] SYMBOLS USED IN COLUMN 16
AVERAGE MONTHLY: 82.1 TOTAL FOR MONTH: 9.20 1 = FOG OR MIST
DPTR FM NORMAL: 1.3 DPTR FM NORMAL: 3.64 2 = FOG REDUCING VISIBILITY
HIGHEST: 97 ON 13 GRTST 24HR 1.51 ON 28-28 TO 1/4 MILE OR LESS
LOWEST: 70 ON 5 3 = THUNDER
SNOW, ICE PELLETS, HAIL 4 = ICE PELLETS
TOTAL MONTH: 0.0 INCH 5 = HAIL
GRTST 24HR 0.0 6 = FREEZING RAIN OR DRIZZLE
GRTST DEPTH: M ON M 7 = DUSTSTORM OR SANDSTORM:
VSBY 1/2 MILE OR LESS
8 = SMOKE OR HAZE
[NO. OF DAYS WITH] [WEATHER - DAYS WITH] 9 = BLOWING SNOW
X = TORNADO
MAX 32 OR BELOW: 0 0.01 INCH OR MORE: 17
MAX 90 OR ABOVE: 20 0.10 INCH OR MORE: 15
MIN 32 OR BELOW: 0 0.50 INCH OR MORE: 7
MIN 0 OR BELOW: 0 1.00 INCH OR MORE: 3
[HDD (BASE 65) ]
TOTAL THIS MO. 0 CLEAR (SCALE 0-3) 9
DPTR FM NORMAL 0 PTCLDY (SCALE 4-7) 12
TOTAL FM JUL 1 0 CLOUDY (SCALE 8-10) 10
DPTR FM NORMAL 0
[CDD (BASE 65) ]
TOTAL THIS MO. 539
DPTR FM NORMAL 49 [PRESSURE DATA]
TOTAL FM JAN 1 1510 HIGHEST SLP M ON M
DPTR FM NORMAL 228 LOWEST SLP 29.87 ON 31
[REMARKS]
#FINAL-07-20#