000
CXUS55 KEAX 010836
CF6MCI
PRELIMINARY LOCAL CLIMATOLOGICAL DATA (WS FORM: F-6)
STATION: KANSAS CITY INTERNATIONAL MO
MONTH: FEBRUARY
YEAR: 2021
LATITUDE: 39 19 N
LONGITUDE: 94 43 W
TEMPERATURE IN F: :PCPN: SNOW: WIND :SUNSHINE: SKY :PK WND
================================================================================
1 2 3 4 5 6A 6B 7 8 9 10 11 12 13 14 15 16 17 18
12Z AVG MX 2MIN
DY MAX MIN AVG DEP HDD CDD WTR SNW DPTH SPD SPD DIR MIN PSBL S-S WX SPD DR
================================================================================
1 36 25 31 1 34 0 0.00 0.0 0 7.0 15 330 M M 9 18 22 360
2 42 24 33 3 32 0 T T 0 7.7 13 110 M M 7 18 16 120
3 59 28 44 14 21 0 0.00 0.0 0 12.7 23 180 M M 4 18 30 180
4 50 21 36 6 29 0 0.10 0.5 0 13.4 29 330 M M 6 1289 42 310
5 38 22 30 -1 35 0 0.00 0.0 0 8.1 15 30 M M 3 22 260
6 24 4 14 -17 51 0 0.07 0.8 0 10.9 18 10 M M 6 18 23 350
7 8 4 6 -25 59 0 0.08 1.0 1 10.9 16 70 M M 8 18 22 80
8 8 5 7 -24 58 0 0.01 0.1 2 10.6 16 20 M M 10 18 20 10
9 14 8 11 -21 54 0 T T 2 10.0 15 30 M M 10 18 20
10 15 10 13 -19 52 0 T T 2 12.7 17 30 M M 10 8 22 10
11 15 8 12 -20 53 0 0.01 0.1 2 13.7 21 50 M M 10 27 50
12 8 0 4 -28 61 0 T T 1 14.5 20 20 M M 9 26 360
13 9 -1 4 -29 61 0 T T 1 12.8 17 20 M M 6 23 10
14 4 -6 -1 -34 66 0 0.08 1.0 1 15.0 21 30 M M 10 8 26 20
15 -1 -10 -5 -38 70 0 0.15 1.7 2 12.2 17 20 M M 9 8 22 10
16 12 -13 0 -34 65 0 0.00 0.0 3 4.2 10 230 M M 2 13 80
17 23 4 14 -20 51 0 0.03 0.6 3 6.7 13 130 M M 10 18 15 80
18 27 4 16 -18 49 0 T T 3 4.5 12 310 M M 4 128 15 320
19 33 8 21 -14 44 0 0.00 0.0 3 9.5 17 190 M M 5 8 23 200
20 43 18 31 -4 34 0 0.00 0.0 2 10.6 16 180 M M 2 18 20 190
21 42 31 37 1 28 0 0.01 0.0 T 13.7 23 180 M M 7 18 36 180
22 60 25 43 7 22 0 0.00 0.0 T 10.7 24 240 M M 3 35 250
23 69 29 49 13 16 0 0.00 0.0 0 9.8 23 190 M M 1 32 200
24 49 28 39 2 26 0 0.00 0.0 0 11.2 24 350 M M 5 31 360
25 47 26 37 0 28 0 0.00 0.0 0 4.1 9 180 M M 6 18 11 110
26 53 30 42 5 23 0 0.00 0.0 0 9.7 17 160 M M 5 25 190
27 64 33 49 11 16 0 T 0.0 0 13.0 25 140 M M 6 128 34 140
28 53 30 42 4 23 0 T 0.0 0 12.2 23 350 M M 5 32 350
================================================================================
SM 904 395 1161 0 0.54 5.8 292.1 M 178
================================================================================
AV 32.3 14.1 10.4 FASTST M M 6 MAX(MPH)
MISC ----> 29 330 42 310
================================================================================
NOTES:
# LAST OF SEVERAL OCCURRENCES
COLUMN 17 PEAK WIND IN M.P.H.
PRELIMINARY LOCAL CLIMATOLOGICAL DATA (WS FORM: F-6) , PAGE 2
STATION: KANSAS CITY INTERNATIONAL MO
MONTH: FEBRUARY
YEAR: 2021
LATITUDE: 39 19 N
LONGITUDE: 94 43 W
[TEMPERATURE DATA] [PRECIPITATION DATA] SYMBOLS USED IN COLUMN 16
AVERAGE MONTHLY: 23.2 TOTAL FOR MONTH: 0.54 1 = FOG OR MIST
DPTR FM NORMAL: -10.3 DPTR FM NORMAL: -0.92 2 = FOG REDUCING VISIBILITY
HIGHEST: 69 ON 23 GRTST 24HR 0.15 ON 15-16 TO 1/4 MILE OR LESS
LOWEST: -13 ON 16 3 = THUNDER
SNOW, ICE PELLETS, HAIL 4 = ICE PELLETS
TOTAL MONTH: 5.8 INCHES 5 = HAIL
GRTST 24HR 1.7 ON 15-15 6 = FREEZING RAIN OR DRIZZLE
GRTST DEPTH: 3 ON 19,18 7 = DUSTSTORM OR SANDSTORM:
VSBY 1/2 MILE OR LESS
8 = SMOKE OR HAZE
[NO. OF DAYS WITH] [WEATHER - DAYS WITH] 9 = BLOWING SNOW
X = TORNADO
MAX 32 OR BELOW: 13 0.01 INCH OR MORE: 9
MAX 90 OR ABOVE: 0 0.10 INCH OR MORE: 2
MIN 32 OR BELOW: 27 0.50 INCH OR MORE: 0
MIN 0 OR BELOW: 5 1.00 INCH OR MORE: 0
[HDD (BASE 65) ]
TOTAL THIS MO. 1161 CLEAR (SCALE 0-3) 4
DPTR FM NORMAL 280 PTCLDY (SCALE 4-7) 14
TOTAL FM JUL 1 3913 CLOUDY (SCALE 8-10) 10
DPTR FM NORMAL -133
[CDD (BASE 65) ]
TOTAL THIS MO. 0
DPTR FM NORMAL 0 [PRESSURE DATA]
TOTAL FM JAN 1 0 HIGHEST SLP 30.67 ON 14
DPTR FM NORMAL 0 LOWEST SLP 29.51 ON 4
[REMARKS]
#FINAL-02-21#