000
CXUS55 KEAX 041751
CF6MCI
PRELIMINARY LOCAL CLIMATOLOGICAL DATA (WS FORM: F-6)
STATION: KANSAS CITY INTERNATIONAL MO
MONTH: MAY
YEAR: 2020
LATITUDE: 39 19 N
LONGITUDE: 94 43 W
TEMPERATURE IN F: :PCPN: SNOW: WIND :SUNSHINE: SKY :PK WND
================================================================================
1 2 3 4 5 6A 6B 7 8 9 10 11 12 13 14 15 16 17 18
12Z AVG MX 2MIN
DY MAX MIN AVG DEP HDD CDD WTR SNW DPTH SPD SPD DIR MIN PSBL S-S WX SPD DR
================================================================================
1 81 52 67 7 0 2 0.00 0.0 0 12.2 29 180 M M 3 41 190
2 81 57 69 9 0 4 0.00 0.0 0 9.7 21 40 M M 5 28 40
3 73 56 65 4 0 0 0.12 0.0 0 9.2 20 80 M M 6 18 25 70
4 60 51 56 -5 9 0 1.02 0.0 0 11.9 37 70 M M 7 13 49 70
5 71 46 59 -2 6 0 T 0.0 0 13.8 30 330 M M 4 1 42 310
6 62 42 52 -10 13 0 0.00 0.0 0 6.6 15 320 M M 5 21 330
7 63 37 50 -12 15 0 0.15 0.0 0 5.4 13 40 M M 7 18 17 30
8 59 44 52 -10 13 0 0.29 0.0 0 12.6 24 360 M M 3 1 31 10
9 63 34 49 -13 16 0 T 0.0 0 7.8 20 340 M M 5 27 350
10 60 41 51 -12 14 0 0.00 0.0 0 12.7 22 330 M M 3 32 320
11 54 37 46 -17 19 0 0.00 0.0 0 5.9 13 340 M M 8 21 330
12 55 42 49 -14 16 0 0.00 0.0 0 7.3 16 110 M M 10 21 120
13 63 49 56 -8 9 0 T 0.0 0 11.2 18 110 M M 10 1 24 130
14 82 63 73 9 0 8 0.04 0.0 0 12.0 25 190 M M 8 13 36 180
15 73 62 68 4 0 3 0.01 0.0 0 9.9 18 70 M M 9 1 26 70
16 74 62 68 4 0 3 0.09 0.0 0 6.8 15 130 M M 8 1 22 120
17 69 55 62 -3 3 0 0.00 0.0 0 12.6 22 310 M M 9 1 33 300
18 60 54 57 -8 8 0 0.00 0.0 0 10.5 18 330 M M 9 25 360
19 71 55 63 -2 2 0 0.00 0.0 0 8.1 16 70 M M 8 20 70
20 70 58 64 -2 1 0 T 0.0 0 7.5 18 110 M M 10 18 26 120
21 71 59 65 -1 0 0 0.00 0.0 0 11.2 20 110 M M 9 1 24 110
22 75 60 68 2 0 3 0.30 0.0 0 12.0 29 80 M M 7 1 40 80
23 84 57 71 4 0 6 0.00 0.0 0 8.3 15 220 M M 5 21 220
24 86 65 76 9 0 11 0.51 0.0 0 8.6 33 240 M M 6 138 45 240
25 81 67 74 7 0 9 0.38 0.0 0 8.9 20 150 M M 8 13 25 140
26 76 62 69 1 0 4 0.54 0.0 0 8.2 17 230 M M 9 13 23 240
27 76 61 69 1 0 4 0.02 0.0 0 3.9 9 360 M M 10 1 14 10
28 75 54 65 -3 0 0 0.25 0.0 0 7.7 24 360 M M 8 1 30 350
29 77 55 66 -2 0 1 0.00 0.0 0 7.4 21 360 M M 0 28 10
30 75 57 66 -3 0 1 T 0.0 0 7.2 14 40 M M 6 20 120
31 79 60 70 1 0 5 T 0.0 0 10.6 16 140 M M 6 22 140
================================================================================
SM 2199 1654 144 64 3.72 0.0 287.7 M 211
================================================================================
AV 70.9 53.4 9.3 FASTST M M 7 MAX(MPH)
MISC ----> 37 70 49 70
================================================================================
NOTES:
# LAST OF SEVERAL OCCURRENCES
COLUMN 17 PEAK WIND IN M.P.H.
PRELIMINARY LOCAL CLIMATOLOGICAL DATA (WS FORM: F-6) , PAGE 2
STATION: KANSAS CITY INTERNATIONAL MO
MONTH: MAY
YEAR: 2020
LATITUDE: 39 19 N
LONGITUDE: 94 43 W
[TEMPERATURE DATA] [PRECIPITATION DATA] SYMBOLS USED IN COLUMN 16
AVERAGE MONTHLY: 62.1 TOTAL FOR MONTH: 3.72 1 = FOG OR MIST
DPTR FM NORMAL: -2.4 DPTR FM NORMAL: -1.51 2 = FOG REDUCING VISIBILITY
HIGHEST: 86 ON 24 GRTST 24HR 1.02 ON 4- 4 TO 1/4 MILE OR LESS
LOWEST: 34 ON 9 3 = THUNDER
SNOW, ICE PELLETS, HAIL 4 = ICE PELLETS
TOTAL MONTH: 0.0 INCH 5 = HAIL
GRTST 24HR 0.0 6 = FREEZING RAIN OR DRIZZLE
GRTST DEPTH: 0 7 = DUSTSTORM OR SANDSTORM:
VSBY 1/2 MILE OR LESS
8 = SMOKE OR HAZE
[NO. OF DAYS WITH] [WEATHER - DAYS WITH] 9 = BLOWING SNOW
X = TORNADO
MAX 32 OR BELOW: 0 0.01 INCH OR MORE: 13
MAX 90 OR ABOVE: 0 0.10 INCH OR MORE: 9
MIN 32 OR BELOW: 0 0.50 INCH OR MORE: 3
MIN 0 OR BELOW: 0 1.00 INCH OR MORE: 1
[HDD (BASE 65) ]
TOTAL THIS MO. 144 CLEAR (SCALE 0-3) 2
DPTR FM NORMAL 40 PTCLDY (SCALE 4-7) 18
TOTAL FM JUL 1 4859 CLOUDY (SCALE 8-10) 11
DPTR FM NORMAL -265
[CDD (BASE 65) ]
TOTAL THIS MO. 64
DPTR FM NORMAL -24 [PRESSURE DATA]
TOTAL FM JAN 1 73 HIGHEST SLP 30.40 ON 11
DPTR FM NORMAL -43 LOWEST SLP 29.69 ON 26
[REMARKS]
#FINAL-05-20#