000
CXUS52 KFFC 011010
CF6MCN
PRELIMINARY LOCAL CLIMATOLOGICAL DATA (WS FORM: F-6)
STATION: MACON
MONTH: JUNE
YEAR: 2021
LATITUDE: 32 42 N
LONGITUDE: 83 39 W
TEMPERATURE IN F: :PCPN: SNOW: WIND :SUNSHINE: SKY :PK WND
================================================================================
1 2 3 4 5 6A 6B 7 8 9 10 11 12 13 14 15 16 17 18
12Z AVG MX 2MIN
DY MAX MIN AVG DEP HDD CDD WTR SNW DPTH SPD SPD DIR MIN PSBL S-S WX SPD DR
================================================================================
1 86 54 70 -7 0 5 0.00 0.0 M 3.9 14 40 M M 1 8 20 20
2 88 60 74 -3 0 9 0.00 0.0 M 2.6 13 360 M M 3 18 18 20
3 91 63 77 0 0 12 0.00 0.0 M 3.1 14 190 M M 2 8 19 180
4 93 67 80 2 0 15 T 0.0 M 3.3 16 190 M M 3 138 22 190
5 95 69 82 4 0 17 0.00 0.0 M 5.2 14 190 M M 3 8 19 190
6 95 70 83 5 0 18 0.20 0.0 M 4.6 22 200 M M 2 13 34 200
7 88 70 79 1 0 14 0.35 0.0 M 4.2 21 140 M M 4 13 32 140
8 91 71 81 3 0 16 0.10 0.0 M 3.4 20 210 M M 6 13 33 170
9 92 68 80 1 0 15 0.00 0.0 M 3.7 13 240 M M 5 12 19 160
10 93 69 81 2 0 16 0.00 0.0 M 5.1 18 270 M M 1 1 25 250
11 91 72 82 3 0 17 0.52 0.0 M 8.1 30 280 M M 4 138 42 280
12 93 70 82 3 0 17 0.53 0.0 M 8.1 22 70 M M 5 138 30 30
13 90 67 79 0 0 14 0.00 0.0 M 5.2 16 20 M M 3 12 21 20
14 94 67 81 2 0 16 T 0.0 M 2.0 16 290 M M 2 13 21 300
15 97 67 82 2 0 17 0.00 0.0 M 7.3 18 290 M M 1 1 26 290
16 91 62 77 -3 0 12 0.00 0.0 M 5.7 13 10 M M 2 17 20
17 94 62 78 -2 0 13 0.00 0.0 M 2.8 9 90 M M 1 16 60
18 94 64 79 -1 0 14 0.00 0.0 M 4.4 13 210 M M 2 1 20 210
19 79 70 75 -5 0 10 1.66 0.0 M 6.2 16 230 M M 6 1 24 220
20 86 73 80 0 0 15 0.35 0.0 M 11.1 21 260 M M 7 1 31 190
21 88 73 81 1 0 16 0.28 0.0 M 9.0 22 210 M M 6 13 35 230
22 84 67 76 -5 0 11 0.03 0.0 M 6.7 15 250 M M 7 22 250
23 89 61 75 -6 0 10 T 0.0 M 2.4 9 70 M M 1 12 14 50
24 87 68 78 -3 0 13 0.00 0.0 M 7.7 16 110 M M 6 22 120
25 87 63 75 -6 0 10 0.00 0.0 M 5.0 14 80 M M 1 1 19 70
26 92 66 79 -2 0 14 0.17 0.0 M 4.0 18 120 M M 3 1 28 110
27 92 72 82 1 0 17 T 0.0 M 5.9 22 110 M M 4 18 29 110
28 90 68 79 -2 0 14 0.24 0.0 M 4.3 17 30 M M 3 13 23 30
29 91 72 82 1 0 17 T 0.0 M 5.0 16 190 M M 6 3 23 170
30 89 70 80 -2 0 15 T 0.0 M 3.4 25 110 M M 4 13 36 110
================================================================================
SM 2710 2015 0 419 4.43 0.0 153.4 M 104
================================================================================
AV 90.3 67.2 5.1 FASTST M M 3 MAX(MPH)
MISC ----> 30 280 42 280
================================================================================
NOTES:
# LAST OF SEVERAL OCCURRENCES
COLUMN 17 PEAK WIND IN M.P.H.
PRELIMINARY LOCAL CLIMATOLOGICAL DATA (WS FORM: F-6) , PAGE 2
STATION: MACON
MONTH: JUNE
YEAR: 2021
LATITUDE: 32 42 N
LONGITUDE: 83 39 W
[TEMPERATURE DATA] [PRECIPITATION DATA] SYMBOLS USED IN COLUMN 16
AVERAGE MONTHLY: 78.8 TOTAL FOR MONTH: 4.43 1 = FOG OR MIST
DPTR FM NORMAL: -0.7 DPTR FM NORMAL: -0.01 2 = FOG REDUCING VISIBILITY
HIGHEST: 97 ON 15 GRTST 24HR 1.96 ON 19-20 TO 1/4 MILE OR LESS
LOWEST: 54 ON 1 3 = THUNDER
SNOW, ICE PELLETS, HAIL 4 = ICE PELLETS
TOTAL MONTH: 0.0 INCH 5 = HAIL
GRTST 24HR 0.0 6 = FREEZING RAIN OR DRIZZLE
GRTST DEPTH: M ON M 7 = DUSTSTORM OR SANDSTORM:
VSBY 1/2 MILE OR LESS
8 = SMOKE OR HAZE
[NO. OF DAYS WITH] [WEATHER - DAYS WITH] 9 = BLOWING SNOW
X = TORNADO
MAX 32 OR BELOW: 0 0.01 INCH OR MORE: 11
MAX 90 OR ABOVE: 19 0.10 INCH OR MORE: 10
MIN 32 OR BELOW: 0 0.50 INCH OR MORE: 3
MIN 0 OR BELOW: 0 1.00 INCH OR MORE: 1
[HDD (BASE 65) ]
TOTAL THIS MO. 0 CLEAR (SCALE 0-3) 16
DPTR FM NORMAL 0 PTCLDY (SCALE 4-7) 14
TOTAL FM JUL 1 1943 CLOUDY (SCALE 8-10) 0
DPTR FM NORMAL -203
[CDD (BASE 65) ]
TOTAL THIS MO. 419
DPTR FM NORMAL -16 [PRESSURE DATA]
TOTAL FM JAN 1 715 HIGHEST SLP 30.27 ON 1
DPTR FM NORMAL -85 LOWEST SLP 29.70 ON 12
[REMARKS]
#FINAL-06-21#