000
CXUS52 KMLB 190656
CF6MCO
PRELIMINARY LOCAL CLIMATOLOGICAL DATA (WS FORM: F-6)

                                          STATION:   ORLANDO INTL
                                          MONTH:     SEPTEMBER
                                          YEAR:      2017
                                          LATITUDE:   28 25 N
                                          LONGITUDE:  81 19 W

  TEMPERATURE IN F:       :PCPN:    SNOW:  WIND      :SUNSHINE: SKY     :PK WND
================================================================================
1   2   3   4   5  6A  6B    7    8   9   10  11  12  13   14  15   16   17  18
                                     12Z  AVG MX 2MIN
DY MAX MIN AVG DEP HDD CDD  WTR  SNW DPTH SPD SPD DIR MIN PSBL S-S WX    SPD DR
================================================================================

 1  94  73  84   2   0  19 0.41  0.0    0  7.1 21 300   M    M   6 13     27 210
 2  89  72  81  -1   0  16 0.03  0.0    0  3.9 17 110   M    M   8 3      22 100
 3  86  74  80  -2   0  15 0.58  0.0    0  3.5 14 300   M    M   8 1      16 310
 4  91  74  83   1   0  18    T  0.0    0  3.2 17 120   M    M   7 38     19 120
 5  90  74  82   0   0  17 0.61  0.0    0  2.6 23 100   M    M   8 13     32 130
 6  85  74  80  -2   0  15 1.30  0.0    0  2.7 18 340   M    M   7 13     22 340
 7  92  74  83   1   0  18 0.00  0.0    0  6.4 20  70   M    M   5 13     23  70
 8  89  76  83   1   0  18 0.53  0.0    0 10.4 21  20   M    M   9 13     26  30
 9  84  76  80  -2   0  15    T  0.0    0 15.5 28  70   M    M   8        35  50
10  79  72  76  -6   0  11 6.61  0.0    0 22.9 58  60   M    M  10 1      79  50
11  84  72  78  -4   0  13 0.61  0.0    0 25.3 59 110   M    M   8 1      78 110
12  88  71  80  -2   0  15 0.00  0.0    0  8.1 17 240   M    M   4        22 240
13  89  70  80  -2   0  15 0.00  0.0    0  4.6 13 120   M    M   3        16 120
14  92  71  82   1   0  17 2.54  0.0    0  3.8 22 360   M    M   6 13     28 340
15  91  73  82   1   0  17 0.01  0.0    0  5.9 20  80   M    M   5 1      26  80
16  90  75  83   2   0  18 0.00  0.0    0  9.2 18  30   M    M   5        22  30
17  89  74  82   1   0  17 0.00  0.0    0  9.1 18  30   M    M   3        25  20
18  86  73  80  -1   0  15 0.02  0.0    0 10.1 22 360   M    M   6        26 350
================================================================================
SM 1588 1318         0 289 13.25     0.0 154.3          M      116
================================================================================
AV 88.2 73.2                               8.6 FASTST   M    M   6    MAX(MPH)
                                 MISC ---->  # 59 110               # 79   50
================================================================================
NOTES:
# LAST OF SEVERAL OCCURRENCES

COLUMN 17 PEAK WIND IN M.P.H.

PRELIMINARY LOCAL CLIMATOLOGICAL DATA (WS FORM: F-6) , PAGE 2

                                          STATION:  ORLANDO INTL
                                          MONTH:    SEPTEMBER
                                          YEAR:     2017
                                          LATITUDE:   28 25 N
                                          LONGITUDE:  81 19 W

[TEMPERATURE DATA]      [PRECIPITATION DATA]       SYMBOLS USED IN COLUMN 16

AVERAGE MONTHLY: 80.7   TOTAL FOR MONTH:  13.25    1 = FOG OR MIST
DPTR FM NORMAL:  -1.0   DPTR FM NORMAL:    9.44    2 = FOG REDUCING VISIBILITY
HIGHEST:    94 ON  1    GRTST 24HR  6.61 ON 10-10      TO 1/4 MILE OR LESS
LOWEST:     70 ON 13                               3 = THUNDER
                        SNOW, ICE PELLETS, HAIL    4 = ICE PELLETS
                        TOTAL MONTH:   0.0 INCH    5 = HAIL
                        GRTST 24HR     0.0         6 = FREEZING RAIN OR DRIZZLE
                        GRTST DEPTH:   0           7 = DUSTSTORM OR SANDSTORM:
                                                       VSBY 1/2 MILE OR LESS
                                                   8 = SMOKE OR HAZE
[NO. OF DAYS WITH]      [WEATHER - DAYS WITH]      9 = BLOWING SNOW
                                                   X = TORNADO
MAX 32 OR BELOW:   0    0.01 INCH OR MORE:  11
MAX 90 OR ABOVE:   7    0.10 INCH OR MORE:   8
MIN 32 OR BELOW:   0    0.50 INCH OR MORE:   7
MIN  0 OR BELOW:   0    1.00 INCH OR MORE:   3

[HDD (BASE 65) ]
TOTAL THIS MO.     0    CLEAR  (SCALE 0-3)   2
DPTR FM NORMAL     0    PTCLDY (SCALE 4-7)  11
TOTAL FM JUL 1     0    CLOUDY (SCALE 8-10)  5
DPTR FM NORMAL     0

[CDD (BASE 65) ]
TOTAL THIS MO.   289
DPTR FM NORMAL   -12    [PRESSURE DATA]
TOTAL FM JAN 1  2887    HIGHEST SLP 29.77 ON 12
DPTR FM NORMAL   193    LOWEST  SLP 29.08 ON 11

[REMARKS]
