000
CXUS52 KMLB 231519
CF6MCO
PRELIMINARY LOCAL CLIMATOLOGICAL DATA (WS FORM: F-6)

                                          STATION:   ORLANDO INTL
                                          MONTH:     MAY
                                          YEAR:      2015
                                          LATITUDE:   28 25 N
                                          LONGITUDE:  81 19 W

  TEMPERATURE IN F:       :PCPN:    SNOW:  WIND      :SUNSHINE: SKY     :PK WND
================================================================================
1   2   3   4   5  6A  6B    7    8   9   10  11  12  13   14  15   16   17  18
                                     12Z  AVG MX 2MIN
DY MAX MIN AVG DEP HDD CDD  WTR  SNW DPTH SPD SPD DIR MIN PSBL S-S WX    SPD DR
================================================================================

 1  84  61  73  -1   0   8 0.00  0.0    0  9.1 18 320   M    M   4        26 310
 2  82  60  71  -3   0   6 0.00  0.0    0  9.2 16  70   M    M   2        21  60
 3  83  61  72  -3   0   7 0.00  0.0    0  7.8 18 110   M    M   3        24 100
 4  83  65  74  -1   0   9    T  0.0    0 11.7 23  60   M    M   7        33  80
 5  82  68  75   0   0  10 0.07  0.0    0 11.9 21  60   M    M   9 1      27  40
 6  84  70  77   2   0  12    T  0.0    0  8.2 22  40   M    M   8 3      26  40
 7  87  66  77   2   0  12 0.00  0.0    0  7.5 18 310   M    M   2        25 320
 8  89  62  76   0   0  11 0.00  0.0    0  5.2 16 320   M    M   3        25 310
 9  92  67  80   4   0  15 0.00  0.0    0  4.2 12 160   M    M   3        15 150
10  93  68  81   5   0  16 0.00  0.0    0  6.9 18 120   M    M   3        23 120
11  92  71  82   6   0  17 0.00  0.0    0  7.5 17 100   M    M   4        23 110
12  92  71  82   6   0  17 0.00  0.0    0  6.8 23 160   M    M   4 3      27 160
13  93  71  82   5   0  17 0.00  0.0    0  5.6 16 110   M    M   5 1      21  70
14  92  72  82   5   0  17 0.00  0.0    0  7.7 21  70   M    M   4 1      25  70
15  86  72  79   2   0  14 0.39  0.0    0  9.2 25  50   M    M   5 1      31  50
16  89  70  80   3   0  15 0.00  0.0    0  9.0 20  60   M    M   4        24  50
17  88  73  81   3   0  16 0.00  0.0    0  9.1 21 110   M    M   5        25 110
18  89  69  79   1   0  14 0.00  0.0    0  5.8 15  80   M    M   2 1      20  70
19  93  69  81   3   0  16    T  0.0    0  4.3 13 100   M    M   4 3      18  10
20  95  71  83   5   0  18 0.16  0.0    0  5.6 25 280   M    M   4 3      31 270
21  93  71  82   4   0  17 0.16  0.0    0  6.9 24 300   M    M   4 38     32 290
22  95  74  85   7   0  20 0.00  0.0    0  6.6 21  60   M    M   4 1      25  50
================================================================================
SM 1956 1502         0 304  0.78     0.0 165.8          M       93
================================================================================
AV 88.9 68.3                               7.5 FASTST   M    M   4    MAX(MPH)
                                 MISC ---->  # 25  50               # 33   80
================================================================================
NOTES:
# LAST OF SEVERAL OCCURRENCES

COLUMN 17 PEAK WIND IN M.P.H.

PRELIMINARY LOCAL CLIMATOLOGICAL DATA (WS FORM: F-6) , PAGE 2

                                          STATION:  ORLANDO INTL
                                          MONTH:    MAY
                                          YEAR:     2015
                                          LATITUDE:   28 25 N
                                          LONGITUDE:  81 19 W

[TEMPERATURE DATA]      [PRECIPITATION DATA]       SYMBOLS USED IN COLUMN 16

AVERAGE MONTHLY: 78.6   TOTAL FOR MONTH:   0.78    1 = FOG OR MIST
DPTR FM NORMAL:   2.3   DPTR FM NORMAL:   -1.19    2 = FOG REDUCING VISIBILITY
HIGHEST:    95 ON 22,20 GRTST 24HR  0.39 ON 14-15      TO 1/4 MILE OR LESS
LOWEST:     60 ON  2                               3 = THUNDER
                        SNOW, ICE PELLETS, HAIL    4 = ICE PELLETS
                        TOTAL MONTH:   0.0 INCH    5 = HAIL
                        GRTST 24HR     0.0         6 = FREEZING RAIN OR DRIZZLE
                        GRTST DEPTH:   0           7 = DUSTSTORM OR SANDSTORM:
                                                       VSBY 1/2 MILE OR LESS
                                                   8 = SMOKE OR HAZE
[NO. OF DAYS WITH]      [WEATHER - DAYS WITH]      9 = BLOWING SNOW
                                                   X = TORNADO
MAX 32 OR BELOW:   0    0.01 INCH OR MORE:   4
MAX 90 OR ABOVE:  10    0.10 INCH OR MORE:   3
MIN 32 OR BELOW:   0    0.50 INCH OR MORE:   0
MIN  0 OR BELOW:   0    1.00 INCH OR MORE:   0

[HDD (BASE 65) ]
TOTAL THIS MO.     0    CLEAR  (SCALE 0-3)   5
DPTR FM NORMAL     0    PTCLDY (SCALE 4-7)  16
TOTAL FM JUL 1   486    CLOUDY (SCALE 8-10)  1
DPTR FM NORMAL   -84

[CDD (BASE 65) ]
TOTAL THIS MO.   304
DPTR FM NORMAL    53    [PRESSURE DATA]
TOTAL FM JAN 1  1030    HIGHEST SLP M ON M
DPTR FM NORMAL   358    LOWEST  SLP 29.86 ON  1

[REMARKS]
