000
CXUS52 KMLB 011258
CF6MCO
PRELIMINARY LOCAL CLIMATOLOGICAL DATA (WS FORM: F-6)

                                          STATION:   ORLANDO INTL
                                          MONTH:     JUNE
                                          YEAR:      2015
                                          LATITUDE:   28 25 N
                                          LONGITUDE:  81 19 W

  TEMPERATURE IN F:       :PCPN:    SNOW:  WIND      :SUNSHINE: SKY     :PK WND
================================================================================
1   2   3   4   5  6A  6B    7    8   9   10  11  12  13   14  15   16   17  18
                                     12Z  AVG MX 2MIN
DY MAX MIN AVG DEP HDD CDD  WTR  SNW DPTH SPD SPD DIR MIN PSBL S-S WX    SPD DR
================================================================================

 1  92  71  82   2   0  17 0.21  0.0    0  6.5 23  30   M    M   7 13     27 120
 2  83  70  77  -3   0  12 0.21  0.0    0  4.5 22 100   M    M   9 13     26 100
 3  88  70  79  -1   0  14    T  0.0    0  6.9 15 100   M    M   6        22 110
 4  92  69  81   1   0  16 0.00  0.0    0  5.6 16  70   M    M   4        20  50
 5  93  70  82   1   0  17 0.41  0.0    0  4.7 32 330   M    M   7 13     42 330
 6  91  69  80  -1   0  15    T  0.0    0  5.1 28  40   M    M   9 3      32  40
 7  90  71  81   0   0  16 0.00  0.0    0  6.4 18  80   M    M   3        24  80
 8  91  71  81   0   0  16    T  0.0    0  7.0 22  80   M    M   4 3      26  70
 9  93  70  82   1   0  17 0.61  0.0    0  7.1 22 100   M    M   5 13     25 120
10  89  69  79  -2   0  14 0.32  0.0    0  5.6 35 320   M    M   7 13     43 300
11  89  71  80  -1   0  15 0.00  0.0    0  6.5 20 150   M    M   8        24 150
12  91  72  82   1   0  17 0.02  0.0    0  5.5 22 150   M    M   8 3      28 150
13  93  77  85   4   0  20 0.00  0.0    0  7.8 16 110   M    M   7        20 100
14  94  74  84   3   0  19 0.00  0.0    0  7.6 16 120   M    M   3        22 100
15  94  74  84   3   0  19 0.00  0.0    0  6.5 16 100   M    M   2 1      23 100
16  96  76  86   4   0  21 0.00  0.0    0  5.9 15 100   M    M   2        19 110
17  96  74  85   3   0  20 0.00  0.0    0  5.8 17 100   M    M   3        20 110
18  97  76  87   5   0  22    T  0.0    0  5.5 23 280   M    M   3 3      30 270
19 100  73  87   5   0  22 1.47  0.0    0  3.6 20  70   M    M   5 13     24  60
20  95  74  85   3   0  20 0.03  0.0    0  4.1 20 110   M    M   5 13     26 100
21  96  74  85   3   0  20 0.00  0.0    0  4.6 10 160   M    M   3 3      13 160
22  96  78  87   5   0  22 0.00  0.0    0  5.2 12 120   M    M   7        16 170
23  96  75  86   4   0  21    T  0.0    0  6.3 21 110   M    M   7 3      25 100
24  95  75  85   3   0  20    T  0.0    0  5.1 16 290   M    M   7 3      21 290
25  94  72  83   1   0  18 2.54  0.0    0  5.2 38 210   M    M   8 123    41 210
26  95  74  85   3   0  20    T  0.0    0  5.0 20 150   M    M   7        24 150
27  93  75  84   2   0  19 0.87  0.0    0  6.1 33 240   M    M   6 138    45 250
28  93  75  84   2   0  19 0.05  0.0    0  7.9 22 200   M    M   4        26 210
29  91  75  83   1   0  18 0.05  0.0    0  7.9 24 310   M    M   6 13     30 320
30  95  75  85   3   0  20 0.00  0.0    0  8.8 17 270   M    M   7        22 260
================================================================================
SM 2791 2189         0 546  6.79     0.0 180.3          M      169
================================================================================
AV 93.0 73.0                               6.0 FASTST   M    M   6    MAX(MPH)
                                 MISC ---->  # 38 210               # 45  250
================================================================================
NOTES:
# LAST OF SEVERAL OCCURRENCES

COLUMN 17 PEAK WIND IN M.P.H.

PRELIMINARY LOCAL CLIMATOLOGICAL DATA (WS FORM: F-6) , PAGE 2

                                          STATION:  ORLANDO INTL
                                          MONTH:    JUNE
                                          YEAR:     2015
                                          LATITUDE:   28 25 N
                                          LONGITUDE:  81 19 W

[TEMPERATURE DATA]      [PRECIPITATION DATA]       SYMBOLS USED IN COLUMN 16

AVERAGE MONTHLY: 83.0   TOTAL FOR MONTH:   6.79    1 = FOG OR MIST
DPTR FM NORMAL:   1.6   DPTR FM NORMAL:   -0.79    2 = FOG REDUCING VISIBILITY
HIGHEST:   100 ON 19    GRTST 24HR  2.54 ON 25-25      TO 1/4 MILE OR LESS
LOWEST:     69 ON 10, 6                            3 = THUNDER
                        SNOW, ICE PELLETS, HAIL    4 = ICE PELLETS
                        TOTAL MONTH:   0.0 INCH    5 = HAIL
                        GRTST 24HR     0.0         6 = FREEZING RAIN OR DRIZZLE
                        GRTST DEPTH:   0           7 = DUSTSTORM OR SANDSTORM:
                                                       VSBY 1/2 MILE OR LESS
                                                   8 = SMOKE OR HAZE
[NO. OF DAYS WITH]      [WEATHER - DAYS WITH]      9 = BLOWING SNOW
                                                   X = TORNADO
MAX 32 OR BELOW:   0    0.01 INCH OR MORE:  12
MAX 90 OR ABOVE:  26    0.10 INCH OR MORE:   8
MIN 32 OR BELOW:   0    0.50 INCH OR MORE:   4
MIN  0 OR BELOW:   0    1.00 INCH OR MORE:   2

[HDD (BASE 65) ]
TOTAL THIS MO.     0    CLEAR  (SCALE 0-3)   5
DPTR FM NORMAL     0    PTCLDY (SCALE 4-7)  22
TOTAL FM JUL 1   486    CLOUDY (SCALE 8-10)  3
DPTR FM NORMAL   -85

[CDD (BASE 65) ]
TOTAL THIS MO.   546
DPTR FM NORMAL    56    [PRESSURE DATA]
TOTAL FM JAN 1  1726    HIGHEST SLP 30.17 ON 25
DPTR FM NORMAL   435    LOWEST  SLP 29.88 ON  6

[REMARKS]
#FINAL-06-15#
