000
CXUS52 KMLB 311127
CF6MCO
PRELIMINARY LOCAL CLIMATOLOGICAL DATA (WS FORM: F-6)

                                          STATION:   ORLANDO INTL
                                          MONTH:     OCTOBER
                                          YEAR:      2014
                                          LATITUDE:   28 25 N
                                          LONGITUDE:  81 19 W

  TEMPERATURE IN F:       :PCPN:    SNOW:  WIND      :SUNSHINE: SKY     :PK WND
================================================================================
1   2   3   4   5  6A  6B    7    8   9   10  11  12  13   14  15   16   17  18
                                     12Z  AVG MX 2MIN
DY MAX MIN AVG DEP HDD CDD  WTR  SNW DPTH SPD SPD DIR MIN PSBL S-S WX    SPD DR
================================================================================

 1  83  74  79   0   0  14 0.57  0.0    0  4.7 15  30   M    M   7 13     18  50
 2  91  74  83   4   0  18    T  0.0    0  5.7 17  40   M    M   3        23  70
 3  91  73  82   3   0  17 0.01  0.0    0  3.7 16 280   M    M   5 1      21 240
 4  87  68  78   0   0  13 0.00  0.0    0  8.5 18 280   M    M   6        33 310
 5  79  60  70  -8   0   5 0.00  0.0    0  8.6 16 340   M    M   1        20 360
 6  83  60  72  -6   0   7 0.00  0.0    0  6.1 13  70   M    M   5        26  90
 7  86  68  77  -1   0  12 0.00  0.0    0  3.9 16 170   M    M   8 3      21 170
 8  89  71  80   2   0  15    T  0.0    0  3.4 14  70   M    M   6        17  60
 9  88  71  80   3   0  15 0.00  0.0    0  7.0 16  60   M    M   3 1      21  70
10  90  72  81   4   0  16 0.00  0.0    0  7.6 17  50   M    M   2 1      20  60
11  91  69  80   3   0  15 0.00  0.0    0  4.3 15  70   M    M   2        18  70
12  89  68  79   3   0  14 0.00  0.0    0  5.9 18 100   M    M   2        25 110
13  89  69  79   3   0  14 0.00  0.0    0  8.6 17 120   M    M   4 1      22 110
14  89  73  81   5   0  16 0.10  0.0    0  8.5 21 160   M    M   7 13     26 160
15  83  66  75  -1   0  10 0.01  0.0    0  7.2 14 300   M    M   5        17 300
16  82  57  70  -6   0   5 0.00  0.0    0  5.9 16 290   M    M   1 1      23 290
17  83  59  71  -4   0   6 0.00  0.0    0  5.5 10 350   M    M   1        14 360
18  83  58  71  -4   0   6 0.00  0.0    0  4.3 12 270   M    M   2        15 290
19  85  59  72  -3   0   7 0.00  0.0    0  6.5 15  40   M    M   4 18     24  70
20  86  62  74   0   0   9 0.00  0.0    0  4.6 12 170   M    M   5 1      22 360
21  84  68  76   2   0  11 0.00  0.0    0  2.5  9  30   M    M   9        12 180
22  86  66  76   2   0  11 0.00  0.0    0  7.4 17  30   M    M   6 12     22  30
23  82  61  72  -2   0   7 0.00  0.0    0  9.7 17  50   M    M   3        20  50
24  82  61  72  -2   0   7 0.00  0.0    0  9.8 18  60   M    M   3        23  60
25  81  63  72  -1   0   7 0.00  0.0    0  8.3 13 320   M    M   2        22 350
26  84  56  70  -3   0   5 0.00  0.0    0  3.5 12 360   M    M   0 1      19  20
27  86  55  71  -2   0   6 0.00  0.0    0  4.9 14 110   M    M   0 1      18 110
28  87  60  74   1   0   9 0.00  0.0    0  3.5 13 170   M    M   2 1      17 200
29  87  60  74   2   0   9 0.00  0.0    0  2.1  9  80   M    M   2 1      13 170
30  84  63  74   2   0   9 0.00  0.0    0  2.3 10 360   M    M   5 1      13 360
================================================================================
SM 2570 1944         0 315  0.69     0.0 174.5          M      111
================================================================================
AV 85.7 64.8                               5.8 FASTST   M    M   4    MAX(MPH)
                                 MISC ---->  # 21 160               # 33  310
================================================================================
NOTES:
# LAST OF SEVERAL OCCURRENCES

COLUMN 17 PEAK WIND IN M.P.H.

PRELIMINARY LOCAL CLIMATOLOGICAL DATA (WS FORM: F-6) , PAGE 2

                                          STATION:  ORLANDO INTL
                                          MONTH:    OCTOBER
                                          YEAR:     2014
                                          LATITUDE:   28 25 N
                                          LONGITUDE:  81 19 W

[TEMPERATURE DATA]      [PRECIPITATION DATA]       SYMBOLS USED IN COLUMN 16

AVERAGE MONTHLY: 75.2   TOTAL FOR MONTH:   0.69    1 = FOG OR MIST
DPTR FM NORMAL:  -0.4   DPTR FM NORMAL:   -2.55    2 = FOG REDUCING VISIBILITY
HIGHEST:    91 ON 11, 3 GRTST 24HR  0.58 ON 30- 1      TO 1/4 MILE OR LESS
LOWEST:     55 ON 27                               3 = THUNDER
                        SNOW, ICE PELLETS, HAIL    4 = ICE PELLETS
                        TOTAL MONTH:   0.0 INCH    5 = HAIL
                        GRTST 24HR     0.0         6 = FREEZING RAIN OR DRIZZLE
                        GRTST DEPTH:   0           7 = DUSTSTORM OR SANDSTORM:
                                                       VSBY 1/2 MILE OR LESS
                                                   8 = SMOKE OR HAZE
[NO. OF DAYS WITH]      [WEATHER - DAYS WITH]      9 = BLOWING SNOW
                                                   X = TORNADO
MAX 32 OR BELOW:   0    0.01 INCH OR MORE:   4
MAX 90 OR ABOVE:   4    0.10 INCH OR MORE:   2
MIN 32 OR BELOW:   0    0.50 INCH OR MORE:   1
MIN  0 OR BELOW:   0    1.00 INCH OR MORE:   0

[HDD (BASE 65) ]
TOTAL THIS MO.     0    CLEAR  (SCALE 0-3)  15
DPTR FM NORMAL     0    PTCLDY (SCALE 4-7)  13
TOTAL FM JUL 1     0    CLOUDY (SCALE 8-10)  2
DPTR FM NORMAL     0

[CDD (BASE 65) ]
TOTAL THIS MO.   315
DPTR FM NORMAL    -9    [PRESSURE DATA]
TOTAL FM JAN 1  3390    HIGHEST SLP M ON M
DPTR FM NORMAL   190    LOWEST  SLP 29.82 ON  4

[REMARKS]
