000
CXUS52 KMLB 270644
CF6MCO
PRELIMINARY LOCAL CLIMATOLOGICAL DATA (WS FORM: F-6)

                                          STATION:   ORLANDO INTL
                                          MONTH:     JULY
                                          YEAR:      2017
                                          LATITUDE:   28 25 N
                                          LONGITUDE:  81 19 W

  TEMPERATURE IN F:       :PCPN:    SNOW:  WIND      :SUNSHINE: SKY     :PK WND
================================================================================
1   2   3   4   5  6A  6B    7    8   9   10  11  12  13   14  15   16   17  18
                                     12Z  AVG MX 2MIN
DY MAX MIN AVG DEP HDD CDD  WTR  SNW DPTH SPD SPD DIR MIN PSBL S-S WX    SPD DR
================================================================================

 1  89  71  80  -2   0  15 0.28  0.0    0  5.8 23 260   M    M   7 13     32  10
 2  92  71  82   0   0  17 0.01  0.0    0  3.5 13 160   M    M   7 3      16 150
 3  94  74  84   2   0  19    T  0.0    0  6.1 30 330   M    M   5 3      37 330
 4  93  72  83   1   0  18 0.79  0.0    0  4.6 39  30   M    M   3 13     51  20
 5  94  74  84   2   0  19 0.00  0.0    0  4.9 16 110   M    M   3 1      20 120
 6  95  74  85   3   0  20 0.00  0.0    0  5.6 16 110   M    M   4 3      21 110
 7  94  74  84   2   0  19    T  0.0    0  4.1 17 190   M    M   5 13X    21 190
 8  92  73  83   1   0  18 0.94  0.0    0  4.0 28 310   M    M   5 13     39 320
 9  92  72  82   0   0  17    T  0.0    0  4.4 21 150   M    M   6 1      26 150
10  93  74  84   2   0  19 0.30  0.0    0  6.0 18 160   M    M   5 13     23 160
11  93  74  84   1   0  19 0.00  0.0    0  5.2 21  80   M    M   5 3      30  60
12  91  71  81  -2   0  16 0.62  0.0    0  7.4 21  50   M    M   7 13     25  50
13  92  74  83   0   0  18    T  0.0    0  8.8 17 110   M    M   6        23 100
14  90  76  83   0   0  18 0.07  0.0    0  7.7 17 120   M    M   7 13     25  70
15  93  74  84   1   0  19 0.00  0.0    0  5.8 16 110   M    M   4 1      23 100
16  94  73  84   1   0  19 0.00  0.0    0  4.9 16 100   M    M   4 3      24 100
17  94  70  82  -1   0  17 3.09  0.0    0  5.3 23 220   M    M   5 3      29 220
18  93  72  83   0   0  18 0.73  0.0    0  5.2 26 290   M    M   7 13     31  20
19  91  73  82  -1   0  17 0.06  0.0    0  4.1 21 110   M    M   7 13     26 100
20  91  71  81  -2   0  16 1.64  0.0    0  3.7 29 150   M    M   6 13     39 160
21  89  72  81  -2   0  16 0.07  0.0    0  4.1 22 210   M    M   6 3      26 210
22  90  72  81  -2   0  16 0.37  0.0    0  5.4 31 270   M    M   7 13     37 270
23  86  73  80  -3   0  15    T  0.0    0  5.2 16 270   M    M   9 3      21 260
24  89  75  82  -1   0  17    T  0.0    0  5.3 14 200   M    M  10 3      17 200
25  94  74  84   1   0  19 0.00  0.0    0  3.7  9 120   M    M   5 1      13 290
26  93  77  85   2   0  20    T  0.0    0  3.6 15 110   M    M   6 3      21 110
================================================================================
SM 2391 1900         0 461  8.97     0.0 134.4          M      151
================================================================================
AV 92.0 73.1                               5.2 FASTST   M    M   6    MAX(MPH)
                                 MISC ---->  # 39  30               # 51   20
================================================================================
NOTES:
# LAST OF SEVERAL OCCURRENCES

COLUMN 17 PEAK WIND IN M.P.H.

PRELIMINARY LOCAL CLIMATOLOGICAL DATA (WS FORM: F-6) , PAGE 2

                                          STATION:  ORLANDO INTL
                                          MONTH:    JULY
                                          YEAR:     2017
                                          LATITUDE:   28 25 N
                                          LONGITUDE:  81 19 W

[TEMPERATURE DATA]      [PRECIPITATION DATA]       SYMBOLS USED IN COLUMN 16

AVERAGE MONTHLY: 82.5   TOTAL FOR MONTH:   8.97    1 = FOG OR MIST
DPTR FM NORMAL:  -0.1   DPTR FM NORMAL:    2.89    2 = FOG REDUCING VISIBILITY
HIGHEST:    95 ON  6    GRTST 24HR  3.09 ON 17-17      TO 1/4 MILE OR LESS
LOWEST:     70 ON 17                               3 = THUNDER
                        SNOW, ICE PELLETS, HAIL    4 = ICE PELLETS
                        TOTAL MONTH:   0.0 INCH    5 = HAIL
                        GRTST 24HR     0.0         6 = FREEZING RAIN OR DRIZZLE
                        GRTST DEPTH:   0           7 = DUSTSTORM OR SANDSTORM:
                                                       VSBY 1/2 MILE OR LESS
                                                   8 = SMOKE OR HAZE
[NO. OF DAYS WITH]      [WEATHER - DAYS WITH]      9 = BLOWING SNOW
                                                   X = TORNADO
MAX 32 OR BELOW:   0    0.01 INCH OR MORE:  13
MAX 90 OR ABOVE:  22    0.10 INCH OR MORE:   9
MIN 32 OR BELOW:   0    0.50 INCH OR MORE:   6
MIN  0 OR BELOW:   0    1.00 INCH OR MORE:   2

[HDD (BASE 65) ]
TOTAL THIS MO.     0    CLEAR  (SCALE 0-3)   2
DPTR FM NORMAL     0    PTCLDY (SCALE 4-7)  22
TOTAL FM JUL 1     0    CLOUDY (SCALE 8-10)  2
DPTR FM NORMAL     0

[CDD (BASE 65) ]
TOTAL THIS MO.   461
DPTR FM NORMAL     1    [PRESSURE DATA]
TOTAL FM JAN 1  1946    HIGHEST SLP M ON M
DPTR FM NORMAL   195    LOWEST  SLP 29.94 ON 16

[REMARKS]
