000
CXUS52 KMLB 010634
CF6MCO
PRELIMINARY LOCAL CLIMATOLOGICAL DATA (WS FORM: F-6)
STATION: ORLANDO INTL
MONTH: MAY
YEAR: 2023
LATITUDE: 28 25 N
LONGITUDE: 81 19 W
TEMPERATURE IN F: :PCPN: SNOW: WIND :SUNSHINE: SKY :PK WND
================================================================================
1 2 3 4 5 6A 6B 7 8 9 10 11 12 13 14 15 16 17 18
12Z AVG MX 2MIN
DY MAX MIN AVG DEP HDD CDD WTR SNW DPTH SPD SPD DIR MIN PSBL S-S WX SPD DR
================================================================================
1 86 61 74 -1 0 9 0.00 0.0 0 10.1 23 260 M M 1 33 260
2 88 64 76 1 0 11 0.00 0.0 0 11.5 22 250 M M 1 30 270
3 86 67 77 2 0 12 0.00 0.0 0 11.5 22 260 M M 3 29 300
4 87 61 74 -1 0 9 0.00 0.0 0 5.2 14 90 M M 2 19 300
5 87 64 76 0 0 11 0.00 0.0 0 8.3 18 90 M M 7 27 100
6 83 69 76 0 0 11 0.00 0.0 0 9.1 24 60 M M 6 32 40
7 84 66 75 -1 0 10 0.00 0.0 0 11.2 20 100 M M 3 31 120
8 86 62 74 -2 0 9 0.00 0.0 0 6.6 14 100 M M 2 24 130
9 89 65 77 1 0 12 0.00 0.0 0 3.7 13 120 M M 5 24 130
10 93 68 81 5 0 16 0.00 0.0 0 5.2 18 40 M M 3 25 60
11 92 73 83 6 0 18 T 0.0 0 7.6 18 100 M M 6 123 25 90
12 91 70 81 4 0 16 0.00 0.0 0 8.1 20 100 M M 3 26 100
13 88 69 79 2 0 14 0.01 0.0 0 6.8 17 100 M M 3 23 110
14 90 68 79 2 0 14 0.00 0.0 0 6.9 17 100 M M 4 23 100
15 91 66 79 2 0 14 0.00 0.0 0 6.7 17 50 M M 2 24 60
16 91 69 80 3 0 15 0.00 0.0 0 5.1 14 110 M M 3 19 110
17 93 72 83 5 0 18 T 0.0 0 7.4 22 310 M M 5 3 29 310
18 94 68 81 3 0 16 3.90 0.0 0 5.8 26 130 M M 4 123 45 360
19 91 69 80 2 0 15 T 0.0 0 6.0 24 20 M M 4 13 31 360
20 92 74 83 5 0 18 T 0.0 0 7.7 22 70 M M 7 28 60
21 92 73 83 5 0 18 0.35 0.0 0 5.5 25 330 M M 6 13 35 330
22 89 72 81 3 0 16 1.40 0.0 0 6.9 28 50 M M 7 13 33 50
23 89 71 80 2 0 15 0.68 0.0 0 6.7 22 70 M M 7 13 28 80
24 84 72 78 -1 0 13 0.02 0.0 0 8.6 25 30 M M 7 13 33 30
25 86 70 78 -1 0 13 T 0.0 0 10.7 20 40 M M 7 3 25 40
26 85 69 77 -2 0 12 T 0.0 0 13.2 25 10 M M 8 3 34 20
27 83 63 73 -6 0 8 0.00 0.0 0 9.4 17 360 M M 2 22 360
28 88 64 76 -3 0 11 0.00 0.0 0 5.7 13 280 M M 3 18 270
29 87 70 79 0 0 14 0.00 0.0 0 6.4 14 110 M M 7 18 10
30 89 66 78 -2 0 13 0.00 0.0 0 5.8 18 130 M M 6 27 120
31 87 72 80 0 0 15 0.01 0.0 0 10.4 21 70 M M 7 31 100
================================================================================
SM 2741 2107 0 416 6.37 0.0 239.8 M 141
================================================================================
AV 88.4 68.0 7.7 FASTST M M 5 MAX(MPH)
MISC ----> 28 50 45 360
================================================================================
NOTES:
# LAST OF SEVERAL OCCURRENCES
COLUMN 17 PEAK WIND IN M.P.H.
PRELIMINARY LOCAL CLIMATOLOGICAL DATA (WS FORM: F-6) , PAGE 2
STATION: ORLANDO INTL
MONTH: MAY
YEAR: 2023
LATITUDE: 28 25 N
LONGITUDE: 81 19 W
[TEMPERATURE DATA] [PRECIPITATION DATA] SYMBOLS USED IN COLUMN 16
AVERAGE MONTHLY: 78.2 TOTAL FOR MONTH: 6.37 1 = FOG OR MIST
DPTR FM NORMAL: 0.9 DPTR FM NORMAL: 2.35 2 = FOG REDUCING VISIBILITY
HIGHEST: 94 ON 18 GRTST 24HR 3.90 ON 18-18 TO 1/4 MILE OR LESS
LOWEST: 61 ON 4, 1 3 = THUNDER
SNOW, ICE PELLETS, HAIL 4 = ICE PELLETS
TOTAL MONTH: 0.0 INCH 5 = HAIL
GRTST 24HR 0.0 6 = FREEZING RAIN OR DRIZZLE
GRTST DEPTH: 0 7 = DUSTSTORM OR SANDSTORM:
VSBY 1/2 MILE OR LESS
8 = SMOKE OR HAZE
[NO. OF DAYS WITH] [WEATHER - DAYS WITH] 9 = BLOWING SNOW
X = TORNADO
MAX 32 OR BELOW: 0 0.01 INCH OR MORE: 7
MAX 90 OR ABOVE: 11 0.10 INCH OR MORE: 4
MIN 32 OR BELOW: 0 0.50 INCH OR MORE: 3
MIN 0 OR BELOW: 0 1.00 INCH OR MORE: 2
[HDD (BASE 65) ]
TOTAL THIS MO. 0 CLEAR (SCALE 0-3) 11
DPTR FM NORMAL 0 PTCLDY (SCALE 4-7) 20
TOTAL FM JUL 1 282 CLOUDY (SCALE 8-10) 0
DPTR FM NORMAL -243
[CDD (BASE 65) ]
TOTAL THIS MO. 416
DPTR FM NORMAL 33 [PRESSURE DATA]
TOTAL FM JAN 1 1261 HIGHEST SLP M ON M
DPTR FM NORMAL 414 LOWEST SLP 29.74 ON 25
[REMARKS]
#FINAL-05-23#