000
CDUS42 KMLB 210628
CLIMCO


CLIMATE REPORT
NATIONAL WEATHER SERVICE MELBOURNE FL
227 AM EDT SUN SEP 21 2014


...................................

...THE ORLANDO  CLIMATE SUMMARY FOR SEPTEMBER 20 2014...

CLIMATE NORMAL PERIOD 1981 TO 2010
CLIMATE RECORD PERIOD 1892 TO 2014


WEATHER ITEM   OBSERVED TIME   RECORD YEAR NORMAL DEPARTURE LAST
                VALUE   (LST)  VALUE       VALUE  FROM      YEAR
                                                  NORMAL
..................................................................
TEMPERATURE (F)
 YESTERDAY
  MAXIMUM         84    431 PM  96    1936  89     -5       88
                                      1933
                                      1921
  MINIMUM         71    932 AM  50    1910  72     -1       72
  AVERAGE         78                        81     -3       80

PRECIPITATION (IN)
  YESTERDAY        1.02          7.01 1897   0.20   0.82     0.00
  MONTH TO DATE    4.92                      4.21   0.71     3.44
  SINCE SEP 1      4.92                      4.21   0.71     3.44
  SINCE JAN 1     42.71                     40.82   1.89    39.03

SNOWFALL (IN)
  YESTERDAY        0.0
  MONTH TO DATE    0.0
  SINCE SEP 1      0.0
  SINCE JUL 1      0.0

DEGREE DAYS
 HEATING
  YESTERDAY        0                         0      0        0
  MONTH TO DATE    0                         0      0        0
  SINCE SEP 1      0                         0      0        0
  SINCE JUL 1      0                         0      0        0

 COOLING
  YESTERDAY       13                        16     -3       15
  MONTH TO DATE  335                       333      2      345
  SINCE SEP 1    335                       333      2      345
  SINCE JAN 1   2933                      2726    207     2836
..................................................................


WIND (MPH)
  HIGHEST WIND SPEED    15   HIGHEST WIND DIRECTION     N (360)
  HIGHEST GUST SPEED    17   HIGHEST GUST DIRECTION     N (350)
  AVERAGE WIND SPEED     8.1


SKY COVER
  AVERAGE SKY COVER 0.9


WEATHER CONDITIONS
 THE FOLLOWING WEATHER WAS RECORDED YESTERDAY.
  HEAVY RAIN
  RAIN
  LIGHT RAIN
  FOG


RELATIVE HUMIDITY (PERCENT)
 HIGHEST   100           200 AM
 LOWEST     65           300 PM
 AVERAGE    83

..........................................................


THE ORLANDO  CLIMATE NORMALS FOR TODAY
                         NORMAL    RECORD    YEAR
 MAXIMUM TEMPERATURE (F)   89        97      1933
                                             1921
                                             1919
 MINIMUM TEMPERATURE (F)   72        52      1897


SUNRISE AND SUNSET
SEPTEMBER 21 2014.....SUNRISE   713 AM EDT   SUNSET   723 PM EDT
SEPTEMBER 22 2014.....SUNRISE   714 AM EDT   SUNSET   722 PM EDT


-  INDICATES NEGATIVE NUMBERS.
R  INDICATES RECORD WAS SET OR TIED.
MM INDICATES DATA IS MISSING.
T  INDICATES TRACE AMOUNT.




$$
