000
CDUS42 KMLB 312056
CLIMCO


CLIMATE REPORT
NATIONAL WEATHER SERVICE MELBOURNE FL
455 PM EDT FRI OCT 31 2014


...................................

...THE ORLANDO  CLIMATE SUMMARY FOR OCTOBER 31 2014...
VALID TODAY AS OF 0400 PM LOCAL TIME.

CLIMATE NORMAL PERIOD 1981 TO 2010
CLIMATE RECORD PERIOD 1892 TO 2014


WEATHER ITEM   OBSERVED TIME   RECORD YEAR NORMAL DEPARTURE LAST
                VALUE   (LST)  VALUE       VALUE  FROM      YEAR
                                                  NORMAL
..................................................................
TEMPERATURE (F)
 TODAY
  MAXIMUM         79    257 PM  90    1922  82     -3       88
  MINIMUM         67    212 AM  44    2012  62      5       66
                                      1993
  AVERAGE         73                        72      1       77

PRECIPITATION (IN)
  TODAY            0.00          2.79 1958   0.07  -0.07     0.00
  MONTH TO DATE    0.69                      3.31  -2.62     0.15
  SINCE SEP 1     11.14                      9.37   1.77     5.93
  SINCE JAN 1     48.93                     45.98   2.95    41.52

SNOWFALL (IN)
  TODAY            0.0
  MONTH TO DATE    0.0
  SINCE SEP 1      0.0
  SINCE JUL 1      0.0

DEGREE DAYS
 HEATING
  TODAY            0                         0      0        0
  MONTH TO DATE    0                         0      0        0
  SINCE SEP 1      0                         5     -5        0
  SINCE JUL 1      0                         5     -5        0

 COOLING
  TODAY            8                         7      1       12
  MONTH TO DATE  323                       331     -8      375
  SINCE SEP 1    800                       814    -14      869
  SINCE JAN 1   3398                      3207    191     3360
..................................................................


WIND (MPH)
  HIGHEST WIND SPEED    17   HIGHEST WIND DIRECTION     W (290)
  HIGHEST GUST SPEED    23   HIGHEST GUST DIRECTION     W (290)
  AVERAGE WIND SPEED     8.2


SKY COVER
  AVERAGE SKY COVER 0.4


WEATHER CONDITIONS
 THE FOLLOWING WEATHER WAS RECORDED TODAY.
  NO SIGNIFICANT WEATHER WAS OBSERVED.


RELATIVE HUMIDITY (PERCENT)
 HIGHEST    97           300 AM
 LOWEST     30           200 PM
 AVERAGE    64

..........................................................


THE ORLANDO  CLIMATE NORMALS FOR TOMORROW
                         NORMAL    RECORD    YEAR
 MAXIMUM TEMPERATURE (F)   81        92      1919
 MINIMUM TEMPERATURE (F)   62        37      1993


SUNRISE AND SUNSET
OCTOBER 31 2014.......SUNRISE   736 AM EDT   SUNSET   641 PM EDT
NOVEMBER  1 2014......SUNRISE   737 AM EDT   SUNSET   640 PM EDT


-  INDICATES NEGATIVE NUMBERS.
R  INDICATES RECORD WAS SET OR TIED.
MM INDICATES DATA IS MISSING.
T  INDICATES TRACE AMOUNT.




$$
