000
CDUS42 KMLB 312031
CLIMCO


CLIMATE REPORT
NATIONAL WEATHER SERVICE MELBOURNE FL
431 PM EDT TUE MAR 31 2015


...................................

...THE ORLANDO  CLIMATE SUMMARY FOR MARCH 31 2015...
VALID TODAY AS OF 0400 PM LOCAL TIME.

CLIMATE NORMAL PERIOD 1981 TO 2010
CLIMATE RECORD PERIOD 1892 TO 2015


WEATHER ITEM   OBSERVED TIME   RECORD YEAR NORMAL DEPARTURE LAST
                VALUE   (LST)  VALUE       VALUE  FROM      YEAR
                                                  NORMAL
..................................................................
TEMPERATURE (F)
 TODAY
  MAXIMUM         84    257 PM  95    1907  80      4       77
  MINIMUM         58    647 AM  41    1950  58      0       51
                                      1925
  AVERAGE         71                        69      2       64

PRECIPITATION (IN)
  TODAY            0.00          4.31 1972   0.13  -0.13     0.00
  MONTH TO DATE    0.75                      3.77  -3.02     4.52
  SINCE MAR 1      0.75                      3.77  -3.02     4.52
  SINCE JAN 1      8.85                      8.50   0.35     9.56

SNOWFALL (IN)
  TODAY            0.0
  MONTH TO DATE    0.0
  SINCE MAR 1      0.0
  SINCE JUL 1      0.0

DEGREE DAYS
 HEATING
  TODAY            0                         1     -1        1
  MONTH TO DATE   16                        59    -43       42
  SINCE MAR 1     16                        59    -43       42
  SINCE JUL 1    486                       558    -72      406

 COOLING
  TODAY            6                         5      1        0
  MONTH TO DATE  268                       118    150      107
  SINCE MAR 1    268                       118    150      107
  SINCE JAN 1    342                       222    120      257
..................................................................


WIND (MPH)
  HIGHEST WIND SPEED    13   HIGHEST WIND DIRECTION    NW (310)
  HIGHEST GUST SPEED    17   HIGHEST GUST DIRECTION    NW (330)
  AVERAGE WIND SPEED     6.1


SKY COVER
  AVERAGE SKY COVER 0.3


WEATHER CONDITIONS
 THE FOLLOWING WEATHER WAS RECORDED TODAY.
  NO SIGNIFICANT WEATHER WAS OBSERVED.


RELATIVE HUMIDITY (PERCENT)
 HIGHEST    97           700 AM
 LOWEST     46           300 PM
 AVERAGE    72

..........................................................


THE ORLANDO  CLIMATE NORMALS FOR TOMORROW
                         NORMAL    RECORD    YEAR
 MAXIMUM TEMPERATURE (F)   80        93      1935
 MINIMUM TEMPERATURE (F)   58        42      1987
                                             1906


SUNRISE AND SUNSET
MARCH 31 2015.........SUNRISE   717 AM EDT   SUNSET   743 PM EDT
APRIL  1 2015.........SUNRISE   716 AM EDT   SUNSET   743 PM EDT


-  INDICATES NEGATIVE NUMBERS.
R  INDICATES RECORD WAS SET OR TIED.
MM INDICATES DATA IS MISSING.
T  INDICATES TRACE AMOUNT.




$$
