000
CDUS42 KMLB 230629
CLIMCO


CLIMATE REPORT
NATIONAL WEATHER SERVICE MELBOURNE FL
229 AM EDT THU OCT 23 2014


...................................

...THE ORLANDO  CLIMATE SUMMARY FOR OCTOBER 22 2014...

CLIMATE NORMAL PERIOD 1981 TO 2010
CLIMATE RECORD PERIOD 1892 TO 2014


WEATHER ITEM   OBSERVED TIME   RECORD YEAR NORMAL DEPARTURE LAST
                VALUE   (LST)  VALUE       VALUE  FROM      YEAR
                                                  NORMAL
..................................................................
TEMPERATURE (F)
 YESTERDAY
  MAXIMUM         86    317 PM  95    1919  83      3       90
  MINIMUM         66   1159 PM  42    1913  65      1       72
  AVERAGE         76                        74      2       81

PRECIPITATION (IN)
  YESTERDAY        0.00          2.27 1993   0.09  -0.09      T
  MONTH TO DATE    0.69                      2.62  -1.93     0.15
  SINCE SEP 1     11.14                      8.68   2.46     5.93
  SINCE JAN 1     48.93                     45.29   3.64    41.52

SNOWFALL (IN)
  YESTERDAY        0.0
  MONTH TO DATE    0.0
  SINCE SEP 1      0.0
  SINCE JUL 1      0.0

DEGREE DAYS
 HEATING
  YESTERDAY        0                         0      0        0
  MONTH TO DATE    0                         0      0        0
  SINCE SEP 1      0                         0      0        0
  SINCE JUL 1      0                         0      0        0

 COOLING
  YESTERDAY       11                         9      2       16
  MONTH TO DATE  256                       257     -1      312
  SINCE SEP 1    733                       740     -7      806
  SINCE JAN 1   3331                      3133    198     3297
..................................................................


WIND (MPH)
  HIGHEST WIND SPEED    17   HIGHEST WIND DIRECTION    NE (30)
  HIGHEST GUST SPEED    22   HIGHEST GUST DIRECTION    NE (30)
  AVERAGE WIND SPEED     7.4


SKY COVER
  AVERAGE SKY COVER 0.6


WEATHER CONDITIONS
 THE FOLLOWING WEATHER WAS RECORDED YESTERDAY.
  FOG
  FOG W/VISIBILITY <= 1/4 MILE


RELATIVE HUMIDITY (PERCENT)
 HIGHEST   100          1200 AM
 LOWEST     40           300 PM
 AVERAGE    70

..........................................................


THE ORLANDO  CLIMATE NORMALS FOR TODAY
                         NORMAL    RECORD    YEAR
 MAXIMUM TEMPERATURE (F)   83        93      1919
 MINIMUM TEMPERATURE (F)   64        47      1937


SUNRISE AND SUNSET
OCTOBER 23 2014.......SUNRISE   731 AM EDT   SUNSET   648 PM EDT
OCTOBER 24 2014.......SUNRISE   732 AM EDT   SUNSET   647 PM EDT


-  INDICATES NEGATIVE NUMBERS.
R  INDICATES RECORD WAS SET OR TIED.
MM INDICATES DATA IS MISSING.
T  INDICATES TRACE AMOUNT.




$$
