000
CDUS42 KMLB 270634
CLIMCO


CLIMATE REPORT
NATIONAL WEATHER SERVICE MELBOURNE FL
133 AM EST FRI FEB 27 2015


...................................

...THE ORLANDO  CLIMATE SUMMARY FOR FEBRUARY 26 2015...

CLIMATE NORMAL PERIOD 1981 TO 2010
CLIMATE RECORD PERIOD 1892 TO 2015


WEATHER ITEM   OBSERVED TIME   RECORD YEAR NORMAL DEPARTURE LAST
                VALUE   (LST)  VALUE       VALUE  FROM      YEAR
                                                  NORMAL
..................................................................
TEMPERATURE (F)
 YESTERDAY
  MAXIMUM         75    518 AM  89    1971  76     -1       77
                                      1944
                                      1928
  MINIMUM         57   1159 PM  28    1967  54      3       56
  AVERAGE         66                        65      1       67

PRECIPITATION (IN)
  YESTERDAY        0.21          1.49 1958   0.09   0.12     0.41
  MONTH TO DATE    3.72                      2.20   1.52     2.08
  SINCE DEC 1      8.83                      7.13   1.70     5.27
  SINCE JAN 1      7.24                      4.55   2.69     5.00

SNOWFALL (IN)
  YESTERDAY        0.0
  MONTH TO DATE    0.0
  SINCE DEC 1      0.0
  SINCE JUL 1      0.0

DEGREE DAYS
 HEATING
  YESTERDAY        0                         3     -3        0
  MONTH TO DATE  141                       109     32       62
  SINCE DEC 1    376                       446    -70      330
  SINCE JUL 1    458                       493    -35      353

 COOLING
  YESTERDAY        1                         3     -2        2
  MONTH TO DATE   22                        55    -33      105
  SINCE DEC 1    178                       170      8      283
  SINCE JAN 1     74                       100    -26      150
..................................................................


WIND (MPH)
  HIGHEST WIND SPEED    30   HIGHEST WIND DIRECTION     W (260)
  HIGHEST GUST SPEED    37   HIGHEST GUST DIRECTION     W (280)
  AVERAGE WIND SPEED    11.5


SKY COVER
  AVERAGE SKY COVER 0.9


WEATHER CONDITIONS
 THE FOLLOWING WEATHER WAS RECORDED YESTERDAY.
  THUNDERSTORM
  RAIN
  LIGHT RAIN
  FOG


RELATIVE HUMIDITY (PERCENT)
 HIGHEST    90          1200 AM
 LOWEST     61           100 PM
 AVERAGE    76

..........................................................


THE ORLANDO  CLIMATE NORMALS FOR TODAY
                         NORMAL    RECORD    YEAR
 MAXIMUM TEMPERATURE (F)   76        89      1962
                                             1929
 MINIMUM TEMPERATURE (F)   54        33      1980
                                             1920


SUNRISE AND SUNSET
FEBRUARY 27 2015......SUNRISE   652 AM EST   SUNSET   624 PM EST
FEBRUARY 28 2015......SUNRISE   651 AM EST   SUNSET   625 PM EST


-  INDICATES NEGATIVE NUMBERS.
R  INDICATES RECORD WAS SET OR TIED.
MM INDICATES DATA IS MISSING.
T  INDICATES TRACE AMOUNT.




$$
