000
CDUS42 KMLB 290635
CLIMCO


CLIMATE REPORT
NATIONAL WEATHER SERVICE MELBOURNE FL
235 AM EDT WED JUN 29 2016


...................................

...THE ORLANDO  CLIMATE SUMMARY FOR JUNE 28 2016...

CLIMATE NORMAL PERIOD 1981 TO 2010
CLIMATE RECORD PERIOD 1892 TO 2016


WEATHER ITEM   OBSERVED TIME   RECORD YEAR NORMAL DEPARTURE LAST
                VALUE   (LST)  VALUE       VALUE  FROM      YEAR
                                                  NORMAL
..................................................................
TEMPERATURE (F)
 YESTERDAY
  MAXIMUM         92    357 PM  98    1906  91      1       93
  MINIMUM         74    528 AM  64    2012  73      1       75
  AVERAGE         83                        82      1       84

PRECIPITATION (IN)
  YESTERDAY        0.36          3.36 1974   0.24   0.12     0.05
  MONTH TO DATE    6.50                      7.07  -0.57     6.74
  SINCE JUN 1      6.50                      7.07  -0.57     6.74
  SINCE JAN 1     26.59                     21.70   4.89    20.73

SNOWFALL (IN)
  YESTERDAY        0.0
  MONTH TO DATE    0.0
  SINCE JUN 1      0.0
  SINCE JUL 1      0.0

DEGREE DAYS
 HEATING
  YESTERDAY        0                         0      0        0
  MONTH TO DATE    0                         0      0        0
  SINCE JUN 1      0                         0      0        0
  SINCE JUL 1    370                       571   -201      486

 COOLING
  YESTERDAY       18                        17      1       19
  MONTH TO DATE  503                       456     47      508
  SINCE JUN 1    503                       456     47      508
  SINCE JAN 1   1418                      1257    161     1688
..................................................................


WIND (MPH)
  HIGHEST WIND SPEED    16   HIGHEST WIND DIRECTION     N (10)
  HIGHEST GUST SPEED    21   HIGHEST GUST DIRECTION     N (360)
  AVERAGE WIND SPEED     5.0


SKY COVER
  AVERAGE SKY COVER 0.8


WEATHER CONDITIONS
 THE FOLLOWING WEATHER WAS RECORDED YESTERDAY.
  THUNDERSTORM
  LIGHT RAIN
  FOG


RELATIVE HUMIDITY (PERCENT)
 HIGHEST    91          1100 PM
 LOWEST     49           400 PM
 AVERAGE    70

..........................................................


THE ORLANDO  CLIMATE NORMALS FOR TODAY
                         NORMAL    RECORD    YEAR
 MAXIMUM TEMPERATURE (F)   91        99      1998
 MINIMUM TEMPERATURE (F)   73        64      1893


SUNRISE AND SUNSET
JUNE 29 2016..........SUNRISE   631 AM EDT   SUNSET   827 PM EDT
JUNE 30 2016..........SUNRISE   631 AM EDT   SUNSET   827 PM EDT


-  INDICATES NEGATIVE NUMBERS.
R  INDICATES RECORD WAS SET OR TIED.
MM INDICATES DATA IS MISSING.
T  INDICATES TRACE AMOUNT.




$$
