000
CDUS42 KMLB 022118
CLIMCO


CLIMATE REPORT
NATIONAL WEATHER SERVICE MELBOURNE FL
417 PM EST FRI DEC 2 2016


...................................

...THE ORLANDO  CLIMATE SUMMARY FOR DECEMBER 2 2016...
VALID TODAY AS OF 0400 PM LOCAL TIME.

CLIMATE NORMAL PERIOD 1981 TO 2010
CLIMATE RECORD PERIOD 1892 TO 2016


WEATHER ITEM   OBSERVED TIME   RECORD YEAR NORMAL DEPARTURE LAST
                VALUE   (LST)  VALUE       VALUE  FROM      YEAR
                                                  NORMAL
..................................................................
TEMPERATURE (F)
 TODAY
  MAXIMUM         76    317 PM  87    1982  75      1       82
                                      1927
  MINIMUM         57    657 AM  30    1910  55      2       66
  AVERAGE         67                        65      2       74

PRECIPITATION (IN)
  TODAY            0.00          0.91 1931   0.08  -0.08     0.12
  MONTH TO DATE    0.00                      0.16  -0.16     0.13
  SINCE DEC 1      0.00                      0.16  -0.16     0.13
  SINCE JAN 1     51.78                     48.31   3.47    53.49

SNOWFALL (IN)
  TODAY            0.0
  MONTH TO DATE    0.0
  SINCE DEC 1      0.0
  SINCE JUL 1      0.0

DEGREE DAYS
 HEATING
  TODAY            0                         3     -3        0
  MONTH TO DATE    0                         6     -6        0
  SINCE DEC 1      0                         6     -6        0
  SINCE JUL 1     23                        53    -30        9

 COOLING
  TODAY            2                         3     -1        9
  MONTH TO DATE   13                         6      7       17
  SINCE DEC 1     13                         6      7       17
  SINCE JAN 1   3717                      3360    357     4059
..................................................................


WIND (MPH)
  HIGHEST WIND SPEED    16   HIGHEST WIND DIRECTION     N (10)
  HIGHEST GUST SPEED    20   HIGHEST GUST DIRECTION     N (10)
  AVERAGE WIND SPEED     9.4


SKY COVER
  AVERAGE SKY COVER 0.0


WEATHER CONDITIONS
 THE FOLLOWING WEATHER WAS RECORDED TODAY.
  NO SIGNIFICANT WEATHER WAS OBSERVED.


RELATIVE HUMIDITY (PERCENT)
 HIGHEST    84          1200 AM
 LOWEST     27           400 PM
 AVERAGE    56

..........................................................


THE ORLANDO  CLIMATE NORMALS FOR TOMORROW
                         NORMAL    RECORD    YEAR
 MAXIMUM TEMPERATURE (F)   75        88      1928
 MINIMUM TEMPERATURE (F)   55        29      1910


SUNRISE AND SUNSET
DECEMBER  2 2016......SUNRISE   701 AM EST   SUNSET   528 PM EST
DECEMBER  3 2016......SUNRISE   702 AM EST   SUNSET   528 PM EST


-  INDICATES NEGATIVE NUMBERS.
R  INDICATES RECORD WAS SET OR TIED.
MM INDICATES DATA IS MISSING.
T  INDICATES TRACE AMOUNT.




$$
