000
CDUS42 KMLB 220627
CLIMCO


CLIMATE REPORT
NATIONAL WEATHER SERVICE MELBOURNE FL
226 AM EDT MON MAY 22 2017


...................................

...THE ORLANDO  CLIMATE SUMMARY FOR MAY 21 2017...

CLIMATE NORMAL PERIOD 1981 TO 2010
CLIMATE RECORD PERIOD 1892 TO 2017


WEATHER ITEM   OBSERVED TIME   RECORD YEAR NORMAL DEPARTURE LAST
                VALUE   (LST)  VALUE       VALUE  FROM      YEAR
                                                  NORMAL
..................................................................
TEMPERATURE (F)
 YESTERDAY
  MAXIMUM         89    137 PM  98    1908  89      0       91
  MINIMUM         69    258 AM  54    1893  68      1       72
  AVERAGE         79                        78      1       82

PRECIPITATION (IN)
  YESTERDAY        0.00          2.15 1912   0.13  -0.13     0.02
  MONTH TO DATE    0.32                      1.84  -1.52     4.73
  SINCE MAR 1      0.42                      8.29  -7.87    11.31
  SINCE JAN 1      3.35                     13.02  -9.67    18.65

SNOWFALL (IN)
  YESTERDAY        0.0
  MONTH TO DATE    0.0
  SINCE MAR 1      0.0
  SINCE JUL 1      0.0

DEGREE DAYS
 HEATING
  YESTERDAY        0                         0      0        0
  MONTH TO DATE    0                         0      0        0
  SINCE MAR 1     40                        71    -31       16
  SINCE JUL 1    209                       570   -361      370

 COOLING
  YESTERDAY       14                        13      1       17
  MONTH TO DATE  244                       237      7      243
  SINCE MAR 1    697                       554    143      702
  SINCE JAN 1    898                       658    240      764
..................................................................


WIND (MPH)
  HIGHEST WIND SPEED    17   HIGHEST WIND DIRECTION     E (90)
  HIGHEST GUST SPEED    24   HIGHEST GUST DIRECTION     E (100)
  AVERAGE WIND SPEED     7.2


SKY COVER
  AVERAGE SKY COVER 0.7


WEATHER CONDITIONS
 THE FOLLOWING WEATHER WAS RECORDED YESTERDAY.
  NO SIGNIFICANT WEATHER WAS OBSERVED.


RELATIVE HUMIDITY (PERCENT)
 HIGHEST   100           100 AM
 LOWEST     44          1200 PM
 AVERAGE    72

..........................................................


THE ORLANDO  CLIMATE NORMALS FOR TODAY
                         NORMAL    RECORD    YEAR
 MAXIMUM TEMPERATURE (F)   89        97      1962
 MINIMUM TEMPERATURE (F)   68        55      1919


SUNRISE AND SUNSET
MAY 22 2017...........SUNRISE   631 AM EDT   SUNSET   813 PM EDT
MAY 23 2017...........SUNRISE   631 AM EDT   SUNSET   814 PM EDT


-  INDICATES NEGATIVE NUMBERS.
R  INDICATES RECORD WAS SET OR TIED.
MM INDICATES DATA IS MISSING.
T  INDICATES TRACE AMOUNT.




$$
