000
CDUS42 KMLB 162021
CLIMCO


CLIMATE REPORT
NATIONAL WEATHER SERVICE MELBOURNE
421 PM EDT WED APR 16 2014


...................................

...THE ORLANDO  CLIMATE SUMMARY FOR APRIL 16 2014...
VALID TODAY AS OF 0400 PM LOCAL TIME.

CLIMATE NORMAL PERIOD 1981 TO 2010
CLIMATE RECORD PERIOD 1892 TO 2014


WEATHER ITEM   OBSERVED TIME   RECORD YEAR NORMAL DEPARTURE LAST
                VALUE   (LST)  VALUE       VALUE  FROM      YEAR
                                                  NORMAL
..................................................................
TEMPERATURE (F)
 TODAY
  MAXIMUM         77    243 PM  94    1922  83     -6       88
  MINIMUM         52    725 AM  45    1950  60     -8       69
                                      1943
  AVERAGE         65                        71     -6       79

PRECIPITATION (IN)
  TODAY            0.00          2.12 1924   0.08  -0.08     0.00
  MONTH TO DATE    2.30                      1.56   0.74     1.13
  SINCE MAR 1      6.82                      5.33   1.49     2.40
  SINCE JAN 1     11.86                     10.06   1.80     3.31

SNOWFALL (IN)
  TODAY            0.0
  MONTH TO DATE    0.0
  SINCE MAR 1      0.0
  SINCE JUL 1      0.0

DEGREE DAYS
 HEATING
  TODAY            0                         0      0        0
  MONTH TO DATE    0                        11    -11        0
  SINCE MAR 1     42                        70    -28      149
  SINCE JUL 1    406                       569   -163      461

 COOLING
  TODAY            0                         7     -7       14
  MONTH TO DATE  122                        90     32      151
  SINCE MAR 1    229                       208     21      202
  SINCE JAN 1    379                       312     67      402
..................................................................


WIND (MPH)
  HIGHEST WIND SPEED    21   HIGHEST WIND DIRECTION    NE (30)
  HIGHEST GUST SPEED    31   HIGHEST GUST DIRECTION    NE (40)
  AVERAGE WIND SPEED    14.5


SKY COVER
  AVERAGE SKY COVER 0.7


WEATHER CONDITIONS
 THE FOLLOWING WEATHER WAS RECORDED TODAY.
  NO SIGNIFICANT WEATHER WAS OBSERVED.


RELATIVE HUMIDITY (PERCENT)
 HIGHEST    78           100 AM
 LOWEST     50           100 PM
 AVERAGE    64

..........................................................


THE ORLANDO  CLIMATE NORMALS FOR TOMORROW
                         NORMAL    RECORD    YEAR
 MAXIMUM TEMPERATURE (F)   83        95      1922
 MINIMUM TEMPERATURE (F)   60        39      1923


SUNRISE AND SUNSET
APRIL 16 2014.........SUNRISE   659 AM EDT   SUNSET   752 PM EDT
APRIL 17 2014.........SUNRISE   658 AM EDT   SUNSET   752 PM EDT


-  INDICATES NEGATIVE NUMBERS.
R  INDICATES RECORD WAS SET OR TIED.
MM INDICATES DATA IS MISSING.
T  INDICATES TRACE AMOUNT.




$$
