000
CDUS42 KMLB 170631
CLIMCO


CLIMATE REPORT
NATIONAL WEATHER SERVICE MELBOURNE FL
131 AM EST FRI NOV 17 2017


...................................

...THE ORLANDO INTL CLIMATE SUMMARY FOR NOVEMBER 16 2017...

CLIMATE NORMAL PERIOD 1981 TO 2010
CLIMATE RECORD PERIOD 1892 TO 2017


WEATHER ITEM   OBSERVED TIME   RECORD YEAR NORMAL DEPARTURE LAST
                VALUE   (LST)  VALUE       VALUE  FROM      YEAR
                                                  NORMAL
..................................................................
TEMPERATURE (F)
 YESTERDAY
  MAXIMUM         75    301 PM  92    1921  78     -3       78
  MINIMUM         57   1159 PM  38    1969  58     -1       52
  AVERAGE         66                        68     -2       65

PRECIPITATION (IN)
  YESTERDAY        0.00          3.83 1994   0.07  -0.07     0.00
  MONTH TO DATE    0.06                      1.19  -1.13     0.02
  SINCE SEP 1     17.74                     10.56   7.18    10.05
  SINCE JAN 1     46.16                     47.17  -1.01    51.74

SNOWFALL (IN)
  YESTERDAY        0.0
  MONTH TO DATE    0.0
  SINCE JUL 1      0.0

DEGREE DAYS
 HEATING
  YESTERDAY        0                         1     -1        0
  MONTH TO DATE    0                        16    -16        0
  SINCE SEP 1     18                        21     -3        0
  SINCE JUL 1     18                        21     -3        0

 COOLING
  YESTERDAY        1                         5     -4        0
  MONTH TO DATE  113                        94     19       88
  SINCE SEP 1    957                       908     49      977
  SINCE JAN 1   3555                      3301    254     3650
..................................................................


WIND (MPH)
  HIGHEST WIND SPEED    15   HIGHEST WIND DIRECTION    NE (30)
  HIGHEST GUST SPEED    19   HIGHEST GUST DIRECTION     N (20)
  AVERAGE WIND SPEED     9.7


SKY COVER
  AVERAGE SKY COVER 0.6


WEATHER CONDITIONS
 THE FOLLOWING WEATHER WAS RECORDED YESTERDAY.
  NO SIGNIFICANT WEATHER WAS OBSERVED.


RELATIVE HUMIDITY (PERCENT)
 HIGHEST    97           300 AM
 LOWEST     57           200 PM
 AVERAGE    77

..........................................................


THE ORLANDO INTL CLIMATE NORMALS FOR TODAY
                         NORMAL    RECORD    YEAR
 MAXIMUM TEMPERATURE (F)   78        89      1957
 MINIMUM TEMPERATURE (F)   58        36      1901


SUNRISE AND SUNSET
NOVEMBER 17 2017......SUNRISE   649 AM EST   SUNSET   531 PM EST
NOVEMBER 18 2017......SUNRISE   650 AM EST   SUNSET   531 PM EST


-  INDICATES NEGATIVE NUMBERS.
R  INDICATES RECORD WAS SET OR TIED.
MM INDICATES DATA IS MISSING.
T  INDICATES TRACE AMOUNT.




$$
