000
CDUS42 KMLB 230626
CLIMCO


CLIMATE REPORT
NATIONAL WEATHER SERVICE MELBOURNE FL
225 AM EDT THU MAR 23 2017


...................................

...THE ORLANDO  CLIMATE SUMMARY FOR MARCH 22 2017...

CLIMATE NORMAL PERIOD 1981 TO 2010
CLIMATE RECORD PERIOD 1892 TO 2017


WEATHER ITEM   OBSERVED TIME   RECORD YEAR NORMAL DEPARTURE LAST
                VALUE   (LST)  VALUE       VALUE  FROM      YEAR
                                                  NORMAL
..................................................................
TEMPERATURE (F)
 YESTERDAY
  MAXIMUM         87    516 PM  94    1907  79      8       75
  MINIMUM         55    632 AM  35    1906  57     -2       43
  AVERAGE         71                        68      3       59

PRECIPITATION (IN)
  YESTERDAY        0.00          3.11 1974   0.13  -0.13     0.00
  MONTH TO DATE    0.09                      2.60  -2.51     0.24
  SINCE MAR 1      0.09                      2.60  -2.51     0.24
  SINCE JAN 1      3.02                      7.33  -4.31     7.58

SNOWFALL (IN)
  YESTERDAY        0.0
  MONTH TO DATE    0.0
  SINCE MAR 1      0.0
  SINCE JUL 1      0.0

DEGREE DAYS
 HEATING
  YESTERDAY        0                         1     -1        6
  MONTH TO DATE   37                        50    -13       16
  SINCE MAR 1     37                        50    -13       16
  SINCE JUL 1    206                       549   -343      370

 COOLING
  YESTERDAY        6                         4      2        0
  MONTH TO DATE   85                        79      6      137
  SINCE MAR 1     85                        79      6      137
  SINCE JAN 1    286                       183    103      199
..................................................................


WIND (MPH)
  HIGHEST WIND SPEED    21   HIGHEST WIND DIRECTION    NE (50)
  HIGHEST GUST SPEED    24   HIGHEST GUST DIRECTION    NE (40)
  AVERAGE WIND SPEED     7.6


SKY COVER
  AVERAGE SKY COVER 0.3


WEATHER CONDITIONS
 THE FOLLOWING WEATHER WAS RECORDED YESTERDAY.
  THUNDERSTORM
  FOG
  FOG W/VISIBILITY <= 1/4 MILE


RELATIVE HUMIDITY (PERCENT)
 HIGHEST    93           600 AM
 LOWEST     34           500 PM
 AVERAGE    64

..........................................................


THE ORLANDO  CLIMATE NORMALS FOR TODAY
                         NORMAL    RECORD    YEAR
 MAXIMUM TEMPERATURE (F)   79        96      1907
 MINIMUM TEMPERATURE (F)   57        34      1915


SUNRISE AND SUNSET
MARCH 23 2017.........SUNRISE   725 AM EDT   SUNSET   738 PM EDT
MARCH 24 2017.........SUNRISE   724 AM EDT   SUNSET   739 PM EDT


-  INDICATES NEGATIVE NUMBERS.
R  INDICATES RECORD WAS SET OR TIED.
MM INDICATES DATA IS MISSING.
T  INDICATES TRACE AMOUNT.




$$
