000
CDUS42 KMLB 290646
CLIMCO


CLIMATE REPORT
NATIONAL WEATHER SERVICE MELBOURNE FL
244 AM EDT FRI MAY 29 2015


...................................

...THE ORLANDO  CLIMATE SUMMARY FOR MAY 28 2015...

CLIMATE NORMAL PERIOD 1981 TO 2010
CLIMATE RECORD PERIOD 1892 TO 2015


WEATHER ITEM   OBSERVED TIME   RECORD YEAR NORMAL DEPARTURE LAST
                VALUE   (LST)  VALUE       VALUE  FROM      YEAR
                                                  NORMAL
..................................................................
TEMPERATURE (F)
 YESTERDAY
  MAXIMUM         89    236 PM  99    2000  90     -1       91
                                      1924
                                      1908
  MINIMUM         70    309 AM  58    1901  69      1       69
  AVERAGE         80                        80      0       80

PRECIPITATION (IN)
  YESTERDAY        0.00          1.76 1970   0.17  -0.17     0.09
  MONTH TO DATE    0.93                      2.91  -1.98     3.55
  SINCE MAR 1      5.89                      9.36  -3.47    12.27
  SINCE JAN 1     13.99                     14.09  -0.10    17.31

SNOWFALL (IN)
  YESTERDAY        0.0
  MONTH TO DATE    0.0
  SINCE MAR 1      0.0
  SINCE JUL 1      0.0

DEGREE DAYS
 HEATING
  YESTERDAY        0                         0      0        0
  MONTH TO DATE    0                         0      0        0
  SINCE MAR 1     16                        71    -55       42
  SINCE JUL 1    486                       570    -84      406

 COOLING
  YESTERDAY       15                        15      0       15
  MONTH TO DATE  406                       336     70      366
  SINCE MAR 1   1058                       653    405      738
  SINCE JAN 1   1132                       757    375      888
..................................................................


WIND (MPH)
  HIGHEST WIND SPEED    21   HIGHEST WIND DIRECTION     E (80)
  HIGHEST GUST SPEED    26   HIGHEST GUST DIRECTION    NE (50)
  AVERAGE WIND SPEED     9.0


SKY COVER
  AVERAGE SKY COVER 0.4


WEATHER CONDITIONS
 THE FOLLOWING WEATHER WAS RECORDED YESTERDAY.
  NO SIGNIFICANT WEATHER WAS OBSERVED.


RELATIVE HUMIDITY (PERCENT)
 HIGHEST    84           100 AM
 LOWEST     43           400 PM
 AVERAGE    64

..........................................................


THE ORLANDO  CLIMATE NORMALS FOR TODAY
                         NORMAL    RECORD    YEAR
 MAXIMUM TEMPERATURE (F)   90       100      1908
 MINIMUM TEMPERATURE (F)   70        55      1934


SUNRISE AND SUNSET
MAY 29 2015...........SUNRISE   629 AM EDT   SUNSET   817 PM EDT
MAY 30 2015...........SUNRISE   629 AM EDT   SUNSET   817 PM EDT


-  INDICATES NEGATIVE NUMBERS.
R  INDICATES RECORD WAS SET OR TIED.
MM INDICATES DATA IS MISSING.
T  INDICATES TRACE AMOUNT.




$$
