000
CDUS42 KMLB 270635
CLIMCO


CLIMATE REPORT
NATIONAL WEATHER SERVICE MELBOURNE FL
135 AM EST THU NOV 27 2014


...................................

...THE ORLANDO  CLIMATE SUMMARY FOR NOVEMBER 26 2014...

CLIMATE NORMAL PERIOD 1981 TO 2010
CLIMATE RECORD PERIOD 1892 TO 2014


WEATHER ITEM   OBSERVED TIME   RECORD YEAR NORMAL DEPARTURE LAST
                VALUE   (LST)  VALUE       VALUE  FROM      YEAR
                                                  NORMAL
..................................................................
TEMPERATURE (F)
 YESTERDAY
  MAXIMUM         72    546 AM  88    1921  76     -4       84
  MINIMUM         50   1159 PM  29    1950  56     -6       67
  AVERAGE         61                        66     -5       76

PRECIPITATION (IN)
  YESTERDAY        0.60          1.32 1987   0.08   0.52     0.04
  MONTH TO DATE    4.83                      1.85   2.98     0.86
  SINCE SEP 1     15.97                     11.22   4.75     6.79
  SINCE JAN 1     53.76                     47.83   5.93    42.38

SNOWFALL (IN)
  YESTERDAY        0.0
  MONTH TO DATE    0.0
  SINCE SEP 1      0.0
  SINCE JUL 1      0.0

DEGREE DAYS
 HEATING
  YESTERDAY        4                         2      2        0
  MONTH TO DATE   59                        35     24        4
  SINCE SEP 1     59                        40     19        4
  SINCE JUL 1     59                        40     19        4

 COOLING
  YESTERDAY        0                         4     -4       11
  MONTH TO DATE   94                       135    -41      198
  SINCE SEP 1    892                       949    -57     1067
  SINCE JAN 1   3490                      3342    148     3558
..................................................................


WIND (MPH)
  HIGHEST WIND SPEED    28   HIGHEST WIND DIRECTION     W (290)
  HIGHEST GUST SPEED    35   HIGHEST GUST DIRECTION     W (290)
  AVERAGE WIND SPEED     9.8


SKY COVER
  AVERAGE SKY COVER 0.8


WEATHER CONDITIONS
 THE FOLLOWING WEATHER WAS RECORDED YESTERDAY.
  THUNDERSTORM
  RAIN
  LIGHT RAIN
  FOG
  HAZE


RELATIVE HUMIDITY (PERCENT)
 HIGHEST   100           200 AM
 LOWEST     60           400 PM
 AVERAGE    80

..........................................................


THE ORLANDO  CLIMATE NORMALS FOR TODAY
                         NORMAL    RECORD    YEAR
 MAXIMUM TEMPERATURE (F)   76        88      1929
 MINIMUM TEMPERATURE (F)   56        34      1956
                                             1903


SUNRISE AND SUNSET
NOVEMBER 27 2014......SUNRISE   657 AM EST   SUNSET   529 PM EST
NOVEMBER 28 2014......SUNRISE   658 AM EST   SUNSET   528 PM EST


-  INDICATES NEGATIVE NUMBERS.
R  INDICATES RECORD WAS SET OR TIED.
MM INDICATES DATA IS MISSING.
T  INDICATES TRACE AMOUNT.




$$
