000
CDUS42 KMLB 210635
CLIMCO


CLIMATE REPORT
NATIONAL WEATHER SERVICE MELBOURNE FL
135 AM EST SUN DEC 21 2014


...................................

...THE ORLANDO  CLIMATE SUMMARY FOR DECEMBER 20 2014...

CLIMATE NORMAL PERIOD 1981 TO 2010
CLIMATE RECORD PERIOD 1892 TO 2014


WEATHER ITEM   OBSERVED TIME   RECORD YEAR NORMAL DEPARTURE LAST
                VALUE   (LST)  VALUE       VALUE  FROM      YEAR
                                                  NORMAL
..................................................................
TEMPERATURE (F)
 YESTERDAY
  MAXIMUM         78    236 PM  86    1924  72      6       84
  MINIMUM         55    742 AM  28    2000  52      3       52
  AVERAGE         67                        62      5       68

PRECIPITATION (IN)
  YESTERDAY        0.00          1.50 1911   0.09  -0.09     0.00
  MONTH TO DATE    0.71                      1.68  -0.97     0.19
  SINCE DEC 1      0.71                      1.68  -0.97     0.19
  SINCE JAN 1     54.47                     49.83   4.64    42.63

SNOWFALL (IN)
  YESTERDAY        0.0
  MONTH TO DATE    0.0
  SINCE DEC 1      0.0
  SINCE JUL 1      0.0

DEGREE DAYS
 HEATING
  YESTERDAY        0                         5     -5        0
  MONTH TO DATE   84                        80      4       27
  SINCE DEC 1     84                        80      4       27
  SINCE JUL 1    166                       127     39       50

 COOLING
  YESTERDAY        2                         2      0        3
  MONTH TO DATE   47                        49     -2       82
  SINCE DEC 1     47                        49     -2       82
  SINCE JAN 1   3538                      3403    135     3643
..................................................................


WIND (MPH)
  HIGHEST WIND SPEED    15   HIGHEST WIND DIRECTION     S (160)
  HIGHEST GUST SPEED    20   HIGHEST GUST DIRECTION     S (160)
  AVERAGE WIND SPEED     4.6


SKY COVER
  AVERAGE SKY COVER 0.6


WEATHER CONDITIONS
 THE FOLLOWING WEATHER WAS RECORDED YESTERDAY.
  NO SIGNIFICANT WEATHER WAS OBSERVED.


RELATIVE HUMIDITY (PERCENT)
 HIGHEST    93           400 AM
 LOWEST     47           300 PM
 AVERAGE    70

..........................................................


THE ORLANDO  CLIMATE NORMALS FOR TODAY
                         NORMAL    RECORD    YEAR
 MAXIMUM TEMPERATURE (F)   72        87      2013
 MINIMUM TEMPERATURE (F)   51        25      1901


SUNRISE AND SUNSET
DECEMBER 21 2014......SUNRISE   713 AM EST   SUNSET   533 PM EST
DECEMBER 22 2014......SUNRISE   714 AM EST   SUNSET   534 PM EST


-  INDICATES NEGATIVE NUMBERS.
R  INDICATES RECORD WAS SET OR TIED.
MM INDICATES DATA IS MISSING.
T  INDICATES TRACE AMOUNT.




$$
