000
CDUS42 KMLB 012027
CLIMCO


CLIMATE REPORT
NATIONAL WEATHER SERVICE MELBOURNE FL
426 PM EDT WED OCT 1 2014


...................................

...THE ORLANDO  CLIMATE SUMMARY FOR OCTOBER 1 2014...
VALID TODAY AS OF 400 PM LOCAL TIME.

CLIMATE NORMAL PERIOD 1981 TO 2010
CLIMATE RECORD PERIOD 1892 TO 2014


WEATHER ITEM   OBSERVED TIME   RECORD YEAR NORMAL DEPARTURE LAST
                VALUE   (LST)  VALUE       VALUE  FROM      YEAR
                                                  NORMAL
..................................................................
TEMPERATURE (F)
 TODAY
  MAXIMUM         83   1211 PM  98    1904  88     -5       88
  MINIMUM         74    625 AM  46    1920  70      4       73
  AVERAGE         79                        79      0       81

PRECIPITATION (IN)
  TODAY            0.47          1.49 1920   0.16   0.31     0.00
  MONTH TO DATE    0.47                      0.16   0.31     0.00
  SINCE SEP 1     10.92                      6.22   4.70     5.78
  SINCE JAN 1     48.71                     42.83   5.88    41.37

SNOWFALL (IN)
  TODAY            0.0
  MONTH TO DATE    0.0
  SINCE SEP 1      0.0
  SINCE JUL 1      0.0

DEGREE DAYS
 HEATING
  TODAY            0                         0      0        0
  MONTH TO DATE    0                         0      0        0
  SINCE SEP 1      0                         0      0        0
  SINCE JUL 1      0                         0      0        0

 COOLING
  TODAY           14                        14      0       16
  MONTH TO DATE   14                        14      0       16
  SINCE SEP 1    491                       497     -6      510
  SINCE JAN 1   3089                      2890    199     3001
..................................................................


WIND (MPH)
  HIGHEST WIND SPEED    14   HIGHEST WIND DIRECTION     N (10)
  HIGHEST GUST SPEED    16   HIGHEST GUST DIRECTION    NE (30)
  AVERAGE WIND SPEED     2.6


SKY COVER
  AVERAGE SKY COVER 0.7


WEATHER CONDITIONS
 THE FOLLOWING WEATHER WAS RECORDED TODAY.
  THUNDERSTORM
  HEAVY RAIN
  RAIN
  LIGHT RAIN
  FOG


RELATIVE HUMIDITY (PERCENT)
 HIGHEST   100           200 AM
 LOWEST     79          1200 PM
 AVERAGE    90

..........................................................


THE ORLANDO  CLIMATE NORMALS FOR TOMORROW
                         NORMAL    RECORD    YEAR
 MAXIMUM TEMPERATURE (F)   87        96      1934
                                             1904
 MINIMUM TEMPERATURE (F)   70        49      1920


SUNRISE AND SUNSET
OCTOBER  1 2014.......SUNRISE   718 AM EDT   SUNSET   711 PM EDT
OCTOBER  2 2014.......SUNRISE   719 AM EDT   SUNSET   710 PM EDT


-  INDICATES NEGATIVE NUMBERS.
R  INDICATES RECORD WAS SET OR TIED.
MM INDICATES DATA IS MISSING.
T  INDICATES TRACE AMOUNT.




$$
