000
CDUS42 KMLB 230628
CLIMCO


CLIMATE REPORT
NATIONAL WEATHER SERVICE MELBOURNE FL
228 AM EDT SAT SEP 23 2017


...................................

...THE ORLANDO INTL CLIMATE SUMMARY FOR SEPTEMBER 22 2017...

CLIMATE NORMAL PERIOD 1981 TO 2010
CLIMATE RECORD PERIOD 1892 TO 2017


WEATHER ITEM   OBSERVED TIME   RECORD YEAR NORMAL DEPARTURE LAST
                VALUE   (LST)  VALUE       VALUE  FROM      YEAR
                                                  NORMAL
..................................................................
TEMPERATURE (F)
 YESTERDAY
  MAXIMUM         89   1242 PM  96    1990  89      0       93
                                      1987
                                      1933
  MINIMUM         72    357 PM  57    1897  72      0       76
  AVERAGE         81                        80      1       85

PRECIPITATION (IN)
  YESTERDAY        0.22          4.72 1948   0.19   0.03     0.07
  MONTH TO DATE   13.53                      4.59   8.94     5.89
  SINCE SEP 1     13.53                      4.59   8.94     5.89
  SINCE JAN 1     41.95                     41.20   0.75    47.58

SNOWFALL (IN)
  YESTERDAY        0.0
  MONTH TO DATE    0.0
  SINCE JUL 1      0.0

DEGREE DAYS
 HEATING
  YESTERDAY        0                         0      0        0
  MONTH TO DATE    0                         0      0        0
  SINCE SEP 1      0                         0      0        0
  SINCE JUL 1      0                         0      0        0

 COOLING
  YESTERDAY       16                        15      1       20
  MONTH TO DATE  351                       364    -13      388
  SINCE SEP 1    351                       364    -13      388
  SINCE JAN 1   2949                      2757    192     3061
..................................................................


WIND (MPH)
  HIGHEST WIND SPEED    29   HIGHEST WIND DIRECTION    NE (50)
  HIGHEST GUST SPEED    35   HIGHEST GUST DIRECTION    NE (60)
  AVERAGE WIND SPEED     9.2


SKY COVER
  AVERAGE SKY COVER 0.5


WEATHER CONDITIONS
 THE FOLLOWING WEATHER WAS RECORDED YESTERDAY.
  THUNDERSTORM
  HEAVY RAIN
  RAIN
  LIGHT RAIN


RELATIVE HUMIDITY (PERCENT)
 HIGHEST   100           500 AM
 LOWEST     65          1200 PM
 AVERAGE    83

..........................................................


THE ORLANDO INTL CLIMATE NORMALS FOR TODAY
                         NORMAL    RECORD    YEAR
 MAXIMUM TEMPERATURE (F)   89        98      1925
                                             1919
 MINIMUM TEMPERATURE (F)   72        61      1938
                                             1922
                                             1913


SUNRISE AND SUNSET
SEPTEMBER 23 2017.....SUNRISE   714 AM EDT   SUNSET   720 PM EDT
SEPTEMBER 24 2017.....SUNRISE   715 AM EDT   SUNSET   719 PM EDT


-  INDICATES NEGATIVE NUMBERS.
R  INDICATES RECORD WAS SET OR TIED.
MM INDICATES DATA IS MISSING.
T  INDICATES TRACE AMOUNT.




$$
