000
CDUS42 KMLB 060629
CLIMCO


CLIMATE REPORT
NATIONAL WEATHER SERVICE MELBOURNE FL
128 AM EST TUE DEC 6 2016


...................................

...THE ORLANDO  CLIMATE SUMMARY FOR DECEMBER 5 2016...

CLIMATE NORMAL PERIOD 1981 TO 2010
CLIMATE RECORD PERIOD 1892 TO 2016


WEATHER ITEM   OBSERVED TIME   RECORD YEAR NORMAL DEPARTURE LAST
                VALUE   (LST)  VALUE       VALUE  FROM      YEAR
                                                  NORMAL
..................................................................
TEMPERATURE (F)
 YESTERDAY
  MAXIMUM         87    345 PM  91    1928  75     12       80
  MINIMUM         62    418 AM  33    1907  55      7       65
  AVERAGE         75                        65     10       73

PRECIPITATION (IN)
  YESTERDAY        T             1.67 1985   0.08  -0.08      T
  MONTH TO DATE    T                         0.41  -0.41     0.20
  SINCE DEC 1      T                         0.41  -0.41     0.20
  SINCE JAN 1     51.78                     48.56   3.22    53.56

SNOWFALL (IN)
  YESTERDAY        0.0
  MONTH TO DATE    0.0
  SINCE DEC 1      0.0
  SINCE JUL 1      0.0

DEGREE DAYS
 HEATING
  YESTERDAY        0                         3     -3        0
  MONTH TO DATE    0                        15    -15        0
  SINCE DEC 1      0                        15    -15        0
  SINCE JUL 1     23                        62    -39        9

 COOLING
  YESTERDAY       10                         3      7        8
  MONTH TO DATE   29                        15     14       31
  SINCE DEC 1     29                        15     14       31
  SINCE JAN 1   3733                      3369    364     4073
..................................................................


WIND (MPH)
  HIGHEST WIND SPEED    21   HIGHEST WIND DIRECTION     S (180)
  HIGHEST GUST SPEED    26   HIGHEST GUST DIRECTION     S (180)
  AVERAGE WIND SPEED     8.5


SKY COVER
  AVERAGE SKY COVER 0.5


WEATHER CONDITIONS
 THE FOLLOWING WEATHER WAS RECORDED YESTERDAY.
  LIGHT RAIN
  FOG
  FOG W/VISIBILITY <= 1/4 MILE


RELATIVE HUMIDITY (PERCENT)
 HIGHEST   100           100 AM
 LOWEST     51           300 PM
 AVERAGE    76

..........................................................


THE ORLANDO  CLIMATE NORMALS FOR TODAY
                         NORMAL    RECORD    YEAR
 MAXIMUM TEMPERATURE (F)   74        88      1928
 MINIMUM TEMPERATURE (F)   54        35      1898


SUNRISE AND SUNSET
DECEMBER  6 2016......SUNRISE   704 AM EST   SUNSET   529 PM EST
DECEMBER  7 2016......SUNRISE   705 AM EST   SUNSET   529 PM EST


-  INDICATES NEGATIVE NUMBERS.
R  INDICATES RECORD WAS SET OR TIED.
MM INDICATES DATA IS MISSING.
T  INDICATES TRACE AMOUNT.




$$
