000
CDUS42 KMLB 070635
CLIMCO


CLIMATE REPORT
NATIONAL WEATHER SERVICE MELBOURNE FL
135 AM EST SUN FEB 7 2016


...................................

...THE ORLANDO  CLIMATE SUMMARY FOR FEBRUARY 6 2016...

CLIMATE NORMAL PERIOD 1981 TO 2010
CLIMATE RECORD PERIOD 1892 TO 2016


WEATHER ITEM   OBSERVED TIME   RECORD YEAR NORMAL DEPARTURE LAST
                VALUE   (LST)  VALUE       VALUE  FROM      YEAR
                                                  NORMAL
..................................................................
TEMPERATURE (F)
 YESTERDAY
  MAXIMUM         68   1109 AM  89    1923  73     -5       68
  MINIMUM         47    318 AM  28    1917  51     -4       50
  AVERAGE         58                        62     -4       59

PRECIPITATION (IN)
  YESTERDAY        0.55          1.23 1936   0.08   0.47     0.00
  MONTH TO DATE    0.66                      0.50   0.16     1.65
  SINCE DEC 1      7.03                      5.43   1.60     6.76
  SINCE JAN 1      6.31                      2.85   3.46     5.17

SNOWFALL (IN)
  YESTERDAY       MM
  MONTH TO DATE    0.0
  SINCE DEC 1      0.0
  SINCE JUL 1      0.0

DEGREE DAYS
 HEATING
  YESTERDAY        7                         5      2        6
  MONTH TO DATE   19                        30    -11       26
  SINCE DEC 1    219                       367   -148      261
  SINCE JUL 1    228                       414   -186      343

 COOLING
  YESTERDAY        0                         2     -2        0
  MONTH TO DATE   30                        12     18        0
  SINCE DEC 1    268                       127    141      156
  SINCE JAN 1     45                        57    -12       52
..................................................................


WIND (MPH)
  HIGHEST WIND SPEED    18   HIGHEST WIND DIRECTION     W (290)
  HIGHEST GUST SPEED    22   HIGHEST GUST DIRECTION     W (280)
  AVERAGE WIND SPEED     8.6


SKY COVER
  AVERAGE SKY COVER 0.7


WEATHER CONDITIONS
 THE FOLLOWING WEATHER WAS RECORDED YESTERDAY.
  RAIN
  LIGHT RAIN
  FOG


RELATIVE HUMIDITY (PERCENT)
 HIGHEST    93           800 PM
 LOWEST     58          1100 AM
 AVERAGE    76

..........................................................


THE ORLANDO  CLIMATE NORMALS FOR TODAY
                         NORMAL    RECORD    YEAR
 MAXIMUM TEMPERATURE (F)   73        86      1904
 MINIMUM TEMPERATURE (F)   51        19      1895


SUNRISE AND SUNSET
FEBRUARY  7 2016......SUNRISE   710 AM EST   SUNSET   609 PM EST
FEBRUARY  8 2016......SUNRISE   709 AM EST   SUNSET   610 PM EST


-  INDICATES NEGATIVE NUMBERS.
R  INDICATES RECORD WAS SET OR TIED.
MM INDICATES DATA IS MISSING.
T  INDICATES TRACE AMOUNT.




$$
