000
CDUS42 KMLB 290627
CLIMCO


CLIMATE REPORT
NATIONAL WEATHER SERVICE MELBOURNE FL
227 AM EDT FRI AUG 29 2014


...................................

...THE ORLANDO  CLIMATE SUMMARY FOR AUGUST 28 2014...

CLIMATE NORMAL PERIOD 1981 TO 2010
CLIMATE RECORD PERIOD 1892 TO 2014


WEATHER ITEM   OBSERVED TIME   RECORD YEAR NORMAL DEPARTURE LAST
                VALUE   (LST)  VALUE       VALUE  FROM      YEAR
                                                  NORMAL
..................................................................
TEMPERATURE (F)
 YESTERDAY
  MAXIMUM         94    250 PM  99    1903  91      3       91
  MINIMUM         74    645 AM  65    1997  74      0       70
  AVERAGE         84                        82      2       81

PRECIPITATION (IN)
  YESTERDAY        0.00          3.24 1901   0.22  -0.22     0.00
  MONTH TO DATE    6.63                      6.48   0.15     5.11
  SINCE JUN 1     20.06                     21.33  -1.27    23.78
  SINCE JAN 1     37.41                     35.96   1.45    34.65

SNOWFALL (IN)
  YESTERDAY        0.0
  MONTH TO DATE    0.0
  SINCE JUN 1      0.0
  SINCE JUL 1      0.0

DEGREE DAYS
 HEATING
  YESTERDAY        0                         0      0        0
  MONTH TO DATE    0                         0      0        0
  SINCE JUN 1      0                         0      0        0
  SINCE JUL 1      0                         0      0        0

 COOLING
  YESTERDAY       19                        18      1       16
  MONTH TO DATE  535                       504     31      525
  SINCE JUN 1   1608                      1543     65     1563
  SINCE JAN 1   2542                      2344    198     2435
..................................................................


WIND (MPH)
  HIGHEST WIND SPEED    17   HIGHEST WIND DIRECTION     E (100)
  HIGHEST GUST SPEED    23   HIGHEST GUST DIRECTION     E (100)
  AVERAGE WIND SPEED     5.5


SKY COVER
  AVERAGE SKY COVER 0.3


WEATHER CONDITIONS
 THE FOLLOWING WEATHER WAS RECORDED YESTERDAY.
  NO SIGNIFICANT WEATHER WAS OBSERVED.


RELATIVE HUMIDITY (PERCENT)
 HIGHEST    93           100 AM
 LOWEST     46           200 PM
 AVERAGE    70

..........................................................


THE ORLANDO  CLIMATE NORMALS FOR TODAY
                         NORMAL    RECORD    YEAR
 MAXIMUM TEMPERATURE (F)   91        98      1936
                                             1914
 MINIMUM TEMPERATURE (F)   74        65      1896


SUNRISE AND SUNSET
AUGUST 29 2014........SUNRISE   702 AM EDT   SUNSET   750 PM EDT
AUGUST 30 2014........SUNRISE   703 AM EDT   SUNSET   749 PM EDT


-  INDICATES NEGATIVE NUMBERS.
R  INDICATES RECORD WAS SET OR TIED.
MM INDICATES DATA IS MISSING.
T  INDICATES TRACE AMOUNT.




$$
