000
CDUS42 KMLB 290643
CLIMCO


CLIMATE REPORT
NATIONAL WEATHER SERVICE MELBOURNE FL
232 AM EDT MON MAY 29 2017


...................................

...THE ORLANDO  CLIMATE SUMMARY FOR MAY 28 2017...

CLIMATE NORMAL PERIOD 1981 TO 2010
CLIMATE RECORD PERIOD 1892 TO 2017


WEATHER ITEM   OBSERVED TIME   RECORD YEAR NORMAL DEPARTURE LAST
                VALUE   (LST)  VALUE       VALUE  FROM      YEAR
                                                  NORMAL
..................................................................
TEMPERATURE (F)
 YESTERDAY
  MAXIMUM         93    341 PM  99    2000  90      3       93
                                      1924
                                      1908
  MINIMUM         60    523 AM  58    1901  69     -9       70
  AVERAGE         77                        80     -3       82

PRECIPITATION (IN)
  YESTERDAY        0.00          1.76 1970   0.17  -0.17     0.00
  MONTH TO DATE    2.08                      2.91  -0.83     4.73
  SINCE MAR 1      2.18                      9.36  -7.18    11.31
  SINCE JAN 1      5.11                     14.09  -8.98    18.65

SNOWFALL (IN)
  YESTERDAY        0.0
  MONTH TO DATE    0.0
  SINCE MAR 1      0.0
  SINCE JUL 1      0.0

DEGREE DAYS
 HEATING
  YESTERDAY        0                         0      0        0
  MONTH TO DATE    0                         0      0        0
  SINCE MAR 1     40                        71    -31       16
  SINCE JUL 1    209                       570   -361      370

 COOLING
  YESTERDAY       12                        15     -3       17
  MONTH TO DATE  331                       336     -5      343
  SINCE MAR 1    784                       653    131      802
  SINCE JAN 1    985                       757    228      864
..................................................................


WIND (MPH)
  HIGHEST WIND SPEED    18   HIGHEST WIND DIRECTION     W (270)
  HIGHEST GUST SPEED    23   HIGHEST GUST DIRECTION    NW (300)
  AVERAGE WIND SPEED     7.7


SKY COVER
  AVERAGE SKY COVER 0.2


WEATHER CONDITIONS
 THE FOLLOWING WEATHER WAS RECORDED YESTERDAY.
  NO SIGNIFICANT WEATHER WAS OBSERVED.


RELATIVE HUMIDITY (PERCENT)
 HIGHEST   100           300 AM
 LOWEST     41           300 PM
 AVERAGE    71

..........................................................


THE ORLANDO  CLIMATE NORMALS FOR TODAY
                         NORMAL    RECORD    YEAR
 MAXIMUM TEMPERATURE (F)   90       100      1908
 MINIMUM TEMPERATURE (F)   70        55      1934


SUNRISE AND SUNSET
MAY 29 2017...........SUNRISE   629 AM EDT   SUNSET   817 PM EDT
MAY 30 2017...........SUNRISE   629 AM EDT   SUNSET   817 PM EDT


-  INDICATES NEGATIVE NUMBERS.
R  INDICATES RECORD WAS SET OR TIED.
MM INDICATES DATA IS MISSING.
T  INDICATES TRACE AMOUNT.




$$
