000
CDUS42 KMLB 300635
CLIMCO


CLIMATE REPORT
NATIONAL WEATHER SERVICE MELBOURNE FL
235 AM EDT TUE JUN 30 2015


...................................

...THE ORLANDO  CLIMATE SUMMARY FOR JUNE 29 2015...

CLIMATE NORMAL PERIOD 1981 TO 2010
CLIMATE RECORD PERIOD 1892 TO 2015


WEATHER ITEM   OBSERVED TIME   RECORD YEAR NORMAL DEPARTURE LAST
                VALUE   (LST)  VALUE       VALUE  FROM      YEAR
                                                  NORMAL
..................................................................
TEMPERATURE (F)
 YESTERDAY
  MAXIMUM         91   1044 AM  99    1998  91      0       96
  MINIMUM         75    203 PM  64    1893  73      2       76
  AVERAGE         83                        82      1       86

PRECIPITATION (IN)
  YESTERDAY        0.05          2.21 1945   0.25  -0.20      T
  MONTH TO DATE    6.79                      7.32  -0.53     4.62
  SINCE JUN 1      6.79                      7.32  -0.53     4.62
  SINCE JAN 1     20.78                     21.95  -1.17    21.97

SNOWFALL (IN)
  YESTERDAY        0.0
  MONTH TO DATE    0.0
  SINCE JUN 1      0.0
  SINCE JUL 1      0.0

DEGREE DAYS
 HEATING
  YESTERDAY        0                         0      0        0
  MONTH TO DATE    0                         0      0        0
  SINCE JUN 1      0                         0      0        0
  SINCE JUL 1    486                       571    -85      406

 COOLING
  YESTERDAY       18                        17      1       21
  MONTH TO DATE  526                       473     53      484
  SINCE JUN 1    526                       473     53      484
  SINCE JAN 1   1706                      1274    432     1418
..................................................................


WIND (MPH)
  HIGHEST WIND SPEED    24   HIGHEST WIND DIRECTION    NW (310)
  HIGHEST GUST SPEED    30   HIGHEST GUST DIRECTION    NW (320)
  AVERAGE WIND SPEED     7.9


SKY COVER
  AVERAGE SKY COVER 0.6


WEATHER CONDITIONS
 THE FOLLOWING WEATHER WAS RECORDED YESTERDAY.
  THUNDERSTORM
  LIGHT RAIN
  FOG


RELATIVE HUMIDITY (PERCENT)
 HIGHEST   100           900 PM
 LOWEST     56          1100 AM
 AVERAGE    78

..........................................................


THE ORLANDO  CLIMATE NORMALS FOR TODAY
                         NORMAL    RECORD    YEAR
 MAXIMUM TEMPERATURE (F)   91        99      1998
 MINIMUM TEMPERATURE (F)   73        64      1893


SUNRISE AND SUNSET
JUNE 30 2015..........SUNRISE   631 AM EDT   SUNSET   827 PM EDT
JULY  1 2015..........SUNRISE   631 AM EDT   SUNSET   827 PM EDT


-  INDICATES NEGATIVE NUMBERS.
R  INDICATES RECORD WAS SET OR TIED.
MM INDICATES DATA IS MISSING.
T  INDICATES TRACE AMOUNT.




$$
