000
CDUS42 KMLB 222123
CLIMCO


CLIMATE REPORT
NATIONAL WEATHER SERVICE MELBOURNE FL
422 PM EST SAT NOV 22 2014


...................................

...THE ORLANDO  CLIMATE SUMMARY FOR NOVEMBER 22 2014...
VALID TODAY AS OF 0400 PM LOCAL TIME.

CLIMATE NORMAL PERIOD 1981 TO 2010
CLIMATE RECORD PERIOD 1892 TO 2014


WEATHER ITEM   OBSERVED TIME   RECORD YEAR NORMAL DEPARTURE LAST
                VALUE   (LST)  VALUE       VALUE  FROM      YEAR
                                                  NORMAL
..................................................................
TEMPERATURE (F)
 TODAY
  MAXIMUM         73   1129 AM  87    1973  77     -4       80
                                      1922
                                      1907
  MINIMUM         65    157 AM  32    1937  57      8       70
  AVERAGE         69                        67      2       75

PRECIPITATION (IN)
  TODAY            0.05          2.09 1988   0.07  -0.02      T
  MONTH TO DATE    1.43                      1.57  -0.14     0.82
  SINCE SEP 1     12.57                     10.94   1.63     6.75
  SINCE JAN 1     50.36                     47.55   2.81    42.34

SNOWFALL (IN)
  TODAY            0.0
  MONTH TO DATE    0.0
  SINCE SEP 1      0.0
  SINCE JUL 1      0.0

DEGREE DAYS
 HEATING
  TODAY            0                         2     -2        0
  MONTH TO DATE   55                        27     28        4
  SINCE SEP 1     55                        32     23        4
  SINCE JUL 1     55                        32     23        4

 COOLING
  TODAY            4                         4      0       10
  MONTH TO DATE   59                       119    -60      171
  SINCE SEP 1    857                       933    -76     1040
  SINCE JAN 1   3455                      3326    129     3531
..................................................................


WIND (MPH)
  HIGHEST WIND SPEED    16   HIGHEST WIND DIRECTION     E (80)
  HIGHEST GUST SPEED    20   HIGHEST GUST DIRECTION     E (70)
  AVERAGE WIND SPEED    10.4


SKY COVER
  AVERAGE SKY COVER 1.0


WEATHER CONDITIONS
 THE FOLLOWING WEATHER WAS RECORDED TODAY.
  RAIN
  LIGHT RAIN
  FOG
  HAZE


RELATIVE HUMIDITY (PERCENT)
 HIGHEST   100           300 PM
 LOWEST     70           600 AM
 AVERAGE    85

..........................................................


THE ORLANDO  CLIMATE NORMALS FOR TOMORROW
                         NORMAL    RECORD    YEAR
 MAXIMUM TEMPERATURE (F)   77        87      1957
                                             1948
 MINIMUM TEMPERATURE (F)   57        33      1936


SUNRISE AND SUNSET
NOVEMBER 22 2014......SUNRISE   653 AM EST   SUNSET   529 PM EST
NOVEMBER 23 2014......SUNRISE   654 AM EST   SUNSET   529 PM EST


-  INDICATES NEGATIVE NUMBERS.
R  INDICATES RECORD WAS SET OR TIED.
MM INDICATES DATA IS MISSING.
T  INDICATES TRACE AMOUNT.




$$
