000
CDUS42 KMLB 310635
CLIMCO


CLIMATE REPORT
NATIONAL WEATHER SERVICE MELBOURNE FL
235 AM EDT FRI OCT 31 2014


...................................

...THE ORLANDO  CLIMATE SUMMARY FOR OCTOBER 30 2014...

CLIMATE NORMAL PERIOD 1981 TO 2010
CLIMATE RECORD PERIOD 1892 TO 2014


WEATHER ITEM   OBSERVED TIME   RECORD YEAR NORMAL DEPARTURE LAST
                VALUE   (LST)  VALUE       VALUE  FROM      YEAR
                                                  NORMAL
..................................................................
TEMPERATURE (F)
 YESTERDAY
  MAXIMUM         84    341 PM  94    1934  82      2       85
  MINIMUM         63    657 AM  43    1937  62      1       67
  AVERAGE         74                        72      2       76

PRECIPITATION (IN)
  YESTERDAY        0.00          2.00 1981   0.07  -0.07      T
  MONTH TO DATE    0.69                      3.24  -2.55     0.15
  SINCE SEP 1     11.14                      9.30   1.84     5.93
  SINCE JAN 1     48.93                     45.91   3.02    41.52

SNOWFALL (IN)
  YESTERDAY        0.0
  MONTH TO DATE    0.0
  SINCE SEP 1      0.0
  SINCE JUL 1      0.0

DEGREE DAYS
 HEATING
  YESTERDAY        0                         0      0        0
  MONTH TO DATE    0                         0      0        0
  SINCE SEP 1      0                         0      0        0
  SINCE JUL 1      0                         0      0        0

 COOLING
  YESTERDAY        9                         8      1       11
  MONTH TO DATE  315                       324     -9      363
  SINCE SEP 1    792                       807    -15      857
  SINCE JAN 1   3390                      3200    190     3348
..................................................................


WIND (MPH)
  HIGHEST WIND SPEED    10   HIGHEST WIND DIRECTION     N (360)
  HIGHEST GUST SPEED    13   HIGHEST GUST DIRECTION     N (360)
  AVERAGE WIND SPEED     2.3


SKY COVER
  AVERAGE SKY COVER 0.5


WEATHER CONDITIONS
 THE FOLLOWING WEATHER WAS RECORDED YESTERDAY.
  FOG


RELATIVE HUMIDITY (PERCENT)
 HIGHEST   100           600 AM
 LOWEST     51           100 PM
 AVERAGE    76

..........................................................


THE ORLANDO  CLIMATE NORMALS FOR TODAY
                         NORMAL    RECORD    YEAR
 MAXIMUM TEMPERATURE (F)   82        90      1922
 MINIMUM TEMPERATURE (F)   62        44      2012
                                             1993


SUNRISE AND SUNSET
OCTOBER 31 2014.......SUNRISE   736 AM EDT   SUNSET   641 PM EDT
NOVEMBER  1 2014......SUNRISE   737 AM EDT   SUNSET   640 PM EDT


-  INDICATES NEGATIVE NUMBERS.
R  INDICATES RECORD WAS SET OR TIED.
MM INDICATES DATA IS MISSING.
T  INDICATES TRACE AMOUNT.




$$
