144
CDUS42 KMLB 270635
CLIMCO


CLIMATE REPORT
NATIONAL WEATHER SERVICE MELBOURNE FL
235 AM EDT FRI MAY 27 2016


...................................

...THE ORLANDO  CLIMATE SUMMARY FOR MAY 26 2016...

CLIMATE NORMAL PERIOD 1981 TO 2010
CLIMATE RECORD PERIOD 1892 TO 2016


WEATHER ITEM   OBSERVED TIME   RECORD YEAR NORMAL DEPARTURE LAST
                VALUE   (LST)  VALUE       VALUE  FROM      YEAR
                                                  NORMAL
..................................................................
TEMPERATURE (F)
 YESTERDAY
  MAXIMUM         87    305 PM  99    1953  90     -3       92
  MINIMUM         64    442 AM  54    1931  69     -5       74
  AVERAGE         76                        79     -3       83

PRECIPITATION (IN)
  YESTERDAY        0.00          2.33 1920   0.16  -0.16     0.00
  MONTH TO DATE    4.73                      2.57   2.16     0.93
  SINCE MAR 1     11.31                      9.02   2.29     5.89
  SINCE JAN 1     18.65                     13.75   4.90    13.99

SNOWFALL (IN)
  YESTERDAY        0.0
  MONTH TO DATE    0.0
  SINCE MAR 1      0.0
  SINCE JUL 1      0.0

DEGREE DAYS
 HEATING
  YESTERDAY        0                         0      0        0
  MONTH TO DATE    0                         0      0        0
  SINCE MAR 1     16                        71    -55       16
  SINCE JUL 1    370                       570   -200      486

 COOLING
  YESTERDAY       11                        14     -3       18
  MONTH TO DATE  312                       307      5      375
  SINCE MAR 1    771                       624    147     1027
  SINCE JAN 1    833                       728    105     1101
..................................................................


WIND (MPH)
  HIGHEST WIND SPEED    20   HIGHEST WIND DIRECTION     E (70)
  HIGHEST GUST SPEED    24   HIGHEST GUST DIRECTION     E (80)
  AVERAGE WIND SPEED     9.1


SKY COVER
  AVERAGE SKY COVER 0.3


WEATHER CONDITIONS
 THE FOLLOWING WEATHER WAS RECORDED YESTERDAY.
  NO SIGNIFICANT WEATHER WAS OBSERVED.


RELATIVE HUMIDITY (PERCENT)
 HIGHEST    81           400 AM
 LOWEST     35           200 PM
 AVERAGE    58

..........................................................


THE ORLANDO  CLIMATE NORMALS FOR TODAY
                         NORMAL    RECORD    YEAR
 MAXIMUM TEMPERATURE (F)   90       100      1962
 MINIMUM TEMPERATURE (F)   69        53      1979


SUNRISE AND SUNSET
MAY 27 2016...........SUNRISE   629 AM EDT   SUNSET   816 PM EDT
MAY 28 2016...........SUNRISE   629 AM EDT   SUNSET   816 PM EDT


-  INDICATES NEGATIVE NUMBERS.
R  INDICATES RECORD WAS SET OR TIED.
MM INDICATES DATA IS MISSING.
T  INDICATES TRACE AMOUNT.




$$
