000
CDUS42 KMLB 160626
CLIMCO


CLIMATE REPORT
NATIONAL WEATHER SERVICE MELBOURNE FL
126 AM EST MON JAN 16 2017


...................................

...THE ORLANDO  CLIMATE SUMMARY FOR JANUARY 15 2017...

CLIMATE NORMAL PERIOD 1981 TO 2010
CLIMATE RECORD PERIOD 1892 TO 2017


WEATHER ITEM   OBSERVED TIME   RECORD YEAR NORMAL DEPARTURE LAST
                VALUE   (LST)  VALUE       VALUE  FROM      YEAR
                                                  NORMAL
..................................................................
TEMPERATURE (F)
 YESTERDAY
  MAXIMUM         80    342 PM  86    1947  71      9       75
  MINIMUM         59    731 AM  26    1948  49     10       58
  AVERAGE         70                        60     10       67

PRECIPITATION (IN)
  YESTERDAY        0.00          1.37 1991   0.07  -0.07     1.00
  MONTH TO DATE    1.14                      1.15  -0.01     1.69
  SINCE DEC 1      3.66                      3.73  -0.07     2.41
  SINCE JAN 1      1.14                      1.15  -0.01     1.69

SNOWFALL (IN)
  YESTERDAY        0.0
  MONTH TO DATE    0.0
  SINCE DEC 1      0.0
  SINCE JUL 1      0.0

DEGREE DAYS
 HEATING
  YESTERDAY        0                         6     -6        0
  MONTH TO DATE   42                        97    -55       67
  SINCE DEC 1     74                       241   -167       76
  SINCE JUL 1     97                       288   -191       85

 COOLING
  YESTERDAY        5                         1      4        2
  MONTH TO DATE   42                        18     24       15
  SINCE DEC 1    201                        88    113      238
  SINCE JAN 1     42                        18     24       15
..................................................................


WIND (MPH)
  HIGHEST WIND SPEED    15   HIGHEST WIND DIRECTION    NE (60)
  HIGHEST GUST SPEED    18   HIGHEST GUST DIRECTION    NE (60)
  AVERAGE WIND SPEED     5.9


SKY COVER
  AVERAGE SKY COVER 0.6


WEATHER CONDITIONS
 THE FOLLOWING WEATHER WAS RECORDED YESTERDAY.
  FOG


RELATIVE HUMIDITY (PERCENT)
 HIGHEST    97           500 AM
 LOWEST     39           100 PM
 AVERAGE    68

..........................................................


THE ORLANDO  CLIMATE NORMALS FOR TODAY
                         NORMAL    RECORD    YEAR
 MAXIMUM TEMPERATURE (F)   71        86      1947
 MINIMUM TEMPERATURE (F)   49        25      1927


SUNRISE AND SUNSET
JANUARY 16 2017.......SUNRISE   719 AM EST   SUNSET   552 PM EST
JANUARY 17 2017.......SUNRISE   718 AM EST   SUNSET   553 PM EST


-  INDICATES NEGATIVE NUMBERS.
R  INDICATES RECORD WAS SET OR TIED.
MM INDICATES DATA IS MISSING.
T  INDICATES TRACE AMOUNT.




$$
