000
CDUS42 KMLB 210628
CLIMCO


CLIMATE REPORT
NATIONAL WEATHER SERVICE MELBOURNE FL
227 AM EDT TUE OCT 21 2014


...................................

...THE ORLANDO  CLIMATE SUMMARY FOR OCTOBER 20 2014...

CLIMATE NORMAL PERIOD 1981 TO 2010
CLIMATE RECORD PERIOD 1892 TO 2014


WEATHER ITEM   OBSERVED TIME   RECORD YEAR NORMAL DEPARTURE LAST
                VALUE   (LST)  VALUE       VALUE  FROM      YEAR
                                                  NORMAL
..................................................................
TEMPERATURE (F)
 YESTERDAY
  MAXIMUM         86    243 PM  93    1919  84      2       88
  MINIMUM         62    601 AM  46    1989  65     -3       73
  AVERAGE         74                        74      0       81

PRECIPITATION (IN)
  YESTERDAY        0.00          1.15 1902   0.10  -0.10     0.00
  MONTH TO DATE    0.69                      2.43  -1.74     0.15
  SINCE SEP 1     11.14                      8.49   2.65     5.93
  SINCE JAN 1     48.93                     45.10   3.83    41.52

SNOWFALL (IN)
  YESTERDAY        0.0
  MONTH TO DATE    0.0
  SINCE SEP 1      0.0
  SINCE JUL 1      0.0

DEGREE DAYS
 HEATING
  YESTERDAY        0                         0      0        0
  MONTH TO DATE    0                         0      0        0
  SINCE SEP 1      0                         0      0        0
  SINCE JUL 1      0                         0      0        0

 COOLING
  YESTERDAY        9                        10     -1       16
  MONTH TO DATE  234                       238     -4      279
  SINCE SEP 1    711                       721    -10      773
  SINCE JAN 1   3309                      3114    195     3264
..................................................................


WIND (MPH)
  HIGHEST WIND SPEED    12   HIGHEST WIND DIRECTION     S (170)
  HIGHEST GUST SPEED    22   HIGHEST GUST DIRECTION     N (360)
  AVERAGE WIND SPEED     4.6


SKY COVER
  AVERAGE SKY COVER 0.5


WEATHER CONDITIONS
 THE FOLLOWING WEATHER WAS RECORDED YESTERDAY.
  FOG


RELATIVE HUMIDITY (PERCENT)
 HIGHEST   100           500 AM
 LOWEST     44           100 PM
 AVERAGE    72

..........................................................


THE ORLANDO  CLIMATE NORMALS FOR TODAY
                         NORMAL    RECORD    YEAR
 MAXIMUM TEMPERATURE (F)   84        93      2006
 MINIMUM TEMPERATURE (F)   65        44      1989


SUNRISE AND SUNSET
OCTOBER 21 2014.......SUNRISE   730 AM EDT   SUNSET   650 PM EDT
OCTOBER 22 2014.......SUNRISE   730 AM EDT   SUNSET   649 PM EDT


-  INDICATES NEGATIVE NUMBERS.
R  INDICATES RECORD WAS SET OR TIED.
MM INDICATES DATA IS MISSING.
T  INDICATES TRACE AMOUNT.




$$
