000
CDUS42 KMLB 260626
CLIMCO


CLIMATE REPORT
NATIONAL WEATHER SERVICE MELBOURNE FL
225 AM EDT WED APR 26 2017


...................................

...THE ORLANDO  CLIMATE SUMMARY FOR APRIL 25 2017...

CLIMATE NORMAL PERIOD 1981 TO 2010
CLIMATE RECORD PERIOD 1892 TO 2017


WEATHER ITEM   OBSERVED TIME   RECORD YEAR NORMAL DEPARTURE LAST
                VALUE   (LST)  VALUE       VALUE  FROM      YEAR
                                                  NORMAL
..................................................................
TEMPERATURE (F)
 YESTERDAY
  MAXIMUM         84    404 PM  97    1908  84      0       84
  MINIMUM         54    554 AM  44    2012  62     -8       66
  AVERAGE         69                        73     -4       75

PRECIPITATION (IN)
  YESTERDAY        0.00          2.74 1918   0.08  -0.08     0.00
  MONTH TO DATE    T                         2.32  -2.32     0.63
  SINCE MAR 1      0.10                      6.09  -5.99     5.94
  SINCE JAN 1      3.03                     10.82  -7.79    13.28

SNOWFALL (IN)
  YESTERDAY        0.0
  MONTH TO DATE    0.0
  SINCE MAR 1      0.0
  SINCE JUL 1      0.0

DEGREE DAYS
 HEATING
  YESTERDAY        0                         0      0        0
  MONTH TO DATE    3                        11     -8        0
  SINCE MAR 1     40                        70    -30       16
  SINCE JUL 1    209                       569   -360      370

 COOLING
  YESTERDAY        4                         8     -4       10
  MONTH TO DATE  223                       157     66      181
  SINCE MAR 1    386                       275    111      398
  SINCE JAN 1    587                       379    208      460
..................................................................


WIND (MPH)
  HIGHEST WIND SPEED    16   HIGHEST WIND DIRECTION    SW (230)
  HIGHEST GUST SPEED    22   HIGHEST GUST DIRECTION     W (290)
  AVERAGE WIND SPEED     8.4


SKY COVER
  AVERAGE SKY COVER 0.5


WEATHER CONDITIONS
 THE FOLLOWING WEATHER WAS RECORDED YESTERDAY.
  NO SIGNIFICANT WEATHER WAS OBSERVED.


RELATIVE HUMIDITY (PERCENT)
 HIGHEST    93           600 AM
 LOWEST     34           300 PM
 AVERAGE    64

..........................................................


THE ORLANDO  CLIMATE NORMALS FOR TODAY
                         NORMAL    RECORD    YEAR
 MAXIMUM TEMPERATURE (F)   84        98      1908
 MINIMUM TEMPERATURE (F)   62        47      1910


SUNRISE AND SUNSET
APRIL 26 2017.........SUNRISE   649 AM EDT   SUNSET   757 PM EDT
APRIL 27 2017.........SUNRISE   648 AM EDT   SUNSET   758 PM EDT


-  INDICATES NEGATIVE NUMBERS.
R  INDICATES RECORD WAS SET OR TIED.
MM INDICATES DATA IS MISSING.
T  INDICATES TRACE AMOUNT.




$$
