000
CDUS42 KMLB 260627
CLIMCO


CLIMATE REPORT
NATIONAL WEATHER SERVICE MELBOURNE FL
226 AM EDT SUN JUN 26 2016


...................................

...THE ORLANDO  CLIMATE SUMMARY FOR JUNE 25 2016...

CLIMATE NORMAL PERIOD 1981 TO 2010
CLIMATE RECORD PERIOD 1892 TO 2016


WEATHER ITEM   OBSERVED TIME   RECORD YEAR NORMAL DEPARTURE LAST
                VALUE   (LST)  VALUE       VALUE  FROM      YEAR
                                                  NORMAL
..................................................................
TEMPERATURE (F)
 YESTERDAY
  MAXIMUM         96    401 PM  99    1950  91      5       94
                                      1948
                                      1914
  MINIMUM         77    628 AM  63    1960  73      4       72
  AVERAGE         87                        82      5       83

PRECIPITATION (IN)
  YESTERDAY        0.00          2.54 2015   0.25  -0.25     2.54
  MONTH TO DATE    5.56                      6.35  -0.79     5.82
  SINCE JUN 1      5.56                      6.35  -0.79     5.82
  SINCE JAN 1     25.65                     20.98   4.67    19.81

SNOWFALL (IN)
  YESTERDAY        0.0
  MONTH TO DATE    0.0
  SINCE JUN 1      0.0
  SINCE JUL 1      0.0

DEGREE DAYS
 HEATING
  YESTERDAY        0                         0      0        0
  MONTH TO DATE    0                         0      0        0
  SINCE JUN 1      0                         0      0        0
  SINCE JUL 1    370                       571   -201      486

 COOLING
  YESTERDAY       22                        17      5       18
  MONTH TO DATE  448                       405     43      450
  SINCE JUN 1    448                       405     43      450
  SINCE JAN 1   1363                      1206    157     1630
..................................................................


WIND (MPH)
  HIGHEST WIND SPEED    12   HIGHEST WIND DIRECTION     S (170)
  HIGHEST GUST SPEED    20   HIGHEST GUST DIRECTION     S (160)
  AVERAGE WIND SPEED     5.4


SKY COVER
  AVERAGE SKY COVER 0.6


WEATHER CONDITIONS
 THE FOLLOWING WEATHER WAS RECORDED YESTERDAY.
  NO SIGNIFICANT WEATHER WAS OBSERVED.


RELATIVE HUMIDITY (PERCENT)
 HIGHEST    91           300 AM
 LOWEST     39           500 PM
 AVERAGE    65

..........................................................


THE ORLANDO  CLIMATE NORMALS FOR TODAY
                         NORMAL    RECORD    YEAR
 MAXIMUM TEMPERATURE (F)   91       100      1950
                                             1914
 MINIMUM TEMPERATURE (F)   73        66      1893


SUNRISE AND SUNSET
JUNE 26 2016..........SUNRISE   630 AM EDT   SUNSET   827 PM EDT
JUNE 27 2016..........SUNRISE   630 AM EDT   SUNSET   827 PM EDT


-  INDICATES NEGATIVE NUMBERS.
R  INDICATES RECORD WAS SET OR TIED.
MM INDICATES DATA IS MISSING.
T  INDICATES TRACE AMOUNT.




$$
