000
CXUS52 KMLB 011301
CLMMCO


CLIMATE REPORT
NATIONAL WEATHER SERVICE MELBOURNE FL
828 AM EDT WED NOV 1 2017

...................................

...THE ORLANDO  AREA CLIMATE SUMMARY FOR THE MONTH OF OCTOBER 2017...

CLIMATE NORMAL PERIOD 1981 TO 2010
CLIMATE RECORD PERIOD 1892 TO 2017

WEATHER         OBSERVED          NORMAL  DEPART  LAST YEAR`S
                 VALUE   DATE(S)  VALUE   FROM    VALUE  DATE(S)
                                          NORMAL
................................................................
TEMPERATURE (F)
MONTHLY RECORD
 HOTTEST         80.2   1919
 COLDEST         70.3   1938
DAILY RECORD
 HIGH              98   10/08/1919
                        10/07/1919
                        10/05/1919
                        10/04/1919
                        10/01/1904
 LOW               38   10/25/1937
                        10/24/1937
OCTOBER 2017
HIGHEST            92   10/08                         92
                        10/07
LOWEST             47   10/31                         54
AVG. MAXIMUM     83.1              84.6    -1.5     85.1
AVG. MINIMUM     68.0              66.4     1.6     67.9
MEAN             75.5              75.5     0.0     76.5
DAYS MAX >= 90      5               3.1     1.9        2
DAYS MAX <= 32      0               0.0     0.0        0
DAYS MIN <= 32      0               0.0     0.0        0
DAYS MIN <= 0       0               0.0     0.0        0

PRECIPITATION (INCHES)
MONTHLY RECORD
 MAXIMUM        19.10   1915
 MINIMUM         0.00   2010
DAILY RECORD
 MAXIMUM         8.02   10/18/1910
OCTOBER 2017
TOTALS           3.59              3.31    0.28     2.77
DAYS >= .01        15               8.0     7.0        8
DAYS >= .10         9               5.1     3.9        4
DAYS >= .50         2               2.2    -0.2        2
DAYS >= 1.00        0               1.0    -1.0        1
GREATEST
 24 HR. TOTAL    0.93   10/05 TO 10/05

SNOWFALL (INCHES)
TOTALS            0.0               0.0     0.0      0.0
SINCE 7/1         0.0               0.0     0.0      0.0
DAYS >= TRACE       0                                  0

DEGREE_DAYS
HEATING TOTAL      18                 5      13        0
 SINCE 7/1         18                 5      13        0
COOLING TOTAL     355               331      24      366
 SINCE 1/1       3442              3207     235     3562
.................................................................

WIND (MPH)
AVERAGE WIND SPEED              9.5
HIGHEST WIND SPEED/DIRECTION    32/060    DATE  10/04
HIGHEST GUST SPEED/DIRECTION    39/050    DATE  10/04

SKY COVER
POSSIBLE SUNSHINE (PERCENT)   MM
AVERAGE SKY COVER           0.50
NUMBER OF DAYS FAIR            8
NUMBER OF DAYS PC             16
NUMBER OF DAYS CLOUDY          7

AVERAGE RH (PERCENT)     77

WEATHER CONDITIONS. NUMBER OF DAYS WITH
THUNDERSTORM              3     MIXED PRECIP               0
HEAVY RAIN                6     RAIN                       9
LIGHT RAIN               20     LT FREEZING RAIN           0
HAIL                      0     LIGHT SNOW                 0
SLEET                     0     FOG                       14
FOG W/VIS <= 1/4 MILE     0     HAZE                       0

-  INDICATES NEGATIVE NUMBERS.
R  INDICATES RECORD WAS SET OR TIED.
MM INDICATES DATA IS MISSING.
T  INDICATES TRACE AMOUNT.

$$

RODRIGUEZ
