000
CXUS52 KMLB 011915 AAA
CLMMCO

CLIMATE REPORT
NATIONAL WEATHER SERVICE MELBOURNE FL
215 PM EST MON DEC 1 2014

...................................

...THE ORLANDO  AREA CLIMATE SUMMARY FOR THE MONTH OF NOVEMBER 2014...

CLIMATE NORMAL PERIOD 1981 TO 2010
CLIMATE RECORD PERIOD 1892 TO 2014

WEATHER         OBSERVED          NORMAL  DEPART  LAST YEAR`S
                 VALUE   DATE(S)  VALUE   FROM    VALUE  DATE(S)
                                          NORMAL
................................................................
TEMPERATURE (F)
MONTHLY RECORD
 HOTTEST         75.8   1986
 COLDEST         61.4   1901
DAILY RECORD
 HIGH              93   11/11/1935
 LOW               28   11/28/1903
NOVEMBER 2014
HIGHEST            87   11/24                         89
LOWEST             41   11/19                         39
AVG. MAXIMUM     75.7              78.4    -2.7     79.5
AVG. MINIMUM     54.9              58.6    -3.7     62.0
MEAN             65.3              68.5    -3.2     70.8
DAYS MAX >= 90      0               0.1    -0.1        0
DAYS MAX <= 32      0               0.0     0.0        0
DAYS MIN <= 32      0               0.0     0.0        0
DAYS MIN <= 0       0               0.0     0.0        0

PRECIPITATION (INCHES)
MONTHLY RECORD
 MAXIMUM        10.29   1987
 MINIMUM         0.03   1967
DAILY RECORD
 MAXIMUM         3.83   11/16/1994
NOVEMBER 2014
TOTALS           4.83              2.17    2.66     0.92
DAYS >= .01         9               6.3     2.7        9
DAYS >= .10         4               3.4     0.6        3
DAYS >= .50         3               1.2     1.8        0
DAYS >= 1.00        1               0.6     0.4        0
GREATEST
 24 HR. TOTAL    3.23   11/25 TO 11/26

SNOWFALL (INCHES)
TOTALS            0.0               0.0     0.0      0.0
SINCE 7/1         0.0               0.0     0.0      0.0
DAYS >= TRACE       0                                  0

DEGREE_DAYS
HEATING TOTAL      82                42      40       23
 SINCE 7/1         82                47      35       23
COOLING TOTAL      95               147     -52      201
 SINCE 1/1       3491              3354     137     3561
.................................................................

WIND (MPH)
AVERAGE WIND SPEED              8.9
HIGHEST WIND SPEED/DIRECTION    29/290    DATE  11/17
HIGHEST GUST SPEED/DIRECTION    39/270    DATE  11/01

SKY COVER
POSSIBLE SUNSHINE (PERCENT)   MM
AVERAGE SKY COVER           0.50
NUMBER OF DAYS FAIR           10
NUMBER OF DAYS PC             12
NUMBER OF DAYS CLOUDY          8

AVERAGE RH (PERCENT)     71

WEATHER CONDITIONS. NUMBER OF DAYS WITH
THUNDERSTORM              3     MIXED PRECIP               0
HEAVY RAIN                3     RAIN                       5
LIGHT RAIN               10     LT FREEZING RAIN           0
HAIL                      0     LIGHT SNOW                 0
SLEET                     0     FOG                       13
FOG W/VIS <= 1/4 MILE     1     HAZE                       3

-  INDICATES NEGATIVE NUMBERS.
R  INDICATES RECORD WAS SET OR TIED.
MM INDICATES DATA IS MISSING.
T  INDICATES TRACE AMOUNT.

============================================================

...THE ORLANDO INTERNATIONAL CLIMATE SUMMARY FOR THE FALL SEASON, FROM
9/1/2014 TO 11/30/2014...

CLIMATE NORMAL PERIOD 1981 TO 2010
CLIMATE RECORD PERIOD 1892 TO 2014

WEATHER         OBSERVED          NORMAL  DEPART  LAST YEAR`S
                 VALUE   DATE(S)  VALUE   FROM    VALUE  DATE(S)
                                          NORMAL
................................................................
TEMPERATURE (F)
FALL RECORDS
 WARMEST         78.3   1986
 COOLEST         70.2   1897
DAILY RECORD
 HIGH             103   09/08/1921
 LOW               28   11/28/1903
FALL 2014
HIGHEST            94   09/02                         94
                        09/01
LOWEST             41   11/19                         39
AVG. MAXIMUM     83.4              84.2    -0.8     85.0
AVG. MINIMUM     64.0              65.9    -1.9     67.5
MEAN             73.7              75.0    -1.3     76.3
DAYS MAX >= 90     20              18.7     1.3       26
DAYS MAX <= 32      0               0.0     0.0        0
DAYS MIN <= 32      0               0.0     0.0        0
DAYS MIN <= 0       0               0.0                0

PRECIPITATION (INCHES)
FALL RECORDS
 MAXIMUM        26.41   1915
 MINIMUM         3.49   1906

FALL 2014
TOTALS          15.97             11.54    4.43     6.85
DAYS >= .01        32              27.5     4.5       23
DAYS >= .10        23              17.3     5.7       10
DAYS >= .50        12               7.5     4.5        2
DAYS >= 1.00        4               3.4     0.6        2
GREATEST
 24 HR. TOTAL    3.23   11/25 TO 11/26

SNOWFALL (INCHES)
TOTALS            0.0               0.0     0.0      0.0
SINCE 7/1         0.0               0.0     0.0      0.0
DAYS >= TRACE       0                                  0

DEGREE_DAYS
HEATING TOTAL      82                47      35       23
COOLING TOTAL     893               961     -68     1070
.................................................................

WIND (MPH)
AVERAGE WIND SPEED              6.8
HIGHEST WIND SPEED/DIRECTION    29/290    DATE  11/17
HIGHEST GUST SPEED/DIRECTION    39/270    DATE  11/01

SKY COVER
POSSIBLE SUNSHINE (PERCENT)   MM
AVERAGE SKY COVER           0.50
NUMBER OF DAYS FAIR           28
NUMBER OF DAYS PC             47
NUMBER OF DAYS CLOUDY         16

AVERAGE RH (PERCENT)     74

WEATHER CONDITIONS. NUMBER OF DAYS WITH
THUNDERSTORM             19     MIXED PRECIP               0
HEAVY RAIN               16     RAIN                      18
LIGHT RAIN               41     LT FREEZING RAIN           0
HAIL                      0     LIGHT SNOW                 0
SLEET                     0     FOG                       48
FOG W/VIS <= 1/4 MILE     5     HAZE                       7

-  INDICATES NEGATIVE NUMBERS.
R  INDICATES RECORD WAS SET OR TIED.
MM INDICATES DATA IS MISSING.
T  INDICATES TRACE AMOUNT.

$$
