000
CXUS52 KMLB 011926
CLMMCO


CLIMATE REPORT
NATIONAL WEATHER SERVICE MELBOURNE FL
216 PM EDT SUN OCT 1 2017

...................................

...THE ORLANDO  AREA CLIMATE SUMMARY FOR THE MONTH OF SEPTEMBER 2017...

CLIMATE NORMAL PERIOD 1981 TO 2010
CLIMATE RECORD PERIOD 1892 TO 2017

WEATHER         OBSERVED          NORMAL  DEPART  LAST YEAR`S
                 VALUE   DATE(S)  VALUE   FROM    VALUE  DATE(S)
                                          NORMAL
................................................................
TEMPERATURE (F)
MONTHLY RECORD
 HOTTEST         83.9   1988
 COLDEST         75.0   1897
DAILY RECORD
 HIGH             103   09/08/1921
 LOW               50   09/20/1910
SEPTEMBER 2017
HIGHEST            94   09/01                         94
LOWEST             70   09/13                         70
AVG. MAXIMUM     88.7              89.5    -0.8     90.5
AVG. MINIMUM     73.3              72.7     0.6     73.9
MEAN             81.0              81.1    -0.1     82.2
DAYS MAX >= 90     12              15.5    -3.5       21
DAYS MAX <= 32      0               0.0     0.0        0
DAYS MIN <= 32      0               0.0     0.0        0
DAYS MIN <= 0       0               0.0     0.0        0

PRECIPITATION (INCHES)
MONTHLY RECORD
 MAXIMUM        15.87   1945
 MINIMUM         0.43   1972
DAILY RECORD
 MAXIMUM        8.43    09/16/1945
SEPTEMBER 2017
TOTALS          14.09              6.06    8.03     7.26
DAYS >= .01        16              13.2     2.8       20
DAYS >= .10        11               8.8     2.2       11
DAYS >= .50         7               4.1     2.9        4
DAYS >= 1.00        3               1.8     1.2        2
GREATEST
 24 HR. TOTAL    6.61   09/10 TO 09/10

SNOWFALL (INCHES)
TOTALS            0.0               0.0     0.0      0.0
SINCE 7/1         0.0               0.0     0.0      0.0
DAYS >= TRACE       0                                  0

DEGREE_DAYS
HEATING TOTAL       0                 0       0        0
 SINCE 7/1          0                 0       0        0
COOLING TOTAL     489               483       6      523
 SINCE 1/1       3087              2876     211     3196
.................................................................

WIND (MPH)
AVERAGE WIND SPEED              7.8
HIGHEST WIND SPEED/DIRECTION    59/110    DATE  09/11
HIGHEST GUST SPEED/DIRECTION    79/050    DATE  09/10

SKY COVER
POSSIBLE SUNSHINE (PERCENT)   MM
AVERAGE SKY COVER           0.60
NUMBER OF DAYS FAIR            5
NUMBER OF DAYS PC             15
NUMBER OF DAYS CLOUDY         10

AVERAGE RH (PERCENT)     80

WEATHER CONDITIONS. NUMBER OF DAYS WITH
THUNDERSTORM             12     MIXED PRECIP               0
HEAVY RAIN               10     RAIN                       9
LIGHT RAIN               15     LT FREEZING RAIN           0
HAIL                      0     LIGHT SNOW                 0
SLEET                     0     FOG                       13
FOG W/VIS <= 1/4 MILE     0     HAZE                       1

-  INDICATES NEGATIVE NUMBERS.
R  INDICATES RECORD WAS SET OR TIED.
MM INDICATES DATA IS MISSING.
T  INDICATES TRACE AMOUNT.

$$
