000
CXUS52 KMLB 011420
CLMMCO


CLIMATE REPORT
NATIONAL WEATHER SERVICE MELBOURNE FL
901 AM EST MON FEB 1 2016

...................................

...THE ORLANDO  AREA CLIMATE SUMMARY FOR THE MONTH OF JANUARY 2016...

CLIMATE NORMAL PERIOD 1981 TO 2010
CLIMATE RECORD PERIOD 1892 TO 2016

WEATHER         OBSERVED          NORMAL  DEPART  LAST YEAR`S
                 VALUE   DATE(S)  VALUE   FROM    VALUE  DATE(S)
                                          NORMAL
................................................................
TEMPERATURE (F)
MONTHLY RECORD
 HOTTEST         71.6   1974
 COLDEST         50.6   1977

DAILY RECORD
 HIGH              88   01/30/1923
                        01/06/1921
 LOW               19   01/21/1985

JANUARY 2016
HIGHEST            84   01/01                         85

LOWEST             34   01/24                         38
AVG. MAXIMUM     68.5              71.2    -2.7     72.1
AVG. MINIMUM     49.6              49.2     0.4     51.8
MEAN             59.0              60.2    -1.2     62.0
DAYS MAX >= 90      0               0.0     0.0        0
DAYS MAX <= 32      0               0.0     0.0        0
DAYS MIN <= 32      0               1.4    -1.4        0
DAYS MIN <= 0       0               0.0     0.0        0

PRECIPITATION (INCHES)
MONTHLY RECORD
 MAXIMUM         8.54   1912
 MINIMUM         0.02   1907

DAILY RECORD
 MAXIMUM         4.17   1/10/1986

JANUARY 2016
TOTALS           5.65              2.35    3.30     3.52
DAYS >= .01        10               6.6     3.4        7
DAYS >= .10         7               3.8     3.2        2
DAYS >= .50         4               1.5     2.5        1
DAYS >= 1.00        3               0.6     2.4        1
GREATEST
 24 HR. TOTAL    1.74   01/27 TO 01/27

SNOWFALL (INCHES)
TOTALS            0.0               0.0     0.0      0.0
SINCE 7/1         0.0               0.0     0.0      0.0
DAYS >= TRACE       0                                  0

DEGREE_DAYS
HEATING TOTAL     191               193      -2      141
 SINCE 7/1        209               384    -175      317
COOLING TOTAL      15                45     -30       52
 SINCE 1/1         15                38     -23       52
.................................................................

WIND (MPH)
AVERAGE WIND SPEED              8.2
HIGHEST WIND SPEED/DIRECTION    33/170    DATE  01/17
HIGHEST GUST SPEED/DIRECTION    47/190    DATE  01/17

SKY COVER
POSSIBLE SUNSHINE (PERCENT)   MM
AVERAGE SKY COVER           0.70
NUMBER OF DAYS FAIR            1
NUMBER OF DAYS PC             16
NUMBER OF DAYS CLOUDY         14

AVERAGE RH (PERCENT)     70

WEATHER CONDITIONS. NUMBER OF DAYS WITH
THUNDERSTORM              3     MIXED PRECIP               0
HEAVY RAIN                4     RAIN                       8
LIGHT RAIN               15     LT FREEZING RAIN           0
HAIL                      0     LIGHT SNOW                 0
SLEET                     0     FOG                       17
FOG W/VIS <= 1/4 MILE     4     HAZE                       2

-  INDICATES NEGATIVE NUMBERS.
R  INDICATES RECORD WAS SET OR TIED.
MM INDICATES DATA IS MISSING.
T  INDICATES TRACE AMOUNT.

$$
