000
CXUS52 KMLB 011828 AAB
CLMMCO

CLIMATE REPORT...AMENDED TO ADD SEASONAL CLIMATE
NATIONAL WEATHER SERVICE MELBOURNE FL
228 PM EDT WED JUN 1 2016

...................................

...THE ORLANDO AREA CLIMATE SUMMARY FOR THE MONTH OF MAY 2016...

CLIMATE NORMAL PERIOD 1981 TO 2010
CLIMATE RECORD PERIOD 1892 TO 2016

WEATHER         OBSERVED          NORMAL  DEPART  LAST YEAR`S
                 VALUE   DATE(S)  VALUE   FROM    VALUE  DATE(S)
                                          NORMAL
................................................................
TEMPERATURE (F)
MONTHLY RECORD
 HOTTEST         80.6   1915
 COLDEST         72.5   1931
DAILY RECORD
 HIGH             102   05/31/1945
 LOW               47   05/03/1925
                        05/11/1923
MAY 2016
HIGHEST            94   05/29                         95
LOWEST             53   05/06                         60
AVG. MAXIMUM     88.3              88.1     0.2     89.5
AVG. MINIMUM     66.6              66.4     0.2     69.3
MEAN             77.4              77.3     0.1     79.4
DAYS MAX >= 90     13              11.3     1.7       18
DAYS MAX <= 32      0               0.0     0.0        0
DAYS MIN <= 32      0               0.0     0.0        0
DAYS MIN <= 0       0               0.0     0.0        0

PRECIPITATION (INCHES)
MONTHLY RECORD
 MAXIMUM        14.56   2009
 MINIMUM         0.43   1961
DAILY RECORD     4.44   05/29/1932
MAY 2016
TOTALS           6.17              3.45    2.72     0.93
DAYS >= .01        10               7.5     2.5        5
DAYS >= .10         7               5.0     2.0        4
DAYS >= .50         4               2.6     1.4        0
DAYS >= 1.00        3               1.1     1.9        0
GREATEST
 24 HR. TOTAL    1.91   05/17 TO 05/17
                        05/17 TO 05/18

SNOWFALL (INCHES)
TOTALS            0.0               0.0     0.0      0.0
SINCE 7/1         0.0               0.0     0.0      0.0
DAYS >= TRACE       0                                  0

DEGREE_DAYS
HEATING TOTAL       0                 1      -1        0
 SINCE 7/1        370               571    -201      486
COOLING TOTAL     394               380      14      454
 SINCE 1/1        915               801     114     1180
.................................................................

WIND (MPH)
AVERAGE WIND SPEED              7.2
HIGHEST WIND SPEED/DIRECTION    30/200    DATE  05/19
HIGHEST GUST SPEED/DIRECTION    39/240    DATE  05/03

SKY COVER
POSSIBLE SUNSHINE (PERCENT)   MM
AVERAGE SKY COVER           0.50
NUMBER OF DAYS FAIR            9
NUMBER OF DAYS PC             18
NUMBER OF DAYS CLOUDY          4

AVERAGE RH (PERCENT)     65

WEATHER CONDITIONS. NUMBER OF DAYS WITH
THUNDERSTORM             10     MIXED PRECIP               0
HEAVY RAIN                6     RAIN                       5
LIGHT RAIN               11     LT FREEZING RAIN           0
HAIL                      0     LIGHT SNOW                 0
SLEET                     0     FOG                        7
FOG W/VIS <= 1/4 MILE     0     HAZE                       1

-  INDICATES NEGATIVE NUMBERS.
R  INDICATES RECORD WAS SET OR TIED.
MM INDICATES DATA IS MISSING.
T  INDICATES TRACE AMOUNT.

...................................

...THE ORLANDO INTERNATIONAL CLIMATE SUMMARY FOR THE SPRING SEASON, FROM
3/1/2016 TO 5/31/2016...

CLIMATE NORMAL PERIOD 1981 TO 2010
CLIMATE RECORD PERIOD 1892 TO 2016

WEATHER         OBSERVED          NORMAL  DEPART  LAST YEAR`S
                 VALUE   DATE(S)  VALUE   FROM    VALUE  DATE(S)
                                          NORMAL
................................................................
TEMPERATURE (F)
SPRING RECORDS
 WARMEST         76.6   2015
 COLDEST         66.5   1931
DAILY RECORD
 HIGH             102   05/31/1945
 LOW               25   03/03/1980
SPRING 2016
HIGHEST            94   05/29                         95
LOWEST             43   03/22                         45
AVG. MAXIMUM     84.6              82.9     1.7     86.7
AVG. MINIMUM     63.0              60.8     2.2     66.5
MEAN             73.8              71.8     2.0     76.6
DAYS MAX >= 90     15              13.4     1.6       26
DAYS MAX <= 32      0               0.0     0.0        0
DAYS MIN <= 32      0               0.0     0.0        0
DAYS MIN <= 0       0               0.0                0

PRECIPITATION (INCHES)
WINTER RECORDS
 MAXIMUM        23.86   1991
 MINIMUM         1.88   1898
SPRING 2016
TOTALS          12.75              9.90    2.85     5.89
DAYS >= .01        26              21.1     4.9       19
DAYS >= .10        16              13.7     2.3       14
DAYS >= .50         7               6.8     0.2        4
DAYS >= 1.00        4               3.0     1.0        1
GREATEST
 24 HR. TOTAL    4.11   MM

SNOWFALL (INCHES)
TOTALS            0.0               0.0     0.0      0.0
SINCE 7/1         0.0               0.0     0.0      0.0
DAYS >= TRACE       0                                  0

DEGREE_DAYS
HEATING TOTAL      16                71     -55       16
COOLING TOTAL     853               697     156     1106
.................................................................

WIND (MPH)
AVERAGE WIND SPEED              7.9
HIGHEST WIND SPEED/DIRECTION    38/250    DATE  03/25
HIGHEST GUST SPEED/DIRECTION    51/250    DATE  03/25

SKY COVER
POSSIBLE SUNSHINE (PERCENT)   MM
AVERAGE SKY COVER           0.50
NUMBER OF DAYS FAIR           20
NUMBER OF DAYS PC             54
NUMBER OF DAYS CLOUDY         18

AVERAGE RH (PERCENT)     65

WEATHER CONDITIONS. NUMBER OF DAYS WITH
THUNDERSTORM             21     MIXED PRECIP               0
HEAVY RAIN               10     RAIN                      15
LIGHT RAIN               32     LT FREEZING RAIN           0
HAIL                      1     LIGHT SNOW                 0
SLEET                     0     FOG                       32
FOG W/VIS <= 1/4 MILE     1     HAZE                       4

-  INDICATES NEGATIVE NUMBERS.
R  INDICATES RECORD WAS SET OR TIED.
MM INDICATES DATA IS MISSING.
T  INDICATES TRACE AMOUNT.

$$
