000
CXUS52 KMLB 051843
CLMMCO

CLIMATE REPORT
NATIONAL WEATHER SERVICE MELBOURNE FL
500 PM EDT MON SEP 1 2014

...................................

...THE ORLANDO AREA CLIMATE SUMMARY FOR THE MONTH OF AUGUST 2014...

CLIMATE NORMAL PERIOD 1981 TO 2010
CLIMATE RECORD PERIOD 1892 TO 2014

WEATHER         OBSERVED          NORMAL  DEPART  LAST YEAR`S
                 VALUE   DATE(S)  VALUE   FROM    VALUE  DATE(S)
                                          NORMAL
................................................................
TEMPERATURE (F)
MONTHLY RECORD
 HOTTEST         85.4   1903
 COLDEST         77.8   1893

DAILY RECORD
 HIGH             101   08/16/1918
                        08/18/1916
 LOW               63   08/22/1930
                        08/10/1893
AUGUST 2014
HIGHEST            98   08/24                         95
LOWEST             73   08/30                         70
                        08/23
                        08/17
AVG. MAXIMUM     93.2              91.6     1.6     92.1
AVG. MINIMUM     74.4              74.1     0.3     74.8
MEAN             83.8              82.8     1.0     83.4
DAYS MAX >= 90     29              23.3     5.7       27
DAYS MAX <= 32      0               0.0     0.0        0
DAYS MIN <= 32      0               0.0     0.0        0
DAYS MIN <= 0       0               0.0     0.0        0

PRECIPITATION (INCHES)
MONTHLY RECORD
 MAXIMUM        17.13   1903
 MINIMUM         1.24   1934

DAILY RECORD
 MAXIMUM         4.88   08/09/1928

AUGUST 2014
TOTALS           7.01              7.13   -0.12     6.05
DAYS >= .01        14              16.6    -2.6       14
DAYS >= .10         8              11.4    -3.4        6
DAYS >= .50         4               4.2    -0.2        3
DAYS >= 1.00        2               2.2    -0.2        1
GREATEST
 24 HR. TOTAL    2.80   08/06 TO 08/07

SNOWFALL (INCHES)
TOTALS            0.0               0.0     0.0      0.0
SINCE 7/1         0.0               0.0     0.0      0.0
DAYS >= TRACE       0                                  0

DEGREE_DAYS
HEATING TOTAL       0                 0       0        0
 SINCE 7/1          0                 0       0        0
COOLING TOTAL     591               553      38      581
 SINCE 1/1       2598              2393     205     2491
.................................................................

WIND (MPH)
AVERAGE WIND SPEED              5.8
HIGHEST WIND SPEED/DIRECTION    33/230    DATE  08/12
HIGHEST GUST SPEED/DIRECTION    40/230    DATE  08/12

SKY COVER
POSSIBLE SUNSHINE (PERCENT)   MM
AVERAGE SKY COVER           0.50
NUMBER OF DAYS FAIR            5
NUMBER OF DAYS PC             25
NUMBER OF DAYS CLOUDY          1

AVERAGE RH (PERCENT)     74

WEATHER CONDITIONS. NUMBER OF DAYS WITH
THUNDERSTORM             22     MIXED PRECIP               0
HEAVY RAIN                7     RAIN                      10
LIGHT RAIN               25     LT FREEZING RAIN           0
HAIL                      0     LIGHT SNOW                 0
SLEET                     0     FOG                       10
FOG W/VIS <= 1/4 MILE     0     HAZE                       2

-  INDICATES NEGATIVE NUMBERS.
R  INDICATES RECORD WAS SET OR TIED.
MM INDICATES DATA IS MISSING.
T  INDICATES TRACE AMOUNT.


=====================================================================


...THE ORLANDO INTERNATIONAL CLIMATE SUMMARY FOR THE SUMMER SEASON,
FROM 6/1/2014 TO 8/31/2014...

CLIMATE NORMAL PERIOD 1981 TO 2010
CLIMATE RECORD PERIOD 1892 TO 2014

WEATHER         OBSERVED          NORMAL  DEPART  LAST YEAR`S
                 VALUE   DATE(S)  VALUE   FROM    VALUE  DATE(S)
                                          NORMAL
................................................................
TEMPERATURE (F)
SUMMER RECORDS
 WARMEST 84.9   1903
 COOLEST 77.6   1893

DAILY RECORDS
 HIGH             101   07/02/1998
                        07/28/1936
                        06/06/1927
 LOW               54   06/01/1984

SUMMER 2014
HIGHEST            98   08/24                         95
LOWEST             68   06/05                         70
                        06/03
                        06/04
AVG. MAXIMUM     92.1              91.4     0.7     90.8
AVG. MINIMUM     73.6              73.2     0.4     73.8
MEAN             82.8              82.3     0.5     82.3
DAYS MAX >= 90     77              64.6    12.4       70
DAYS MAX <= 32      0               0.0     0.0        0
DAYS MIN <= 32      0               0.0     0.0        0
DAYS MIN <= 0       0               0.0                0

PRECIPITATION (INCHES)
SUMMER RECORDS
 MAXIMUM        34.19   2002
 MINIMUM        12.35   1895

SUMMER 2014
TOTALS          20.44             21.98   -1.54    24.72
DAYS >= .01        46              48.5    -2.5       56
DAYS >= .10        29              33.5    -4.5       34
DAYS >= .50        13              14.6    -1.6       13
DAYS >= 1.00        6               6.6    -0.6        8
GREATEST
 24 HR. TOTAL    2.80   08/06 TO 08/07

SNOWFALL (INCHES)
TOTALS            0.0               0.0     0.0      0.0
SINCE 7/1         0.0               0.0     0.0      0.0
DAYS >= TRACE       0                                  0

DEGREE_DAYS
HEATING TOTAL       0                 0       0        0
COOLING TOTAL    1664              1592      72     1619
.................................................................

WIND (MPH)
AVERAGE WIND SPEED              5.9
HIGHEST WIND SPEED/DIRECTION    38/290    DATE  06/14
HIGHEST GUST SPEED/DIRECTION    51/290    DATE  06/14

SKY COVER
POSSIBLE SUNSHINE (PERCENT)   MM
AVERAGE SKY COVER           0.60
NUMBER OF DAYS FAIR            8
NUMBER OF DAYS PC             65
NUMBER OF DAYS CLOUDY         19

AVERAGE RH (PERCENT)     73

WEATHER CONDITIONS. NUMBER OF DAYS WITH
THUNDERSTORM             67     MIXED PRECIP               0
HEAVY RAIN               24     RAIN                      28
LIGHT RAIN               72     LT FREEZING RAIN           0
HAIL                      0     LIGHT SNOW                 0
SLEET                     0     FOG                       38
FOG W/VIS <= 1/4 MILE     0     HAZE                       7

-  INDICATES NEGATIVE NUMBERS.
R  INDICATES RECORD WAS SET OR TIED.
MM INDICATES DATA IS MISSING.
T  INDICATES TRACE AMOUNT.

$$

ULRICH
