000
CXUS52 KMLB 011528 AAA
CLMMCO

CLIMATE REPORT...AMENDED TO ADD SEASONAL CLIMATE
NATIONAL WEATHER SERVICE MELBOURNE FL
1127 AM EDT THU SEP 1 2016

...................................

...THE ORLANDO  AREA CLIMATE SUMMARY FOR THE MONTH OF AUGUST 2016...

CLIMATE NORMAL PERIOD 1981 TO 2010
CLIMATE RECORD PERIOD 1892 TO 2016

WEATHER         OBSERVED          NORMAL  DEPART  LAST YEAR`S
                 VALUE   DATE(S)  VALUE   FROM    VALUE  DATE(S)
                                          NORMAL
................................................................
TEMPERATURE (F)
MONTHLY RECORD
 HOTTEST         85.4   1903
 COLDEST         77.8   1893
DAILY RECORD
 HIGH             101   08/16/1918
                        08/18/1916
 LOW               63   08/22/1930
                        08/10/1893
AUGUST 2016
HIGHEST            97   08/23                         96
LOWEST             70   08/13                         71
AVG. MAXIMUM     91.8              91.6     0.2     91.5
AVG. MINIMUM     75.4              74.1     1.3     74.2
MEAN             83.6              82.8     0.8     82.8
DAYS MAX >= 90     26              23.3     2.7       24
DAYS MAX <= 32      0               0.0     0.0        0
DAYS MIN <= 32      0               0.0     0.0        0
DAYS MIN <= 0       0               0.0     0.0        0

PRECIPITATION (INCHES)
MONTHLY RECORD
 MAXIMUM        17.13   1903
 MINIMUM         1.24   1934
DAILY RECORD
 MAXIMUM         4.88   08/09/1928
AUGUST 2016
TOTALS           9.90              7.13    2.77    15.86
DAYS >= .01        20              16.6     3.4       19
DAYS >= .10        13              11.4     1.6       14
DAYS >= .50         6               4.2     1.8        9
DAYS >= 1.00        3               2.2     0.8        5
GREATEST
 24 HR. TOTAL    2.62   08/15 TO 08/16

SNOWFALL (INCHES)
TOTALS            0.0               0.0     0.0      0.0
SINCE 7/1         0.0               0.0     0.0      0.0
DAYS >= TRACE       0                                  0

DEGREE_DAYS
HEATING TOTAL       0                 0       0        0
 SINCE 7/1          0                 0       0        0
COOLING TOTAL     585               553      32      562
 SINCE 1/1       2673              2393     280     2871
.................................................................

WIND (MPH)
AVERAGE WIND SPEED              6.9
HIGHEST WIND SPEED/DIRECTION    47/150    DATE  08/13
HIGHEST GUST SPEED/DIRECTION    59/150    DATE  08/13

SKY COVER
POSSIBLE SUNSHINE (PERCENT)   MM
AVERAGE SKY COVER           0.60
NUMBER OF DAYS FAIR            3
NUMBER OF DAYS PC             21
NUMBER OF DAYS CLOUDY          7

AVERAGE RH (PERCENT)     75

WEATHER CONDITIONS. NUMBER OF DAYS WITH
THUNDERSTORM             21     MIXED PRECIP               0
HEAVY RAIN               11     RAIN                      12
LIGHT RAIN               21     LT FREEZING RAIN           0
HAIL                      0     LIGHT SNOW                 0
SLEET                     0     FOG                       14
FOG W/VIS <= 1/4 MILE     0     HAZE                       4

-  INDICATES NEGATIVE NUMBERS.
R  INDICATES RECORD WAS SET OR TIED.
MM INDICATES DATA IS MISSING.
T  INDICATES TRACE AMOUNT.

...................................

...THE ORLANDO INTERNATIONAL CLIMATE SUMMARY FOR THE SUMMER SEASON, FROM
6/1/2016 TO 8/31/2016...

CLIMATE NORMAL PERIOD 1981 TO 2010
CLIMATE RECORD PERIOD 1892 TO 2016

WEATHER         OBSERVED          NORMAL  DEPART  LAST YEAR`S
                 VALUE   DATE(S)  VALUE   FROM    VALUE  DATE(S)
                                          NORMAL
................................................................
TEMPERATURE (F)
SUMMER RECORDS
 HOTTEST         84.9   1903
 COOLEST         77.6   1893
DAILY RECORD
 HIGH             101   07/02/1998
                        07/28/1936
                        06/06/1927
 LOW               54   06/01/1984
SUMMER 2016
HIGHEST            98   07/08                        100
LOWEST             68   06/21                         69
AVG. MAXIMUM     92.8              91.4     1.4     92.4
AVG. MINIMUM     74.9              73.2     1.7     73.9
MEAN             83.8              82.3     1.5     83.1
DAYS MAX >= 90     79              64.6    14.4       77
DAYS MAX <= 32      0               0.0     0.0        0
DAYS MIN <= 32      0               0.0     0.0        0
DAYS MIN <= 0       0               0.0                0

PRECIPITATION (INCHES)
SUMMER RECORDS
 MAXIMUM        34.19   2002
 MINIMUM        12.35   1895

SUMMER 2016
TOTALS          21.60             21.98   -0.38    30.07
DAYS >= .01        49              48.5     0.5       51
DAYS >= .10        29              33.5    -4.5       34
DAYS >= .50        16              14.6     1.4       19
DAYS >= 1.00        6               6.6    -0.6        9
GREATEST
 24 HR. TOTAL    2.62   MM

SNOWFALL (INCHES)
TOTALS            0.0               0.0     0.0      0.0
SINCE 7/1         0.0               0.0     0.0      0.0
DAYS >= TRACE       0                                  0

DEGREE_DAYS
HEATING TOTAL       0                 0       0        0
COOLING TOTAL    1758              1592     166     1691
.................................................................

WIND (MPH)
AVERAGE WIND SPEED              6.3
HIGHEST WIND SPEED/DIRECTION    47/150    DATE  08/13
HIGHEST GUST SPEED/DIRECTION    63/110    DATE  07/18

SKY COVER
POSSIBLE SUNSHINE (PERCENT)   MM
AVERAGE SKY COVER           0.60
NUMBER OF DAYS FAIR           13
NUMBER OF DAYS PC             65
NUMBER OF DAYS CLOUDY         14

AVERAGE RH (PERCENT)     72

WEATHER CONDITIONS. NUMBER OF DAYS WITH
THUNDERSTORM             62     MIXED PRECIP               0
HEAVY RAIN               24     RAIN                      24
LIGHT RAIN               57     LT FREEZING RAIN           0
HAIL                      0     LIGHT SNOW                 0
SLEET                     0     FOG                       33
FOG W/VIS <= 1/4 MILE     0     HAZE                       7

-  INDICATES NEGATIVE NUMBERS.
R  INDICATES RECORD WAS SET OR TIED.
MM INDICATES DATA IS MISSING.
T  INDICATES TRACE AMOUNT.

$$
