000
CXUS52 KMLB 011415
CLMMCO


CLIMATE REPORT
NATIONAL WEATHER SERVICE MELBOURNE FL
859 AM EST WED FEB 1 2017

...................................

...THE ORLANDO  AREA CLIMATE SUMMARY FOR THE MONTH OF JANUARY 2017...

CLIMATE NORMAL PERIOD 1981 TO 2010
CLIMATE RECORD PERIOD 1892 TO 2017

WEATHER         OBSERVED          NORMAL  DEPART  LAST YEAR`S
                 VALUE   DATE(S)  VALUE   FROM    VALUE  DATE(S)
                                          NORMAL
................................................................
TEMPERATURE (F)
MONTHLY RECORD
 HOTTEST         71.6   1974
 COLDEST         50.6   1977
DAILY RECORD
 HIGH              88   01/30/1923
                        01/06/1921
 LOW               19   01/21/1985
JANUARY 2017
HIGHEST            86   01/22                         84
                        01/03
LOWEST             36   01/08                         34
AVG. MAXIMUM     75.6              71.2     4.4     68.5
AVG. MINIMUM     53.6              49.2     4.4     49.6
MEAN             64.6              60.2     4.4     59.0
DAYS MAX >= 90      0               0.0     0.0        0
DAYS MAX <= 32      0               0.0     0.0        0
DAYS MIN <= 32      0               1.4    -1.4        0
DAYS MIN <= 0       0               0.0     0.0        0

PRECIPITATION (INCHES)
MONTHLY RECORD
 MAXIMUM         8.54   1912
 MINIMUM         0.02   1907
DAILY RECORD
 MAXIMUM         4.17   01/10/1986
JANUARY 2017
TOTALS           1.98              2.35   -0.37     5.65
DAYS >= .01         8               6.6     1.4       10
DAYS >= .10         5               3.8     1.2        7
DAYS >= .50         2               1.5     0.5        4
DAYS >= 1.00        0               0.6    -0.6        3
GREATEST
 24 HR. TOTAL    0.87   01/06 TO 01/07

SNOWFALL (INCHES)
TOTALS            0.0               0.0     0.0      0.0
SINCE 7/1         0.0               0.0     0.0      0.0
DAYS >= TRACE       0                                  0

DEGREE_DAYS
HEATING TOTAL      98               193     -95      191
 SINCE 7/1        153               384    -231      209
COOLING TOTAL      92                45      47       15
 SINCE 1/1         92                38      54       15
.................................................................

WIND (MPH)
AVERAGE WIND SPEED              7.8
HIGHEST WIND SPEED/DIRECTION    37/200    DATE  01/22
HIGHEST GUST SPEED/DIRECTION    50/200    DATE  01/22

SKY COVER
POSSIBLE SUNSHINE (PERCENT)   MM
AVERAGE SKY COVER           0.50
NUMBER OF DAYS FAIR            6
NUMBER OF DAYS PC             20
NUMBER OF DAYS CLOUDY          5

AVERAGE RH (PERCENT)     69

WEATHER CONDITIONS. NUMBER OF DAYS WITH
THUNDERSTORM              3     MIXED PRECIP               0
HEAVY RAIN                4     RAIN                       4
LIGHT RAIN               11     LT FREEZING RAIN           0
HAIL                      0     LIGHT SNOW                 0
SLEET                     0     FOG                       19
FOG W/VIS <= 1/4 MILE     2     HAZE                       1

-  INDICATES NEGATIVE NUMBERS.
R  INDICATES RECORD WAS SET OR TIED.
MM INDICATES DATA IS MISSING.
T  INDICATES TRACE AMOUNT.

$$
