000
CXUS52 KMLB 012013
CLMMCO


CLIMATE REPORT
NATIONAL WEATHER SERVICE MELBOURNE FL
412 PM EDT TUE AUG 1 2017

...................................

...THE ORLANDO  AREA CLIMATE SUMMARY FOR THE MONTH OF JULY 2017...

CLIMATE NORMAL PERIOD 1981 TO 2010
CLIMATE RECORD PERIOD 1892 TO 2017

WEATHER         OBSERVED          NORMAL  DEPART  LAST YEAR`S
                 VALUE   DATE(S)  VALUE   FROM    VALUE  DATE(S)
                                          NORMAL
................................................................
TEMPERATURE (F)
RECORD
 HIGH             101   07/02/1998
                        07/28/1936
 LOW               64   07/03/1937
                        07/08/1893
                        07/05/1893
HIGHEST            95   07/06        92       3       98  07/08
LOWEST             70   07/17        73      -3       73  07/25
                                                          07/23
                                                          07/22
AVG. MAXIMUM     91.2              91.8    -0.6     94.6
AVG. MINIMUM     73.4              73.6    -0.2     75.7
MEAN             82.3              82.7    -0.4     85.2
DAYS MAX >= 90     24              23.1     0.9       31
DAYS MAX <= 32      0               0.0     0.0        0
DAYS MIN <= 32      0               0.0     0.0        0
DAYS MIN <= 0       0               0.0     0.0        0

PRECIPITATION (INCHES)
RECORD
 MAXIMUM        19.57   1960
 MINIMUM         1.63   1892
TOTALS          10.60              7.27    3.33     3.99
DAYS >= .01        18              16.3     1.7       13
DAYS >= .10        12              11.1     0.9        5
DAYS >= .50         8               5.0     3.0        3
DAYS >= 1.00        2               2.1    -0.1        1
GREATEST
 24 HR. TOTAL    3.09   07/17 TO 07/17

SNOWFALL (INCHES)
TOTALS            0.0               0.0     0.0      0.0
SINCE 7/1         0.0               0.0     0.0      0.0
DAYS >= TRACE       0                                  0

DEGREE_DAYS
HEATING TOTAL       0                 0       0        0
 SINCE 7/1          0                 0       0        0
COOLING TOTAL     543               549      -6      634
 SINCE 1/1       2028              1840     188     2088
.................................................................

WIND (MPH)
AVERAGE WIND SPEED              5.4
HIGHEST WIND SPEED/DIRECTION    39/030    DATE  07/04
HIGHEST GUST SPEED/DIRECTION    51/020    DATE  07/04

SKY COVER
POSSIBLE SUNSHINE (PERCENT)   MM
AVERAGE SKY COVER           0.60
NUMBER OF DAYS FAIR            2
NUMBER OF DAYS PC             25
NUMBER OF DAYS CLOUDY          4

AVERAGE RH (PERCENT)     78

WEATHER CONDITIONS. NUMBER OF DAYS WITH
THUNDERSTORM              0     MIXED PRECIP               0
HEAVY RAIN               11     RAIN                      12
LIGHT RAIN               24     LT FREEZING RAIN           0
HAIL                      0     LIGHT SNOW                 0
SLEET                     0     FOG                       19
FOG W/VIS <= 1/4 MILE     0     HAZE                       0

-  INDICATES NEGATIVE NUMBERS.
R  INDICATES RECORD WAS SET OR TIED.
MM INDICATES DATA IS MISSING.
T  INDICATES TRACE AMOUNT.

$$
