000
CXUS54 KMAF 011110
CF6MDD
PRELIMINARY LOCAL CLIMATOLOGICAL DATA (WS FORM: F-6)
STATION: MIDLAND AIRPARK
MONTH: JUNE
YEAR: 2021
LATITUDE: 32 2 N
LONGITUDE: 102 6 W
TEMPERATURE IN F: :PCPN: SNOW: WIND :SUNSHINE: SKY :PK WND
================================================================================
1 2 3 4 5 6A 6B 7 8 9 10 11 12 13 14 15 16 17 18
12Z AVG MX 2MIN
DY MAX MIN AVG DEP HDD CDD WTR SNW DPTH SPD SPD DIR MIN PSBL S-S WX SPD DR
================================================================================
1 79 59 69 M 0 4 M M M 4.2 10 40 M M 6 1 M M
2 84 60 72 M 0 7 1.13 M M 8.5 20 320 M M 3 3 28 320
3 79 61 70 M 0 5 0.02 M M 7.2 12 130 M M 4 M M
4 81 60 71 M 0 6 M M M 7.3 14 110 M M 1 M M
5 88 62 75 M 0 10 M M M 9.8 16 150 M M 0 22 150
6 95 69 82 M 0 17 M M M 12.1 20 170 M M 0 28 170
7 97 71 84 M 0 19 M M M 6.7 14 120 M M 1 18 190
8 98 73 86 M 0 21 M M M 12.2 17 150 M M 2 25 150
9 100 74 87 M 0 22 M M M 9.8 17 150 M M 0 18 25 150
10 100 75 88 M 0 23 M M M 11.2 17 160 M M 0 25 160
11 104 75 90 M 0 25 M M M 11.9 18 180 M M 0 23 160
12 100 73 87 M 0 22 M M M 11.3 20 140 M M 0 23 150
13 98 75 87 M 0 22 M M M 9.2 15 220 M M 0 20 190
14 89 72 81 M 0 16 0.01 M M 9.6 21 120 M M 1 3 29 50
15 95 70 83 M 0 18 M M M 6.1 13 100 M M 0 17 110
16 97 72 85 M 0 20 M M M 8.4 15 120 M M 0 22 100
17 95 72 84 M 0 19 M M M 8.2 12 150 M M 0 18 150
18 96 74 85 M 0 20 M M M 10.1 14 150 M M 0 20 190
19 98 71 85 M 0 20 M M M 9.3 14 150 M M 0 23 120
20 105 72 89 M 0 24 0.03 M M 11.5 18 150 M M 0 24 150
21 92 70 81 M 0 16 0.03 M M 15.6 22 40 M M 5 3 30 40
22 94 66 80 M 0 15 M M M 8.9 15 70 M M 5 21 70
23 100 73 87 M 0 22 M M M 15.3 21 160 M M 0 28 160
24 98 74 86 M 0 21 M M M 13.8 20 170 M M 0 28 170
25 101 77 89 M 0 24 M M M 13.8 20 200 M M 2 26 170
26 100 69 85 M 0 20 0.86 M M 13.3 26 10 M M 2 13 49 80
27 76 63 70 M 0 5 1.87 M M 12.1 23 40 M M 6 13 31 20
28 79 65 72 M 0 7 2.00 M M 10.7 15 50 M M 8 13 25 70
29 85 66 76 M 0 11 0.34 M M 7.3 10 100 M M 7 1 22 150
30 86 69 78 M 0 13 M M M 9.3 14 150 M M 7 21 150
================================================================================
SM 2789 2082 0 494 6.29 M 304.6 M 60
================================================================================
AV 93.0 69.4 10.2 FASTST M M 2 MAX(MPH)
MISC ----> 26 10 49 80
================================================================================
NOTES:
# LAST OF SEVERAL OCCURRENCES
COLUMN 17 PEAK WIND IN M.P.H.
PRELIMINARY LOCAL CLIMATOLOGICAL DATA (WS FORM: F-6) , PAGE 2
STATION: MIDLAND AIRPARK
MONTH: JUNE
YEAR: 2021
LATITUDE: 32 2 N
LONGITUDE: 102 6 W
[TEMPERATURE DATA] [PRECIPITATION DATA] SYMBOLS USED IN COLUMN 16
AVERAGE MONTHLY: 81.2 TOTAL FOR MONTH: 6.29 1 = FOG OR MIST
DPTR FM NORMAL: 0.0 DPTR FM NORMAL: M 2 = FOG REDUCING VISIBILITY
HIGHEST: 105 ON 20 GRTST 24HR 2.00 ON 28-28 TO 1/4 MILE OR LESS
LOWEST: 59 ON 1 3 = THUNDER
SNOW, ICE PELLETS, HAIL 4 = ICE PELLETS
TOTAL MONTH: M 5 = HAIL
GRTST 24HR M ON M 6 = FREEZING RAIN OR DRIZZLE
GRTST DEPTH: M ON M 7 = DUSTSTORM OR SANDSTORM:
VSBY 1/2 MILE OR LESS
8 = SMOKE OR HAZE
[NO. OF DAYS WITH] [WEATHER - DAYS WITH] 9 = BLOWING SNOW
X = TORNADO
MAX 32 OR BELOW: 0 0.01 INCH OR MORE: 9
MAX 90 OR ABOVE: 20 0.10 INCH OR MORE: 5
MIN 32 OR BELOW: 0 0.50 INCH OR MORE: 4
MIN 0 OR BELOW: 0 1.00 INCH OR MORE: 3
[HDD (BASE 65) ]
TOTAL THIS MO. 0 CLEAR (SCALE 0-3) 22
DPTR FM NORMAL M PTCLDY (SCALE 4-7) 7
TOTAL FM JUL 1 2549 CLOUDY (SCALE 8-10) 1
DPTR FM NORMAL M
[CDD (BASE 65) ]
TOTAL THIS MO. 494
DPTR FM NORMAL M [PRESSURE DATA]
TOTAL FM JAN 1 874 HIGHEST SLP M ON M
DPTR FM NORMAL M LOWEST SLP M ON M
[REMARKS]
#FINAL-06-21#