000
CXUS53 KPAH 180730
CF6MDH
PRELIMINARY LOCAL CLIMATOLOGICAL DATA (WS FORM: F-6)
STATION: CARBONDALE IL
MONTH: MARCH
YEAR: 2024
LATITUDE: 37 46 N
LONGITUDE: 89 15 W
TEMPERATURE IN F: :PCPN: SNOW: WIND :SUNSHINE: SKY :PK WND
================================================================================
1 2 3 4 5 6A 6B 7 8 9 10 11 12 13 14 15 16 17 18
12Z AVG MX 2MIN
DY MAX MIN AVG DEP HDD CDD WTR SNW DPTH SPD SPD DIR MIN PSBL S-S WX SPD DR
================================================================================
1 48 33 41 -1 24 0 0.03 M M 4.5 15 190 M M 9 1 20 180
2 61 32 47 5 18 0 0.00 M M 6.3 16 140 M M 3 12 21 160
3 74 45 60 18 5 0 0.00 M M 13.7 31 210 M M 1 8 41 210
4 79 58 69 26 0 4 0.00 M M 14.0 26 190 M M 4 36 200
5 76 51 64 21 1 0 0.02 M M 9.5 23 230 M M 6 13 31 220
6 59 47 53 10 12 0 0.02 M M 8.6 16 350 M M 10 18 24 340
7 59 47 53 9 12 0 0.04 M M 4.6 12 140 M M 10 18 15 150
8 61 49 55 11 10 0 0.56 M M 8.6 20 330 M M 10 1 26 320
9 52 36 44 0 21 0 T M M 10.9 21 340 M M 6 28 340
10 54 31 43 -1 22 0 0.00 M M 5.9 15 320 M M 0 23 290
11 65 28 47 2 18 0 0.00 M M 8.8 20 210 M M 0 28 220
12 70 41 56 11 9 0 0.00 M M 11.0 23 200 M M 0 30 180
13 77 51 64 18 1 0 0.00 M M 9.4 17 200 M M 1 23 170
14 78 56 67 21 0 2 0.04 M M 14.7 31 270 M M 5 13 48 270
15 59 39 49 3 16 0 0.01 M M 9.0 17 10 M M 5 1 25 350
16 70 34 52 6 13 0 0.00 M M 6.8 20 240 M M 0 1 26 230
17 55 32 44 -3 21 0 0.00 M M 9.6 23 330 M M 2 35 340
================================================================================
SM 1097 710 203 6 0.72 M 155.9 M 72
================================================================================
AV 64.5 41.8 9.2 FASTST M M 4 MAX(MPH)
MISC ----> # 31 210 48 270
================================================================================
NOTES:
# LAST OF SEVERAL OCCURRENCES
COLUMN 17 PEAK WIND IN M.P.H.
PRELIMINARY LOCAL CLIMATOLOGICAL DATA (WS FORM: F-6) , PAGE 2
STATION: CARBONDALE IL
MONTH: MARCH
YEAR: 2024
LATITUDE: 37 46 N
LONGITUDE: 89 15 W
[TEMPERATURE DATA] [PRECIPITATION DATA] SYMBOLS USED IN COLUMN 16
AVERAGE MONTHLY: 53.1 TOTAL FOR MONTH: 0.72 1 = FOG OR MIST
DPTR FM NORMAL: 8.9 DPTR FM NORMAL: -1.42 2 = FOG REDUCING VISIBILITY
HIGHEST: 79 ON 4 GRTST 24HR 0.56 ON 7- 8 TO 1/4 MILE OR LESS
LOWEST: 28 ON 11 3 = THUNDER
SNOW, ICE PELLETS, HAIL 4 = ICE PELLETS
TOTAL MONTH: M 5 = HAIL
GRTST 24HR M ON M 6 = FREEZING RAIN OR DRIZZLE
GRTST DEPTH: M ON M 7 = DUSTSTORM OR SANDSTORM:
VSBY 1/2 MILE OR LESS
8 = SMOKE OR HAZE
[NO. OF DAYS WITH] [WEATHER - DAYS WITH] 9 = BLOWING SNOW
X = TORNADO
MAX 32 OR BELOW: 0 0.01 INCH OR MORE: 7
MAX 90 OR ABOVE: 0 0.10 INCH OR MORE: 1
MIN 32 OR BELOW: 4 0.50 INCH OR MORE: 1
MIN 0 OR BELOW: 0 1.00 INCH OR MORE: 0
[HDD (BASE 65) ]
TOTAL THIS MO. 203 CLEAR (SCALE 0-3) 7
DPTR FM NORMAL -151 PTCLDY (SCALE 4-7) 6
TOTAL FM JUL 1 3159 CLOUDY (SCALE 8-10) 4
DPTR FM NORMAL -720
[CDD (BASE 65) ]
TOTAL THIS MO. 6
DPTR FM NORMAL 6 [PRESSURE DATA]
TOTAL FM JAN 1 13 HIGHEST SLP M ON M
DPTR FM NORMAL 13 LOWEST SLP 29.76 ON 8
[REMARKS]