682
CXUS55 KPAH 011637
CF6MDH
PRELIMINARY LOCAL CLIMATOLOGICAL DATA (WS FORM: F-6)
STATION: CARBONDALE IL
MONTH: MAY
YEAR: 2020
LATITUDE: 37 46 N
LONGITUDE: 89 15 W
TEMPERATURE IN F: :PCPN: SNOW: WIND :SUNSHINE: SKY :PK WND
================================================================================
1 2 3 4 5 6A 6B 7 8 9 10 11 12 13 14 15 16 17 18
12Z AVG MX 2MIN
DY MAX MIN AVG DEP HDD CDD WTR SNW DPTH SPD SPD DIR MIN PSBL S-S WX SPD DR
================================================================================
1 75 42 59 -3 6 0 0.00 M M 5.8 17 190 M M 0 24 190
2 83 58 71 9 0 6 0.00 M M 10.7 18 190 M M 1 27 190
3 74 50 62 0 3 0 0.00 M M 5.6 18 350 M M 4 24 350
4 73 45 59 -3 6 0 0.25 M M 5.7 20 90 M M 3 13 28 110
5 66 50 58 -5 7 0 0.29 M M 7.7 30 340 M M 7 1 46 330
6 63 44 54 -9 11 0 0.03 M M 9.8 20 350 M M 6 1 28 30
7 71 41 56 -8 9 0 0.01 M M 7.7 16 230 M M 2 25 240
8 61 37 49 -15 16 0 0.48 M M 8.3 24 350 M M 6 1 35 340
9 65 33 49 -15 16 0 0.00 M M 3.6 15 330 M M 0 21 360
10 65 45 55 -9 10 0 0.00 M M 10.7 22 310 M M 2 34 310
11 62 38 50 -15 15 0 0.00 M M 5.0 15 340 M M 2 23 340
12 56 49 53 -12 12 0 0.11 M M 5.4 10 190 M M 9 1 14 190
13 61 50 56 -9 9 0 0.19 M M 6.3 10 110 M M 10 1 14 100
14 82 59 71 5 0 6 T M M 11.5 25 200 M M 2 1 33 200
15 72 62 67 1 0 2 0.29 M M 6.8 22 310 M M 6 13 32 320
16 83 63 73 7 0 8 0.08 M M 5.0 16 150 M M 8 12 21 180
17 79 63 71 5 0 6 0.81 M M 7.6 22 230 M M 8 1 28 230
18 66 55 61 -6 4 0 0.01 M M 6.1 13 280 M M 7 8 18 290
19 65 56 61 -6 4 0 0.10 M M 6.9 16 320 M M 10 18 22 340
20 71 58 65 -2 0 0 0.00 M M 7.1 16 90 M M 10 18 21 80
21 72 58 65 -3 0 0 T M M 3.4 10 60 M M 10 13 70
22 80 57 69 1 0 4 T M M 4.2 12 180 M M 5 12 16 110
23 86 62 74 6 0 9 0.00 M M 6.6 18 210 M M 2 1 25 220
24 88 65 77 8 0 12 1.11 M M 8.1 24 260 M M 3 13 37 240
25 89 64 77 8 0 12 0.10 M M 6.4 23 110 M M 1 13 30 110
26 82 68 75 6 0 10 0.01 M M 8.4 21 170 M M 3 1 29 170
27 80 68 74 4 0 9 0.31 M M 7.7 14 140 M M 8 18 18 130
28 81 65 73 3 0 8 0.06 M M 7.3 18 210 M M 5 13 26 210
29 81 60 71 1 0 6 0.12 M M 6.0 21 340 M M 4 1 30 350
30 76 55 66 -4 0 1 0.00 M M 6.0 17 350 M M 0 24 340
31 80 56 68 -3 0 3 0.00 M M 4.0 12 10 M M 0 16 50
================================================================================
SM 2288 1676 128 102 4.36 M 211.4 M 144
================================================================================
AV 73.8 54.1 6.8 FASTST M M 5 MAX(MPH)
MISC ----> 30 340 46 330
================================================================================
NOTES:
# LAST OF SEVERAL OCCURRENCES
COLUMN 17 PEAK WIND IN M.P.H.
PRELIMINARY LOCAL CLIMATOLOGICAL DATA (WS FORM: F-6) , PAGE 2
STATION: CARBONDALE IL
MONTH: MAY
YEAR: 2020
LATITUDE: 37 46 N
LONGITUDE: 89 15 W
[TEMPERATURE DATA] [PRECIPITATION DATA] SYMBOLS USED IN COLUMN 16
AVERAGE MONTHLY: 63.9 TOTAL FOR MONTH: 4.36 1 = FOG OR MIST
DPTR FM NORMAL: -2.3 DPTR FM NORMAL: -0.80 2 = FOG REDUCING VISIBILITY
HIGHEST: 89 ON 25 GRTST 24HR 1.21 ON 24-25 TO 1/4 MILE OR LESS
LOWEST: 33 ON 9 3 = THUNDER
SNOW, ICE PELLETS, HAIL 4 = ICE PELLETS
TOTAL MONTH: M 5 = HAIL
GRTST 24HR M ON M 6 = FREEZING RAIN OR DRIZZLE
GRTST DEPTH: M ON M 7 = DUSTSTORM OR SANDSTORM:
VSBY 1/2 MILE OR LESS
8 = SMOKE OR HAZE
[NO. OF DAYS WITH] [WEATHER - DAYS WITH] 9 = BLOWING SNOW
X = TORNADO
MAX 32 OR BELOW: 0 0.01 INCH OR MORE: 18
MAX 90 OR ABOVE: 0 0.10 INCH OR MORE: 12
MIN 32 OR BELOW: 0 0.50 INCH OR MORE: 2
MIN 0 OR BELOW: 0 1.00 INCH OR MORE: 1
[HDD (BASE 65) ]
TOTAL THIS MO. 128 CLEAR (SCALE 0-3) 12
DPTR FM NORMAL 55 PTCLDY (SCALE 4-7) 14
TOTAL FM JUL 1 4385 CLOUDY (SCALE 8-10) 5
DPTR FM NORMAL -88
[CDD (BASE 65) ]
TOTAL THIS MO. 102
DPTR FM NORMAL -8 [PRESSURE DATA]
TOTAL FM JAN 1 119 HIGHEST SLP 30.33 ON 11
DPTR FM NORMAL -17 LOWEST SLP 29.71 ON 17
[REMARKS]
#FINAL-05-20#