000
CXUS51 KCTP 010735
CLMMDT
CLIMATE REPORT
NATIONAL WEATHER SERVICE STATE COLLEGE PA
235 AM EST FRI MAR 01 2024
...................................
...THE HARRISBURG PA CLIMATE SUMMARY FOR THE MONTH OF FEBRUARY 2024...
CLIMATE NORMAL PERIOD 1991 TO 2020
CLIMATE RECORD PERIOD 1888 TO 2024
WEATHER OBSERVED NORMAL DEPART LAST YEAR`S
VALUE DATE(S) VALUE FROM VALUE DATE(S)
NORMAL
................................................................
TEMPERATURE (F)
RECORD
HIGH 79 02/21/2018
LOW -13 02/10/1899
HIGHEST 62 02/28 71 02/23
LOWEST 20 02/20 14 02/04
02/25
AVG. MAXIMUM 47.7 42.0 5.7 51.6
AVG. MINIMUM 28.9 24.7 4.2 29.9
MEAN 38.3 33.4 4.9 40.8
DAYS MAX >= 90 0 0.0 0.0 0
DAYS MAX <= 32 0 4.8 -4.8 1
DAYS MIN <= 32 23 23.1 -0.1 19
DAYS MIN <= 0 0 0.2 -0.2 0
PRECIPITATION (INCHES)
RECORD
MAXIMUM 5.93 1981
MINIMUM 0.39 2002
TOTALS 2.36 2.59 -0.23 0.93
DAILY AVG. 0.08 NAN NAN 0.03
DAYS >= .01 9 10.4 -1.4 8
DAYS >= .10 6 5.9 0.1 4
DAYS >= .50 1 1.7 -0.7 0
DAYS >= 1.00 1 0.4 0.6 0
GREATEST
24 HR. TOTAL 1.40 02/12 TO 02/13 0.38 02/27 TO 02/28
SNOWFALL (INCHES)
RECORDS
TOTAL 42.1 2010
TOTALS 9.0 9.4 -0.4 T
SINCE 7/1 18.7 23.9 -5.2 MM
SNOWDEPTH AVG. 0 0
DAYS >= 1.0 2 2.7 -0.7 0
GREATEST
SNOW DEPTH 6 02/13 0 MM
24 HR TOTAL MM MM T
DEGREE DAYS
HEATING TOTAL 768 886 -118 674
SINCE 7/1 3277 3863 -586 MM
COOLING TOTAL 0 0 0 0
SINCE 1/1 0 0 0 MM
................................................................
WIND (MPH)
AVERAGE WIND SPEED 6.8
HIGHEST WIND SPEED/DIRECTION 39/290 DATE 02/28
HIGHEST GUST SPEED/DIRECTION 53/320 DATE 02/16
SKY COVER
POSSIBLE SUNSHINE (PERCENT) MM
AVERAGE SKY COVER 0.54
NUMBER OF DAYS FAIR 11
NUMBER OF DAYS PC 7
NUMBER OF DAYS CLOUDY 11
AVERAGE RH (PERCENT) 65
WEATHER CONDITIONS. NUMBER OF DAYS WITH
THUNDERSTORM 1 MIXED PRECIP 0
HEAVY RAIN 0 RAIN 3
LIGHT RAIN 11 FREEZING RAIN 0
LT FREEZING RAIN 0 HAIL 0
HEAVY SNOW 1 SNOW 1
LIGHT SNOW 3 SLEET 0
FOG 13 FOG W/VIS <= 1/4 MILE 2
HAZE 2
- INDICATES NEGATIVE NUMBERS.
R INDICATES RECORD WAS SET OR TIED.
MM INDICATES DATA IS MISSING.
T INDICATES TRACE AMOUNT.
$$