000
CXUS53 KARX 240647
CF6MDZ
PRELIMINARY LOCAL CLIMATOLOGICAL DATA (WS FORM: F-6)
STATION: MEDFORD WI
MONTH: JUNE
YEAR: 2022
LATITUDE: 45 5 N
LONGITUDE: 90 18 W
TEMPERATURE IN F: :PCPN: SNOW: WIND :SUNSHINE: SKY :PK WND
================================================================================
1 2 3 4 5 6A 6B 7 8 9 10 11 12 13 14 15 16 17 18
12Z AVG MX 2MIN
DY MAX MIN AVG DEP HDD CDD WTR SNW DPTH SPD SPD DIR MIN PSBL S-S WX SPD DR
================================================================================
1 67 48 58 M 7 0 0.00 0.0 0 8.9 16 340 M M 2 21 340
2 71 45 58 M 7 0 T 0.0 0 4.7 13 250 M M 2 33 240
3 64 41 53 M 12 0 0.00 0.0 0 8.3 16 280 M M 0 28 290
4 69 36 53 M 12 0 0.00 0.0 0 6.9 14 210 M M 0 21 200
5 63 44 54 M 11 0 M 0.0 0 4.8 10 180 M M 8 M M
6 70 51 61 M 4 0 0.39 0.0 0 5.8 10 60 M M 6 1 16 60
7 71 49 60 M 5 0 0.00 0.0 0 3.2 7 50 M M 5 M M
8 70 51 61 M 4 0 0.00 0.0 0 2.5 6 280 M M 7 M M
9 74 45 60 M 5 0 0.00 0.0 0 5.0 16 280 M M 3 23 280
10 74 44 59 M 6 0 0.00 0.0 0 3.5 9 300 M M 3 17 300
11 67 50 59 M 6 0 0.29 0.0 0 4.0 9 190 M M 7 M M
12 70 47 59 M 6 0 0.00 0.0 0 5.6 9 80 M M 4 17 90
13 65 55 60 M 5 0 0.15 0.0 0 7.8 12 110 M M 8 17 130
14 91 62 77 M 0 12 0.00 0.0 0 10.8 20 180 M M 5 25 150
15 78 56 67 M 0 2 0.78 0.0 0 6.3 17 320 M M 5 3 30 240
16 74 56 65 M 0 0 0.00 0.0 0 13.5 25 260 M M 3 35 260
17 77 52 65 M 0 0 0.00 0.0 0 8.0 14 340 M M 1 22 300
18 70 44 57 M 8 0 0.00 0.0 0 5.3 8 160 M M 0 16 190
19 81 53 67 M 0 2 0.00 0.0 0 10.7 16 180 M M 3 24 180
20 91 66 79 M 0 14 0.00 0.0 0 10.2 17 210 M M 0 24 210
21 86 66 76 M 0 11 0.03 0.0 0 9.5 15 250 M M 1 24 260
22 76 56 66 M 0 1 0.00 0.0 0 9.8 18 330 M M 0 23 330
23 85 51 68 M 0 3 0.00 0.0 0 7.6 15 200 M M 0 22 220
24 86 66 76 M 0 11 0.00 0.0 0 9.3 15 210 M M 1 25 200
25 76 62 69 M 0 4 0.15 0.0 0 5.7 10 180 M M 6 20 190
26 67 52 60 M 5 0 0.00 0.0 0 12.3 21 310 M M 3 36 280
27 73 45 59 M 6 0 0.00 0.0 0 6.0 9 300 M M 0 17 10
28 M M M M M M M 0.0 0 M M M M M 0 M M
29 74 M M M M M 0.00 0.0 0 9.3 14 160 M M 0 12 18 140
30 78 65 72 M 0 7 0.09 0.0 0 11.6 22 170 M M 2 30 240
================================================================================
SM 2158 1458 109 67 1.88 0.0 216.9 M 85
================================================================================
AV 74.4 52.1 7.5 FASTST M M 3 MAX(MPH)
MISC ----> 25 260 36 280
================================================================================
NOTES:
# LAST OF SEVERAL OCCURRENCES
COLUMN 17 PEAK WIND IN M.P.H.
PRELIMINARY LOCAL CLIMATOLOGICAL DATA (WS FORM: F-6) , PAGE 2
STATION: MEDFORD WI
MONTH: JUNE
YEAR: 2022
LATITUDE: 45 5 N
LONGITUDE: 90 18 W
[TEMPERATURE DATA] [PRECIPITATION DATA] SYMBOLS USED IN COLUMN 16
AVERAGE MONTHLY: 63.2 TOTAL FOR MONTH: 1.88 1 = FOG OR MIST
DPTR FM NORMAL: 0.0 DPTR FM NORMAL: M 2 = FOG REDUCING VISIBILITY
HIGHEST: 91 ON 14,20 GRTST 24HR 0.78 ON 15-15 TO 1/4 MILE OR LESS
LOWEST: 36 ON 4 3 = THUNDER
SNOW, ICE PELLETS, HAIL 4 = ICE PELLETS
TOTAL MONTH: 0.0 INCH 5 = HAIL
GRTST 24HR 0.0 6 = FREEZING RAIN OR DRIZZLE
GRTST DEPTH: 0 7 = DUSTSTORM OR SANDSTORM:
VSBY 1/2 MILE OR LESS
8 = SMOKE OR HAZE
[NO. OF DAYS WITH] [WEATHER - DAYS WITH] 9 = BLOWING SNOW
X = TORNADO
MAX 32 OR BELOW: 0 0.01 INCH OR MORE: 7
MAX 90 OR ABOVE: 2 0.10 INCH OR MORE: 5
MIN 32 OR BELOW: 0 0.50 INCH OR MORE: 1
MIN 0 OR BELOW: 0 1.00 INCH OR MORE: 0
[HDD (BASE 65) ]
TOTAL THIS MO. 109 CLEAR (SCALE 0-3) 19
DPTR FM NORMAL M PTCLDY (SCALE 4-7) 10
TOTAL FM JUL 1 8678 CLOUDY (SCALE 8-10) 1
DPTR FM NORMAL M
[CDD (BASE 65) ]
TOTAL THIS MO. 67
DPTR FM NORMAL M [PRESSURE DATA]
TOTAL FM JAN 1 99 HIGHEST SLP M ON M
DPTR FM NORMAL M LOWEST SLP M ON M
[REMARKS]
#FINAL-06-22#