000
CXUS54 KMEG 010900
CF6MEM
PRELIMINARY LOCAL CLIMATOLOGICAL DATA (WS FORM: F-6)
STATION: MEMPHIS
MONTH: SEPTEMBER
YEAR: 2021
LATITUDE: 35 3 N
LONGITUDE: 89 59 W
TEMPERATURE IN F: :PCPN: SNOW: WIND :SUNSHINE: SKY :PK WND
================================================================================
1 2 3 4 5 6A 6B 7 8 9 10 11 12 13 14 15 16 17 18
12Z AVG MX 2MIN
DY MAX MIN AVG DEP HDD CDD WTR SNW DPTH SPD SPD DIR MIN PSBL S-S WX SPD DR
================================================================================
1 89 73 81 1 0 16 0.05 0.0 0 7.2 20 20 M M 3 1 25 340
2 89 70 80 0 0 15 0.00 0.0 0 7.2 13 50 M M 1 19 40
3 90 68 79 -1 0 14 0.00 0.0 0 4.7 13 100 M M 4 15 110
4 89 66 78 -1 0 13 0.00 0.0 0 7.2 14 170 M M 5 22 250
5 80 70 75 -4 0 10 T 0.0 0 7.5 15 20 M M 8 19 210
6 87 64 76 -3 0 11 0.00 0.0 0 6.9 20 40 M M 1 23 40
7 90 62 76 -3 0 11 0.00 0.0 0 3.3 10 320 M M 0 15 330
8 86 65 76 -2 0 11 0.01 0.0 0 6.2 16 20 M M 3 21 30
9 87 61 74 -4 0 9 0.00 0.0 0 5.6 17 10 M M 1 22 30
10 88 60 74 -4 0 9 0.00 0.0 0 3.0 10 160 M M 0 14 170
11 86 65 76 -2 0 11 0.00 0.0 0 7.1 13 150 M M 1 24 250
12 88 67 78 1 0 13 0.00 0.0 0 5.9 15 170 M M 1 20 250
13 91 72 82 5 0 17 0.00 0.0 0 8.1 15 190 M M 5 21 190
14 90 73 82 5 0 17 T 0.0 0 7.3 16 200 M M 9 24 220
15 87 73 80 4 0 15 T 0.0 0 6.0 14 120 M M 7 8 20 100
16 86 70 78 2 0 13 0.00 0.0 0 9.6 17 70 M M 6 21 110
17 83 75 79 3 0 14 0.01 0.0 0 6.9 13 80 M M 9 3 18 150
18 81 71 76 1 0 11 0.58 0.0 0 6.1 16 80 M M 8 13 18 90
19 85 71 78 3 0 13 0.04 0.0 0 5.9 10 70 M M 7 1 12 100
20 86 73 80 5 0 15 0.05 0.0 0 6.9 17 110 M M 6 20 120
21 85 62 74 0 0 9 0.74 0.0 0 7.0 24 10 M M 7 1 30 10
22 79 58 69 -5 0 4 T 0.0 0 10.0 22 320 M M 3 1 30 310
23 78 52 65 -9 0 0 0.00 0.0 0 4.2 14 360 M M 1 20 360
24 80 55 68 -5 0 3 0.00 0.0 0 3.5 9 180 M M 4 11 200
25 84 59 72 -1 0 7 0.00 0.0 0 5.8 14 300 M M 2 20 240
26 86 60 73 0 0 8 0.00 0.0 0 4.8 12 170 M M 0 15 200
27 86 63 75 3 0 10 0.00 0.0 0 8.1 15 190 M M 1 22 230
28 89 67 78 6 0 13 0.00 0.0 0 5.5 13 190 M M 5 17 200
29 85 70 78 7 0 13 0.01 0.0 0 5.9 13 150 M M 7 1 16 140
30 76 71 74 3 0 9 0.54 0.0 0 7.0 15 150 M M 10 18 23 130
================================================================================
SM 2566 1986 0 334 2.03 0.0 190.4 M 125
================================================================================
AV 85.5 66.2 6.3 FASTST M M 4 MAX(MPH)
MISC ----> 24 10 # 30 10
================================================================================
NOTES:
# LAST OF SEVERAL OCCURRENCES
COLUMN 17 PEAK WIND IN M.P.H.
PRELIMINARY LOCAL CLIMATOLOGICAL DATA (WS FORM: F-6) , PAGE 2
STATION: MEMPHIS
MONTH: SEPTEMBER
YEAR: 2021
LATITUDE: 35 3 N
LONGITUDE: 89 59 W
[TEMPERATURE DATA] [PRECIPITATION DATA] SYMBOLS USED IN COLUMN 16
AVERAGE MONTHLY: 75.9 TOTAL FOR MONTH: 2.03 1 = FOG OR MIST
DPTR FM NORMAL: -0.1 DPTR FM NORMAL: -1.00 2 = FOG REDUCING VISIBILITY
HIGHEST: 91 ON 13 GRTST 24HR 0.74 ON 21-21 TO 1/4 MILE OR LESS
LOWEST: 52 ON 23 3 = THUNDER
SNOW, ICE PELLETS, HAIL 4 = ICE PELLETS
TOTAL MONTH: 0.0 INCH 5 = HAIL
GRTST 24HR 0.0 6 = FREEZING RAIN OR DRIZZLE
GRTST DEPTH: 0 7 = DUSTSTORM OR SANDSTORM:
VSBY 1/2 MILE OR LESS
8 = SMOKE OR HAZE
[NO. OF DAYS WITH] [WEATHER - DAYS WITH] 9 = BLOWING SNOW
X = TORNADO
MAX 32 OR BELOW: 0 0.01 INCH OR MORE: 9
MAX 90 OR ABOVE: 4 0.10 INCH OR MORE: 3
MIN 32 OR BELOW: 0 0.50 INCH OR MORE: 3
MIN 0 OR BELOW: 0 1.00 INCH OR MORE: 0
[HDD (BASE 65) ]
TOTAL THIS MO. 0 CLEAR (SCALE 0-3) 13
DPTR FM NORMAL -7 PTCLDY (SCALE 4-7) 14
TOTAL FM JUL 1 0 CLOUDY (SCALE 8-10) 3
DPTR FM NORMAL -4
[CDD (BASE 65) ]
TOTAL THIS MO. 334
DPTR FM NORMAL -1 [PRESSURE DATA]
TOTAL FM JAN 1 2099 HIGHEST SLP 30.21 ON 12
DPTR FM NORMAL -98 LOWEST SLP 29.74 ON 1
[REMARKS]
#FINAL-09-21#