000
CXUS54 KBRO 010800
CF6MFE
PRELIMINARY LOCAL CLIMATOLOGICAL DATA (WS FORM: F-6)
STATION: MCALLEN
MONTH: APRIL
YEAR: 2023
LATITUDE: 26 10 N
LONGITUDE: 98 14 W
TEMPERATURE IN F: :PCPN: SNOW: WIND :SUNSHINE: SKY :PK WND
================================================================================
1 2 3 4 5 6A 6B 7 8 9 10 11 12 13 14 15 16 17 18
12Z AVG MX 2MIN
DY MAX MIN AVG DEP HDD CDD WTR SNW DPTH SPD SPD DIR MIN PSBL S-S WX SPD DR
================================================================================
1 89 73 81 5 0 16 0.00 0.0 0 10.0 18 100 M M 6 18 26 90
2 88 73 81 5 0 16 0.00 0.0 0 14.1 23 140 M M 6 18 35 130
3 92 73 83 7 0 18 0.00 0.0 0 15.2 23 140 M M 2 18 37 130
4 90 75 83 6 0 18 0.00 0.0 0 18.1 28 160 M M 5 8 40 150
5 85 59 72 -5 0 7 0.01 0.0 0 13.5 30 10 M M 10 138 49 360
6 59 55 57 -20 8 0 1.06 0.0 0 11.8 17 310 M M 10 138 24 300
7 58 55 57 -20 8 0 0.96 0.0 0 8.4 17 30 M M 10 13 23 30
8 73 58 66 -11 0 1 0.01 0.0 0 5.8 15 340 M M 10 1 18 340
9 77 64 71 -7 0 6 0.02 0.0 0 6.8 14 60 M M 10 138 21 20
10 81 68 75 -3 0 10 0.01 0.0 0 8.3 23 40 M M 9 3 33 20
11 82 63 73 -5 0 8 0.00 0.0 0 7.3 18 60 M M 5 1 27 80
12 82 58 70 -8 0 5 0.00 0.0 0 5.2 16 80 M M 1 1 21 100
13 83 60 72 -6 0 7 0.00 0.0 0 8.9 21 130 M M 1 1 27 180
14 87 68 78 0 0 13 0.00 0.0 0 11.3 22 140 M M 4 1 28 130
15 99 73 86 8 0 21 0.00 0.0 0 7.7 18 150 M M 2 18 24 150
16 84 63 74 -4 0 9 T 0.0 0 11.0 26 80 M M 1 1 34 90
17 84 58 71 -8 0 6 0.00 0.0 0 12.0 25 130 M M 4 32 120
18 83 69 76 -3 0 11 T 0.0 0 14.3 26 130 M M 9 1 35 130
19 86 71 79 0 0 14 0.00 0.0 0 14.8 23 130 M M 9 30 130
20 86 76 81 2 0 16 0.00 0.0 0 13.0 21 140 M M 10 1 28 120
21 95 71 83 4 0 18 0.65 0.0 0 6.5 41 340 M M 7 138 62 310
22 87 71 79 0 0 14 0.00 0.0 0 11.5 22 130 M M 5 1 27 110
23 87 64 76 -4 0 11 0.38 0.0 0 13.7 39 20 M M 9 13 68 30
24 75 62 69 -11 0 4 0.00 0.0 0 7.4 15 10 M M 10 21 360
25 85 66 76 -4 0 11 0.00 0.0 0 5.7 14 80 M M 8 18 18 80
26 89 70 80 0 0 15 0.00 0.0 0 9.4 17 130 M M 6 12 25 110
27 89 71 80 0 0 15 0.16 0.0 0 8.2 22 60 M M 5 3 30 10
28 89 62 76 -4 0 11 1.44 0.0 0 8.5 51 320 M M 6 138 74 320
29 82 60 71 -9 0 6 0.31 0.0 0 10.7 28 320 M M 0 3 41 310
30 88 54 71 -10 0 6 0.00 0.0 M 5.1 14 120 M M 0 18 120
================================================================================
SM 2514 1963 16 313 5.01 0.0 304.2 M 180
================================================================================
AV 83.8 65.4 10.1 FASTST M M 6 MAX(MPH)
MISC ----> 51 320 74 320
================================================================================
NOTES:
# LAST OF SEVERAL OCCURRENCES
COLUMN 17 PEAK WIND IN M.P.H.
PRELIMINARY LOCAL CLIMATOLOGICAL DATA (WS FORM: F-6) , PAGE 2
STATION: MCALLEN
MONTH: APRIL
YEAR: 2023
LATITUDE: 26 10 N
LONGITUDE: 98 14 W
[TEMPERATURE DATA] [PRECIPITATION DATA] SYMBOLS USED IN COLUMN 16
AVERAGE MONTHLY: 74.6 TOTAL FOR MONTH: 5.01 1 = FOG OR MIST
DPTR FM NORMAL: -3.8 DPTR FM NORMAL: 3.58 2 = FOG REDUCING VISIBILITY
HIGHEST: 99 ON 15 GRTST 24HR 1.97 ON 6- 7 TO 1/4 MILE OR LESS
LOWEST: 54 ON 30 3 = THUNDER
SNOW, ICE PELLETS, HAIL 4 = ICE PELLETS
TOTAL MONTH: 0.0 INCH 5 = HAIL
GRTST 24HR 0.0 6 = FREEZING RAIN OR DRIZZLE
GRTST DEPTH: 0 7 = DUSTSTORM OR SANDSTORM:
VSBY 1/2 MILE OR LESS
8 = SMOKE OR HAZE
[NO. OF DAYS WITH] [WEATHER - DAYS WITH] 9 = BLOWING SNOW
X = TORNADO
MAX 32 OR BELOW: 0 0.01 INCH OR MORE: 11
MAX 90 OR ABOVE: 4 0.10 INCH OR MORE: 7
MIN 32 OR BELOW: 0 0.50 INCH OR MORE: 4
MIN 0 OR BELOW: 0 1.00 INCH OR MORE: 2
[HDD (BASE 65) ]
TOTAL THIS MO. 16 CLEAR (SCALE 0-3) 7
DPTR FM NORMAL 11 PTCLDY (SCALE 4-7) 12
TOTAL FM JUL 1 520 CLOUDY (SCALE 8-10) 11
DPTR FM NORMAL 72
[CDD (BASE 65) ]
TOTAL THIS MO. 313
DPTR FM NORMAL -93 [PRESSURE DATA]
TOTAL FM JAN 1 1017 HIGHEST SLP M ON M
DPTR FM NORMAL 117 LOWEST SLP 29.54 ON 4
[REMARKS]
#FINAL-04-23#