000
CXUS56 KMFR 010930
CF6MFR
PRELIMINARY LOCAL CLIMATOLOGICAL DATA (WS FORM: F-6)
STATION: MEDFORD OR
MONTH: OCTOBER
YEAR: 2022
LATITUDE: 42 22 N
LONGITUDE: 122 52 W
TEMPERATURE IN F: :PCPN: SNOW: WIND :SUNSHINE: SKY :PK WND
================================================================================
1 2 3 4 5 6A 6B 7 8 9 10 11 12 13 14 15 16 17 18
12Z AVG MX 2MIN
DY MAX MIN AVG DEP HDD CDD WTR SNW DPTH SPD SPD DIR MIN PSBL S-S WX SPD DR
================================================================================
1 89 49 69 7 0 4 0.00 0.0 0 2.9 10 180 M M 0 15 40
2 90 49 70 8 0 5 0.00 0.0 0 1.9 8 160 M M 0 11 20
3 91 51 71 9 0 6 0.00 0.0 0 2.3 10 360 M M 0 15 280
4 89 51 70 9 0 5 0.00 0.0 0 3.4 13 300 M M 0 17 300
5 90 52 71 10 0 6 0.00 0.0 0 1.9 9 280 M M 0 13 300
6 93 53 73 13 0 8 0.00 0.0 0 1.8 10 310 M M 0 14 310
7 93 53 73 13 0 8 0.00 0.0 0 1.1 8 150 M M 0 11 160
8 91 50 71 11 0 6 0.00 0.0 0 1.4 7 180 M M 0 8 9 320
9 90 50 70 11 0 5 0.00 0.0 0 0.9 7 80 M M 0 8 9 250
10 86 46 66 7 0 1 0.00 0.0 0 2.5 12 340 M M 0 8 16 330
11 83 48 66 8 0 1 0.00 0.0 0 2.9 9 180 M M 0 8 12 180
12 89 46 68 10 0 3 0.00 0.0 0 0.9 9 190 M M 0 8 11 190
13 88 46 67 10 0 2 0.00 0.0 0 1.5 10 160 M M 0 14 200
14 89 46 68 11 0 3 0.00 0.0 0 0.9 12 170 M M 0 14 170
15 91 45 68 12 0 3 0.00 0.0 0 0.7 10 180 M M 0 14 180
16 88 45 67 11 0 2 0.00 0.0 0 4.4 18 300 M M 0 27 290
17 81 46 64 8 1 0 0.00 0.0 0 2.1 7 250 M M 0 11 260
18 83 45 64 9 1 0 0.00 0.0 0 1.5 9 180 M M 0 11 190
19 83 43 63 8 2 0 0.00 0.0 0 1.1 14 180 M M 0 18 180
20 82 44 63 9 2 0 0.00 0.0 0 2.1 8 160 M M 0 8 13 290
21 72 45 59 5 6 0 0.03 0.0 0 4.2 21 320 M M 4 18 30 330
22 55 43 49 -5 16 0 0.36 0.0 0 5.9 18 10 M M 9 1 23 10
23 58 40 49 -4 16 0 T 0.0 0 2.8 10 290 M M 4 14 290
24 49 38 44 -9 21 0 0.05 0.0 0 1.6 5 190 M M 9 12 6 360
25 54 44 49 -3 16 0 0.03 0.0 0 4.2 9 180 M M 8 128 14 180
26 55 40 48 -4 17 0 T 0.0 0 2.9 12 320 M M 5 1 18 320
27 62 38 50 -2 15 0 0.00 0.0 0 1.5 8 190 M M 4 1 10 180
28 65 42 54 3 11 0 0.00 0.0 0 1.2 9 180 M M 0 13 190
29 69 45 57 6 8 0 0.00 0.0 0 1.9 9 160 M M 5 12 180
30 67 39 53 3 12 0 0.00 0.0 0 1.5 8 170 M M 0 8 11 180
31 66 38 52 2 13 0 0.00 0.0 0 2.3 9 300 M M 2 14 320
================================================================================
SM 2431 1410 157 68 0.47 0.0 68.2 M 50
================================================================================
AV 78.4 45.5 2.2 FASTST M M 2 MAX(MPH)
MISC ----> 21 320 30 330
================================================================================
NOTES:
# LAST OF SEVERAL OCCURRENCES
COLUMN 17 PEAK WIND IN M.P.H.
PRELIMINARY LOCAL CLIMATOLOGICAL DATA (WS FORM: F-6) , PAGE 2
STATION: MEDFORD OR
MONTH: OCTOBER
YEAR: 2022
LATITUDE: 42 22 N
LONGITUDE: 122 52 W
[TEMPERATURE DATA] [PRECIPITATION DATA] SYMBOLS USED IN COLUMN 16
AVERAGE MONTHLY: 62.0 TOTAL FOR MONTH: 0.47 1 = FOG OR MIST
DPTR FM NORMAL: 5.9 DPTR FM NORMAL: -0.75 2 = FOG REDUCING VISIBILITY
HIGHEST: 93 ON 7, 6 GRTST 24HR 0.39 ON 21-22 TO 1/4 MILE OR LESS
LOWEST: 38 ON 31,27 3 = THUNDER
SNOW, ICE PELLETS, HAIL 4 = ICE PELLETS
TOTAL MONTH: 0.0 INCH 5 = HAIL
GRTST 24HR 0.0 6 = FREEZING RAIN OR DRIZZLE
GRTST DEPTH: 0 7 = DUSTSTORM OR SANDSTORM:
VSBY 1/2 MILE OR LESS
8 = SMOKE OR HAZE
[NO. OF DAYS WITH] [WEATHER - DAYS WITH] 9 = BLOWING SNOW
X = TORNADO
MAX 32 OR BELOW: 0 0.01 INCH OR MORE: 4
MAX 90 OR ABOVE: 8 0.10 INCH OR MORE: 1
MIN 32 OR BELOW: 0 0.50 INCH OR MORE: 0
MIN 0 OR BELOW: 0 1.00 INCH OR MORE: 0
[HDD (BASE 65) ]
TOTAL THIS MO. 157 CLEAR (SCALE 0-3) 23
DPTR FM NORMAL -131 PTCLDY (SCALE 4-7) 6
TOTAL FM JUL 1 165 CLOUDY (SCALE 8-10) 2
DPTR FM NORMAL -178
[CDD (BASE 65) ]
TOTAL THIS MO. 68
DPTR FM NORMAL 56 [PRESSURE DATA]
TOTAL FM JAN 1 1283 HIGHEST SLP M ON M
DPTR FM NORMAL 374 LOWEST SLP 29.67 ON 31
[REMARKS]
#FINAL-10-22#