000
CXUS56 KMFR 011030
CF6MFR
PRELIMINARY LOCAL CLIMATOLOGICAL DATA (WS FORM: F-6)
STATION: MEDFORD OR
MONTH: JANUARY
YEAR: 2024
LATITUDE: 42 22 N
LONGITUDE: 122 52 W
TEMPERATURE IN F: :PCPN: SNOW: WIND :SUNSHINE: SKY :PK WND
================================================================================
1 2 3 4 5 6A 6B 7 8 9 10 11 12 13 14 15 16 17 18
12Z AVG MX 2MIN
DY MAX MIN AVG DEP HDD CDD WTR SNW DPTH SPD SPD DIR MIN PSBL S-S WX SPD DR
================================================================================
1 49 35 42 3 23 0 0.00 0.0 0 1.7 7 360 M M 6 1 8 300
2 58 32 45 6 20 0 0.06 0.0 0 5.2 29 140 M M 7 12 37 140
3 47 34 41 2 24 0 0.02 0.0 0 0.9 6 260 M M 9 12 7 260
4 45 38 42 3 23 0 0.40 0.0 0 2.7 8 130 M M 10 1 9 10
5 47 38 43 4 22 0 0.00 0.0 0 2.5 9 20 M M 8 1 10 20
6 42 33 38 -1 27 0 0.36 0.3 0 3.1 10 240 M M 9 1 15 270
7 45 34 40 1 25 0 0.01 0.0 0 2.3 13 300 M M 7 18 290
8 41 34 38 -2 27 0 0.01 0.0 0 0.7 6 360 M M 10 1 7 10
9 48 39 44 4 21 0 0.07 0.0 0 7.9 18 260 M M 9 1 33 260
10 41 30 36 -4 29 0 0.48 T 0 4.5 13 30 M M 9 1 16 320
11 44 30 37 -3 28 0 T 0.0 0 1.2 6 240 M M 9 1 10 70
12 42 37 40 0 25 0 0.30 0.0 0 2.0 9 360 M M 10 1 10 10
13 52 37 45 5 20 0 1.30 0.0 0 3.0 12 50 M M 10 1 14 40
14 55 41 48 8 17 0 0.10 0.0 0 2.1 9 50 M M 8 1 11 50
15 51 34 43 3 22 0 0.00 0.0 0 2.0 7 20 M M 5 1 10 200
16 39 29 34 -6 31 0 0.11 0.0 0 0.9 8 360 M M 8 12 11 190
17 55 37 46 6 19 0 0.13 M M 3.5 16 230 M M 9 12 26 240
18 50 43 47 7 18 0 0.06 0.0 0 1.4 8 290 M M 6 12 11 300
19 61 42 52 11 13 0 0.00 0.0 0 9.4 26 140 M M 3 12 37 140
20 55 46 51 10 14 0 0.03 0.0 0 8.2 25 130 M M 8 34 140
21 57 41 49 8 16 0 0.18 0.0 0 2.6 10 360 M M 9 1 11 10
22 57 47 52 11 13 0 0.04 M M 1.9 7 50 M M 9 12 9 50
23 54 47 51 10 14 0 0.03 0.0 0 1.3 7 40 M M 7 1 9 40
24 57 42 50 9 15 0 0.36 0.0 0 4.2 14 280 M M 8 1 21 240
25 55 35 45 4 20 0 T 0.0 0 1.8 7 270 M M 4 12 10 340
26 51 44 48 7 17 0 0.22 0.0 0 2.0 7 350 M M 8 1 9 350
27 57 46 52 10 13 0 0.38 0.0 0 1.5 10 20 M M 10 12 13 10
28 62 50 56 14 9 0 T 0.0 0 1.1 6 130 M M 7 12 6 130
29 64 43 54 12 11 0 0.00 0.0 0 1.0 7 330 M M 4 12 9 280
30 73 47 60 18 5 0 0.00 0.0 0 12.1 33 150 M M 1 1 46 160
31 63 48 56 14 9 0 T 0.0 0 14.4 38 140 M M 9 53 140
================================================================================
SM 1617 1213 590 0 4.65 0.3 109.1 M 236
================================================================================
AV 52.2 39.1 3.5 FASTST M M 8 MAX(MPH)
MISC ----> 38 140 53 140
================================================================================
NOTES:
# LAST OF SEVERAL OCCURRENCES
COLUMN 17 PEAK WIND IN M.P.H.
PRELIMINARY LOCAL CLIMATOLOGICAL DATA (WS FORM: F-6) , PAGE 2
STATION: MEDFORD OR
MONTH: JANUARY
YEAR: 2024
LATITUDE: 42 22 N
LONGITUDE: 122 52 W
[TEMPERATURE DATA] [PRECIPITATION DATA] SYMBOLS USED IN COLUMN 16
AVERAGE MONTHLY: 45.6 TOTAL FOR MONTH: 4.65 1 = FOG OR MIST
DPTR FM NORMAL: 5.2 DPTR FM NORMAL: 1.93 2 = FOG REDUCING VISIBILITY
HIGHEST: 73 ON 30 GRTST 24HR 1.30 ON 13-13 TO 1/4 MILE OR LESS
LOWEST: 29 ON 16 3 = THUNDER
SNOW, ICE PELLETS, HAIL 4 = ICE PELLETS
TOTAL MONTH: 0.3 INCH 5 = HAIL
GRTST 24HR 0.3 ON 6- 6 6 = FREEZING RAIN OR DRIZZLE
GRTST DEPTH: 0 7 = DUSTSTORM OR SANDSTORM:
VSBY 1/2 MILE OR LESS
8 = SMOKE OR HAZE
[NO. OF DAYS WITH] [WEATHER - DAYS WITH] 9 = BLOWING SNOW
X = TORNADO
MAX 32 OR BELOW: 0 0.01 INCH OR MORE: 21
MAX 90 OR ABOVE: 0 0.10 INCH OR MORE: 12
MIN 32 OR BELOW: 4 0.50 INCH OR MORE: 1
MIN 0 OR BELOW: 0 1.00 INCH OR MORE: 1
[HDD (BASE 65) ]
TOTAL THIS MO. 590 CLEAR (SCALE 0-3) 2
DPTR FM NORMAL -174 PTCLDY (SCALE 4-7) 13
TOTAL FM JUL 1 2062 CLOUDY (SCALE 8-10) 16
DPTR FM NORMAL -435
[CDD (BASE 65) ]
TOTAL THIS MO. 0
DPTR FM NORMAL 0 [PRESSURE DATA]
TOTAL FM JAN 1 0 HIGHEST SLP 30.52 ON 5
DPTR FM NORMAL 0 LOWEST SLP 29.42 ON 31
[REMARKS]
#FINAL-01-24#