000
CXUS54 KBMX 041508
CLMMGM
CLIMATE REPORT
NATIONAL WEATHER SERVICE BIRMINGHAM AL
908 AM CST SUN FEB 04 2024
...................................
...THE MONTGOMERY CLIMATE SUMMARY FOR THE MONTH OF JANUARY 2024...
CLIMATE NORMAL PERIOD 1991 TO 2020
CLIMATE RECORD PERIOD 1872 TO 2024
WEATHER OBSERVED NORMAL DEPART LAST YEAR`S
VALUE DATE(S) VALUE FROM VALUE DATE(S)
NORMAL
................................................................
TEMPERATURE (F)
RECORD
HIGH 83 01/11/1949
LOW 0 01/21/1985
HIGHEST 76 01/24 MM MM 78 01/02
01/03
LOWEST 15 01/17 MM MM 27 01/15
01/28
AVG. MAXIMUM 57.7 59.8 -2.1 65.0
AVG. MINIMUM 33.7 36.5 -2.8 42.5
MEAN 45.7 53.8
DAYS MAX >= 90 0 0.0 0.0 0
DAYS MAX <= 32 0 0.1 -0.1 0
DAYS MIN <= 32 15 12.8 2.2 6
DAYS MIN <= 0 0 0.0 0.0 0
PRECIPITATION (INCHES)
RECORD
MAXIMUM 17.78 1892
MINIMUM 0.49 1927
TOTALS 9.05 4.64 4.41 5.52
DAILY AVG. 0.29 0.15 0.14 0.18
DAYS >= .01 13 10.4 2.6 14
DAYS >= .10 8 6.9 1.1 8
DAYS >= .50 6 3.1 2.9 4
DAYS >= 1.00 3 1.7 1.3 2
DEGREE DAYS
HEATING TOTAL 550 526 24 341
SINCE 7/1 1297 1334 -37 MM
COOLING TOTAL 3 4 -1 10
SINCE 1/1 3 4 -1 MM
................................................................
WIND (MPH)
AVERAGE WIND SPEED 7.7
HIGHEST WIND SPEED/DIRECTION 36/130 DATE 01/09
HIGHEST GUST SPEED/DIRECTION 49/140 DATE 01/09
AVERAGE RH (PERCENT) 70
WEATHER CONDITIONS. NUMBER OF DAYS WITH
THUNDERSTORM 4 MIXED PRECIP 1
HEAVY RAIN 7 RAIN 8
LIGHT RAIN 14 FREEZING RAIN 0
LT FREEZING RAIN 1 HAIL 0
HEAVY SNOW 0 SNOW 0
LIGHT SNOW 0 SLEET 0
FOG 15 FOG W/VIS <= 1/4 MILE 1
HAZE 0
- INDICATES NEGATIVE NUMBERS.
R INDICATES RECORD WAS SET OR TIED.
MM INDICATES DATA IS MISSING.
T INDICATES TRACE AMOUNT.
$$