000
CDUS43 KFSD 242222
CLIMHE


CLIMATE REPORT
NATIONAL WEATHER SERVICE SIOUX FALLS SD
522 PM CDT FRI OCT 24 2014


...................................

...THE MITCHELL SD CLIMATE SUMMARY FOR OCTOBER 24 2014...
VALID TODAY AS OF 0500 PM LOCAL TIME.

CLIMATE NORMAL PERIOD 1981 TO 2010
CLIMATE RECORD PERIOD 1893 TO 2014


WEATHER ITEM   OBSERVED TIME   RECORD YEAR NORMAL DEPARTURE LAST
                VALUE   (LST)  VALUE       VALUE  FROM      YEAR
                                                  NORMAL
..................................................................
TEMPERATURE (F)
 TODAY
  MAXIMUM         79    359 PM  85    1944  58     21       49
  MINIMUM         43    726 AM  14    1917  35      8       27
  AVERAGE         61                        46     15       38

PRECIPITATION (IN)
  TODAY            0.00          0.48 1975   0.04  -0.04     0.00
  MONTH TO DATE    0.36                      1.39  -1.03     4.22
  SINCE SEP 1      2.10                      3.71  -1.61     6.66
  SINCE JAN 1     17.20                     20.06  -2.86    25.15

SNOWFALL (IN)
  TODAY            0.0           1.5  1962  MM     MM        0.0
  MONTH TO DATE    0.0                      MM     MM         T
  SINCE SEP 1      0.0                      MM     MM         T
  SINCE JUL 1      0.0                      MM     MM         T
  SNOW DEPTH       0

DEGREE DAYS
 HEATING
  TODAY            4                        19    -15       27
  MONTH TO DATE  268                       340    -72      354
  SINCE SEP 1    386                       481    -95      392
  SINCE JUL 1    398                       498   -100      415

 COOLING
  TODAY            0                         0      0        0
  MONTH TO DATE    0                         7     -7        2
  SINCE SEP 1     78                        79     -1      165
  SINCE JAN 1    724                       824   -100      946
..................................................................


WIND (MPH)
  HIGHEST WIND SPEED    10   HIGHEST WIND DIRECTION     W (260)
  HIGHEST GUST SPEED    14   HIGHEST GUST DIRECTION     W (260)
  AVERAGE WIND SPEED     4.8


SKY COVER
  POSSIBLE SUNSHINE  MM
  AVERAGE SKY COVER 0.0


WEATHER CONDITIONS
 THE FOLLOWING WEATHER WAS RECORDED TODAY.
  HAZE


RELATIVE HUMIDITY (PERCENT)
 HIGHEST   100           100 AM
 LOWEST     21           300 PM
 AVERAGE    61

..........................................................


THE MITCHELL SD CLIMATE NORMALS FOR TOMORROW
                         NORMAL    RECORD    YEAR
 MAXIMUM TEMPERATURE (F)   58        85      1927
 MINIMUM TEMPERATURE (F)   34        16      1907


SUNRISE AND SUNSET
OCTOBER 24 2014.......SUNRISE   758 AM CDT   SUNSET   634 PM CDT
OCTOBER 25 2014.......SUNRISE   759 AM CDT   SUNSET   633 PM CDT


-  INDICATES NEGATIVE NUMBERS.
R  INDICATES RECORD WAS SET OR TIED.
MM INDICATES DATA IS MISSING.
T  INDICATES TRACE AMOUNT.




$$
