000
CDUS43 KFSD 250654
CLIMHE


CLIMATE REPORT
NATIONAL WEATHER SERVICE SIOUX FALLS SD
153 AM CDT WED MAR 25 2015


...................................

...THE MITCHELL SD CLIMATE SUMMARY FOR MARCH 24 2015...

CLIMATE NORMAL PERIOD 1981 TO 2010
CLIMATE RECORD PERIOD 1893 TO 2015


WEATHER ITEM   OBSERVED TIME   RECORD YEAR NORMAL DEPARTURE LAST
                VALUE   (LST)  VALUE       VALUE  FROM      YEAR
                                                  NORMAL
..................................................................
TEMPERATURE (F)
 YESTERDAY
  MAXIMUM         43   1226 AM  82    1939  48     -5       37
                                      1907
  MINIMUM         33    732 AM  -2    1974  26      7       20
  AVERAGE         38                        37      1       29

PRECIPITATION (IN)
  YESTERDAY        0.05          1.13 1937   0.03   0.02      T
  MONTH TO DATE    0.13                      0.71  -0.58     0.56
  SINCE MAR 1      0.13                      0.71  -0.58     0.56
  SINCE JAN 1      0.90                      1.27  -0.37     1.06

SNOWFALL (IN)
  YESTERDAY        0.0           5.0  1975  MM     MM         T
                                      1937
  MONTH TO DATE    0.7                      MM     MM        6.3
  SINCE MAR 1      0.7                      MM     MM        6.3
  SINCE JUL 1     22.6                      MM     MM       28.5
  SNOW DEPTH       0

DEGREE DAYS
 HEATING
  YESTERDAY       27                        28     -1       36
  MONTH TO DATE  615                       775   -160      853
  SINCE MAR 1    615                       775   -160      853
  SINCE JUL 1   6105                      6297   -192     6803

 COOLING
  YESTERDAY        0                         0      0        0
  MONTH TO DATE    4                         0      4        0
  SINCE MAR 1      4                         0      4        0
  SINCE JAN 1      4                         0      4        0
..................................................................


WIND (MPH)
  HIGHEST WIND SPEED    24   HIGHEST WIND DIRECTION    SE (150)
  HIGHEST GUST SPEED    31   HIGHEST GUST DIRECTION    SE (150)
  AVERAGE WIND SPEED    15.7


SKY COVER
  POSSIBLE SUNSHINE  MM
  AVERAGE SKY COVER 0.9


WEATHER CONDITIONS
 THE FOLLOWING WEATHER WAS RECORDED YESTERDAY.
  RAIN
  LIGHT RAIN
  FOG


RELATIVE HUMIDITY (PERCENT)
 HIGHEST   100          1100 AM
 LOWEST     62          1200 AM
 AVERAGE    81

..........................................................


THE MITCHELL SD CLIMATE NORMALS FOR TODAY
                         NORMAL    RECORD    YEAR
 MAXIMUM TEMPERATURE (F)   49        85      1939
 MINIMUM TEMPERATURE (F)   27        -1      1964


SUNRISE AND SUNSET
MARCH 25 2015.........SUNRISE   727 AM CDT   SUNSET   750 PM CDT
MARCH 26 2015.........SUNRISE   725 AM CDT   SUNSET   752 PM CDT


-  INDICATES NEGATIVE NUMBERS.
R  INDICATES RECORD WAS SET OR TIED.
MM INDICATES DATA IS MISSING.
T  INDICATES TRACE AMOUNT.




$$
