000
CDUS43 KFSD 270646
CLIMHE


CLIMATE REPORT
NATIONAL WEATHER SERVICE SIOUX FALLS SD
144 AM CDT SUN JUL 27 2014


...................................

...THE MITCHELL SD CLIMATE SUMMARY FOR JULY 26 2014...

CLIMATE NORMAL PERIOD 1981 TO 2010
CLIMATE RECORD PERIOD 1893 TO 2014


WEATHER ITEM   OBSERVED TIME   RECORD YEAR NORMAL DEPARTURE LAST
                VALUE   (LST)  VALUE       VALUE  FROM      YEAR
                                                  NORMAL
..................................................................
TEMPERATURE (F)
 YESTERDAY
  MAXIMUM         86    400 PM 110    1930  86      0       72
  MINIMUM         64   1110 PM  46    1962  63      1       51
                                      1911
  AVERAGE         75                        74      1       62

PRECIPITATION (IN)
  YESTERDAY        0.64          1.51 1965   0.10   0.54     0.00
  MONTH TO DATE    1.25                      2.64  -1.39     3.80
  SINCE JUN 1      5.44                      6.77  -1.33     5.94
  SINCE JAN 1     10.17                     13.50  -3.33    15.89

SNOWFALL (IN)
  YESTERDAY        0.0           0.0    MM  MM     MM        0.0
  MONTH TO DATE    0.0                      MM     MM        0.0
  SINCE JUN 1      0.0                      MM     MM        0.0
  SINCE JUL 1      0.0                      MM     MM        0.0
  SNOW DEPTH       0

DEGREE DAYS
 HEATING
  YESTERDAY        0                         0      0        3
  MONTH TO DATE    9                         0      9        3
  SINCE JUN 1     35                        35      0       53
  SINCE JUL 1      9                         0      9        3

 COOLING
  YESTERDAY       10                        10      0        0
  MONTH TO DATE  203                       258    -55      279
  SINCE JUN 1    361                       428    -67      446
  SINCE JAN 1    439                       468    -29      503
..................................................................


WIND (MPH)
  HIGHEST WIND SPEED    21   HIGHEST WIND DIRECTION     N (10)
  HIGHEST GUST SPEED    28   HIGHEST GUST DIRECTION     N (360)
  AVERAGE WIND SPEED     8.2


SKY COVER
  POSSIBLE SUNSHINE  MM
  AVERAGE SKY COVER 0.2


WEATHER CONDITIONS
 THE FOLLOWING WEATHER WAS RECORDED YESTERDAY.
  THUNDERSTORM
  HEAVY RAIN
  RAIN
  LIGHT RAIN
  FOG


RELATIVE HUMIDITY (PERCENT)
 HIGHEST    93           800 AM
 LOWEST     42           400 PM
 AVERAGE    68

..........................................................


THE MITCHELL SD CLIMATE NORMALS FOR TODAY
                         NORMAL    RECORD    YEAR
 MAXIMUM TEMPERATURE (F)   86       111      1935
 MINIMUM TEMPERATURE (F)   63        45      2013


SUNRISE AND SUNSET
JULY 27 2014..........SUNRISE   616 AM CDT   SUNSET   901 PM CDT
JULY 28 2014..........SUNRISE   617 AM CDT   SUNSET   900 PM CDT


-  INDICATES NEGATIVE NUMBERS.
R  INDICATES RECORD WAS SET OR TIED.
MM INDICATES DATA IS MISSING.
T  INDICATES TRACE AMOUNT.




$$
