145
CDUS43 KFSD 260648
CLIMHE


CLIMATE REPORT
NATIONAL WEATHER SERVICE SIOUX FALLS SD
147 AM CDT TUE JUL 26 2016


...................................

...THE MITCHELL SD CLIMATE SUMMARY FOR JULY 25 2016...

CLIMATE NORMAL PERIOD 1981 TO 2010
CLIMATE RECORD PERIOD 1893 TO 2016


WEATHER ITEM   OBSERVED TIME   RECORD YEAR NORMAL DEPARTURE LAST
                VALUE   (LST)  VALUE       VALUE  FROM      YEAR
                                                  NORMAL
..................................................................
TEMPERATURE (F)
 YESTERDAY
  MAXIMUM         91    342 PM 108    1931  86      5       86
  MINIMUM         60    543 AM  45    1900  63     -3       66
  AVERAGE         76                        75      1       76

PRECIPITATION (IN)
  YESTERDAY        0.00          0.80 1918   0.09  -0.09     0.62
  MONTH TO DATE    1.53                      2.54  -1.01     1.97
  SINCE JUN 1      3.57                      6.67  -3.10     5.88
  SINCE JAN 1     16.09                     13.40   2.69    12.97

SNOWFALL (IN)
  YESTERDAY        0.0           0.0    MM  MM     MM        0.0
  MONTH TO DATE    0.0                      MM     MM        0.0
  SINCE JUN 1      0.0                      MM     MM        0.0
  SINCE JUL 1      0.0                      MM     MM        0.0
  SNOW DEPTH       0

DEGREE DAYS
 HEATING
  YESTERDAY        0                         0      0        0
  MONTH TO DATE    3                         0      3        2
  SINCE JUN 1      7                        35    -28        5
  SINCE JUL 1      3                         0      3        2

 COOLING
  YESTERDAY       11                        10      1       11
  MONTH TO DATE  273                       248     25      237
  SINCE JUN 1    557                       418    139      434
  SINCE JAN 1    601                       458    143      465
..................................................................


WIND (MPH)
  HIGHEST WIND SPEED    20   HIGHEST WIND DIRECTION     S (170)
  HIGHEST GUST SPEED    25   HIGHEST GUST DIRECTION     S (170)
  AVERAGE WIND SPEED     8.1


SKY COVER
  POSSIBLE SUNSHINE  MM
  AVERAGE SKY COVER 0.0


WEATHER CONDITIONS
 THE FOLLOWING WEATHER WAS RECORDED YESTERDAY.
  NO SIGNIFICANT WEATHER WAS OBSERVED.


RELATIVE HUMIDITY (PERCENT)
 HIGHEST    97           500 AM
 LOWEST     32           400 PM
 AVERAGE    65

..........................................................


THE MITCHELL SD CLIMATE NORMALS FOR TODAY
                         NORMAL    RECORD    YEAR
 MAXIMUM TEMPERATURE (F)   86       110      1930
 MINIMUM TEMPERATURE (F)   63        46      1962
                                             1911


SUNRISE AND SUNSET
JULY 26 2016..........SUNRISE   615 AM CDT   SUNSET   902 PM CDT
JULY 27 2016..........SUNRISE   616 AM CDT   SUNSET   900 PM CDT


-  INDICATES NEGATIVE NUMBERS.
R  INDICATES RECORD WAS SET OR TIED.
MM INDICATES DATA IS MISSING.
T  INDICATES TRACE AMOUNT.




$$
