000
CDUS43 KFSD 270629
CLIMHE


CLIMATE REPORT
NATIONAL WEATHER SERVICE SIOUX FALLS SD
129 AM CDT SAT AUG 27 2016


...................................

...THE MITCHELL SD CLIMATE SUMMARY FOR AUGUST 26 2016...

CLIMATE NORMAL PERIOD 1981 TO 2010
CLIMATE RECORD PERIOD 1893 TO 2016


WEATHER ITEM   OBSERVED TIME   RECORD YEAR NORMAL DEPARTURE LAST
                VALUE   (LST)  VALUE       VALUE  FROM      YEAR
                                                  NORMAL
..................................................................
TEMPERATURE (F)
 YESTERDAY
  MAXIMUM         75    240 PM 106    1976  82     -7       81
  MINIMUM         47    605 AM  39    1910  59    -12       51
  AVERAGE         61                        70     -9       66

PRECIPITATION (IN)
  YESTERDAY        T             1.66 1944   0.07  -0.07     0.00
  MONTH TO DATE    3.31                      2.02   1.29     3.49
  SINCE JUN 1      6.89                      9.26  -2.37     9.67
  SINCE JAN 1     19.41                     15.99   3.42    16.76

SNOWFALL (IN)
  YESTERDAY        0.0           0.0    MM  MM     MM        0.0
  MONTH TO DATE    0.0                      MM     MM        0.0
  SINCE JUN 1      0.0                      MM     MM        0.0
  SINCE JUL 1      0.0                      MM     MM        0.0
  SNOW DEPTH       0

DEGREE DAYS
 HEATING
  YESTERDAY        4                         1      3        0
  MONTH TO DATE    5                         1      4       26
  SINCE JUN 1     12                        41    -29       31
  SINCE JUL 1      8                         6      2       28

 COOLING
  YESTERDAY        0                         6     -6        1
  MONTH TO DATE  217                       201     16      163
  SINCE JUN 1    832                       679    153      653
  SINCE JAN 1    876                       719    157      684
..................................................................


WIND (MPH)
  HIGHEST WIND SPEED    17   HIGHEST WIND DIRECTION    SE (150)
  HIGHEST GUST SPEED    27   HIGHEST GUST DIRECTION     N (350)
  AVERAGE WIND SPEED     5.6


SKY COVER
  POSSIBLE SUNSHINE  MM
  AVERAGE SKY COVER 0.4


WEATHER CONDITIONS
 THE FOLLOWING WEATHER WAS RECORDED YESTERDAY.
  LIGHT RAIN
  FOG


RELATIVE HUMIDITY (PERCENT)
 HIGHEST   100           600 AM
 LOWEST     43           200 PM
 AVERAGE    72

..........................................................


THE MITCHELL SD CLIMATE NORMALS FOR TODAY
                         NORMAL    RECORD    YEAR
 MAXIMUM TEMPERATURE (F)   82       104      1926
 MINIMUM TEMPERATURE (F)   58        40      1896


SUNRISE AND SUNSET
AUGUST 27 2016........SUNRISE   651 AM CDT   SUNSET   815 PM CDT
AUGUST 28 2016........SUNRISE   652 AM CDT   SUNSET   814 PM CDT


-  INDICATES NEGATIVE NUMBERS.
R  INDICATES RECORD WAS SET OR TIED.
MM INDICATES DATA IS MISSING.
T  INDICATES TRACE AMOUNT.




$$
