000
CXUS53 KMPX 011000
CF6MIC
PRELIMINARY LOCAL CLIMATOLOGICAL DATA (WS FORM: F-6)

                                          STATION:   MINNEAPOLIS CRYSTAL MN
                                          MONTH:     MAY
                                          YEAR:      2014
                                          LATITUDE:   45  4 N
                                          LONGITUDE:  93 21 W

  TEMPERATURE IN F:       :PCPN:    SNOW:  WIND      :SUNSHINE: SKY     :PK WND
================================================================================
1   2   3   4   5  6A  6B    7    8   9   10  11  12  13   14  15   16   17  18
                                     12Z  AVG MX 2MIN
DY MAX MIN AVG DEP HDD CDD  WTR  SNW DPTH SPD SPD DIR MIN PSBL S-S WX    SPD DR
================================================================================

 1  50  36  43 -10  22   0 0.02    M    M 10.6 20 320   M    M  10 1      22 320
 2  60  42  51  -3  14   0 0.01    M    M  8.1 18 230   M    M   8        25 230
 3  61  44  53  -1  12   0 0.00    M    M 12.4 25 310   M    M   5        33 300
 4  59  34  47  -7  18   0 0.00    M    M  5.8 15 350   M    M   2        20 350
 5  66  50  58   3   7   0 0.00    M    M  5.7 13 150   M    M   5        15 140
 6  66  48  57   2   8   0 0.00    M    M 11.3 20 100   M    M   1        27 110
 7  67  52  60   4   5   0    T    M    M 11.3 18  50   M    M   6 3      28  70
 8  69  52  61   5   4   0 0.72    M    M  7.1 24  10   M    M   6 138    29 260
 9  59  41  50  -6  15   0 0.00    M    M 13.0 24 300   M    M   8 1      32 300
10  71  36  54  -2  11   0 0.09    M    M  6.7 20 160   M    M   4 13     26 160
11  71  44  58   1   7   0 0.46    M    M  3.9 13  80   M    M   6 1238   18  80
12  62  48  55  -2  10   0 0.35    M    M  7.0 15 280   M    M  10 13     19 270
13  54  42  48 -10  17   0    T    M    M 12.7 23 300   M    M   8        29 300
14  61  37  49  -9  16   0 0.00    M    M  7.8 17 340   M    M   3        22 330
15  51  40  46 -12  19   0    T    M    M 10.1 21 350   M    M   9        29 330
16  56  41  49  -9  16   0 0.00    M    M  6.5 15 290   M    M   9        22 310
17  68  42  55  -4  10   0 0.00    M    M  8.3 20 260   M    M   3        23 270
18  74  52  63   4   2   0 0.00    M    M 10.6 23 190   M    M   1        30 180
19  61  53  57  -2   8   0 1.83    M    M 12.8 22 150   M    M   9 138    30 150
20  78  50  64   4   1   0 0.00    M    M  2.5 13 310   M    M   4 128    15 310
21  66  48  57  -3   8   0 0.00    M    M  9.6 20 320   M    M   4        24 330
22  72  44  58  -2   7   0 0.00    M    M  4.2 14 320   M    M   0        19 330
23  77  46  62   1   3   0 0.00    M    M  2.7 12 190   M    M   0        19 210
24  81  57  69   8   0   4 0.00    M    M  7.2 15 190   M    M   2        20 170
25  81  56  69   8   0   4 0.00    M    M  7.9 16 170   M    M   4        23 160
26  84  64  74  12   0   9 0.01    M    M  5.8 16 270   M    M   2 18     22 230
27  74  60  67   5   0   2 0.06    M    M  6.6 15  40   M    M   8 18     20  20
28  82  54  68   6   0   3 0.00    M    M  3.5 12  70   M    M   2        18 170
29  86  52  69   6   0   4 0.00    M    M  5.0 15 100   M    M   0        20 100
30  89  60  75  12   0  10 0.00    M    M  7.5 16 130   M    M   0        21 150
31  87  68  78  15   0  13 1.17    M    M  7.8 21 160   M    M   6 138    27 160
================================================================================
SM 2143 1493       240  49  4.72    M    242.0          M      145
================================================================================
AV 69.1 48.2                               7.8 FASTST   M    M   5    MAX(MPH)
                                 MISC ---->  # 25 310               # 33  300
================================================================================
NOTES:
# LAST OF SEVERAL OCCURRENCES

COLUMN 17 PEAK WIND IN M.P.H.

PRELIMINARY LOCAL CLIMATOLOGICAL DATA (WS FORM: F-6) , PAGE 2

                                          STATION:  MINNEAPOLIS CRYSTAL MN
                                          MONTH:    MAY
                                          YEAR:     2014
                                          LATITUDE:   45  4 N
                                          LONGITUDE:  93 21 W

[TEMPERATURE DATA]      [PRECIPITATION DATA]       SYMBOLS USED IN COLUMN 16

AVERAGE MONTHLY: 58.6   TOTAL FOR MONTH:   4.72    1 = FOG OR MIST
DPTR FM NORMAL:   0.2   DPTR FM NORMAL:    0.80    2 = FOG REDUCING VISIBILITY
HIGHEST:    89 ON 30    GRTST 24HR  1.83 ON 19-19      TO 1/4 MILE OR LESS
LOWEST:     34 ON  4                               3 = THUNDER
                        SNOW, ICE PELLETS, HAIL    4 = ICE PELLETS
                        TOTAL MONTH:    M          5 = HAIL
                        GRTST 24HR    M  ON   M    6 = FREEZING RAIN OR DRIZZLE
                        GRTST DEPTH:  M  ON   M    7 = DUSTSTORM OR SANDSTORM:
                                                       VSBY 1/2 MILE OR LESS
                                                   8 = SMOKE OR HAZE
[NO. OF DAYS WITH]      [WEATHER - DAYS WITH]      9 = BLOWING SNOW
                                                   X = TORNADO
MAX 32 OR BELOW:   0    0.01 INCH OR MORE:  10
MAX 90 OR ABOVE:   0    0.10 INCH OR MORE:   5
MIN 32 OR BELOW:   0    0.50 INCH OR MORE:   3
MIN  0 OR BELOW:   0    1.00 INCH OR MORE:   2

[HDD (BASE 65) ]
TOTAL THIS MO.   240    CLEAR  (SCALE 0-3)  12
DPTR FM NORMAL     2    PTCLDY (SCALE 4-7)  14
TOTAL FM JUL 1  8839    CLOUDY (SCALE 8-10)  5
DPTR FM NORMAL  1164

[CDD (BASE 65) ]
TOTAL THIS MO.    49
DPTR FM NORMAL    14    [PRESSURE DATA]
TOTAL FM JAN 1    49    HIGHEST SLP 30.23 ON 23
DPTR FM NORMAL    11    LOWEST  SLP 29.47 ON  9

[REMARKS]
#FINAL-05-14#
