000
CXUS53 KMPX 011000
CF6MIC
PRELIMINARY LOCAL CLIMATOLOGICAL DATA (WS FORM: F-6)

                                          STATION:   MINNEAPOLIS CRYSTAL MN
                                          MONTH:     MARCH
                                          YEAR:      2016
                                          LATITUDE:   45  4 N
                                          LONGITUDE:  93 21 W

  TEMPERATURE IN F:       :PCPN:    SNOW:  WIND      :SUNSHINE: SKY     :PK WND
================================================================================
1   2   3   4   5  6A  6B    7    8   9   10  11  12  13   14  15   16   17  18
                                     12Z  AVG MX 2MIN
DY MAX MIN AVG DEP HDD CDD  WTR  SNW DPTH SPD SPD DIR MIN PSBL S-S WX    SPD DR
================================================================================

 1  27  14  21  -5  44   0    M    M    M  8.0 16 350   M    M   5        21 330
 2  33  14  24  -2  41   0    M    M    M  6.4 12 160   M    M   5        16 200
 3  34  26  30   4  35   0    M    M    M  3.3 12 320   M    M  10        14 330
 4  37  29  33   6  32   0    M    M    M  8.2 20 310   M    M  10 18     28 150
 5  40  30  35   8  30   0    M    M    M  8.6 21 310   M    M   6        26 300
 6  60  30  45  17  20   0    M    M    M 13.3 25 180   M    M   0        34 190
 7  65  39  52  24  13   0    M    M    M  8.4 16 150   M    M   6        23 150
 8  71  40  56  28   9   0    M    M    M 14.7 28 240   M    M   7        36 230
 9  42  36  39  10  26   0    M    M    M  6.9 16 260   M    M  10 1      21 260
10  48  29  39  10  26   0    M    M    M  3.8 13 310   M    M   6 18     15 310
11  66  25  46  16  19   0    M    M    M  9.2 21 160   M    M   0 18     27 170
12  71  47  59  29   6   0    M    M    M  8.1 17 190   M    M   0        23 190
13  55  48  52  21  13   0    M    M    M  9.4 18 160   M    M   9        24 150
14  58  49  54  23  11   0    M    M    M  4.9 10 110   M    M   9 18     13 160
15  56  46  51  19  14   0    M    M    M  8.8 21 330   M    M  10 1      28 330
16  48  41  45  13  20   0    M    M    M 17.8 30 280   M    M   8        42 270
17  42  32  37   5  28   0    M    M    M 11.2 18 280   M    M   7 1      25 270
18  37  28  33   0  32   0    M    M    M  6.9 14  20   M    M  10 18     17  20
19  42  25  34   1  31   0    M    M    M  7.5 14  30   M    M   8 1      17  40
20  44  21  33  -1  32   0    M    M    M  6.4 17 310   M    M   2        22 300
21  53  23  38   4  27   0    M    M    M  6.2 17 130   M    M   1        22 150
22  54  33  44   9  21   0    M    M    M 10.4 17  40   M    M   0        24  30
23  38  31  35   0  30   0    M    M    M 10.3 20  60   M    M   9        27  70
24  48  27  38   2  27   0    M    M    M  8.8 17 360   M    M   0        24 350
25  50  25  38   2  27   0    M    M    M  9.9 21 200   M    M   3        27 170
26  49  39  44   7  21   0    M    M    M  6.2 14  10   M    M  10 1      17  40
27  43  27  35  -2  30   0    M    M    M  6.9 15 330   M    M   8 1      18 310
28  59  24  42   4  23   0    M    M    M  3.3 13 220   M    M   3 1      21 200
29  66  35  51  13  14   0    M    M    M 11.2 25 190   M    M   3 1      32 150
30  48  44  46   7  19   0    M    M    M  9.4 22 150   M    M  10 18     30 150
31  55  36  46   7  19   0    M    M    M  8.1 23 340   M    M   9        29 360
================================================================================
SM 1539  993       740   0    M     M    262.5          M      184
================================================================================
AV 49.6 32.0                               8.5 FASTST   M    M   6    MAX(MPH)
                                 MISC ---->  # 30 280               # 42  270
================================================================================
NOTES:
# LAST OF SEVERAL OCCURRENCES

COLUMN 17 PEAK WIND IN M.P.H.

PRELIMINARY LOCAL CLIMATOLOGICAL DATA (WS FORM: F-6) , PAGE 2

                                          STATION:  MINNEAPOLIS CRYSTAL MN
                                          MONTH:    MARCH
                                          YEAR:     2016
                                          LATITUDE:   45  4 N
                                          LONGITUDE:  93 21 W

[TEMPERATURE DATA]      [PRECIPITATION DATA]       SYMBOLS USED IN COLUMN 16

AVERAGE MONTHLY: 40.8   TOTAL FOR MONTH:      M    1 = FOG OR MIST
DPTR FM NORMAL:   8.7   DPTR FM NORMAL:       M    2 = FOG REDUCING VISIBILITY
HIGHEST:    71 ON 12, 8 GRTST 24HR  0.71 ON 15-16      TO 1/4 MILE OR LESS
LOWEST:     14 ON  2, 1                            3 = THUNDER
                        SNOW, ICE PELLETS, HAIL    4 = ICE PELLETS
                        TOTAL MONTH:    M          5 = HAIL
                        GRTST 24HR    M  ON   M    6 = FREEZING RAIN OR DRIZZLE
                        GRTST DEPTH:  M  ON   M    7 = DUSTSTORM OR SANDSTORM:
                                                       VSBY 1/2 MILE OR LESS
                                                   8 = SMOKE OR HAZE
[NO. OF DAYS WITH]      [WEATHER - DAYS WITH]      9 = BLOWING SNOW
                                                   X = TORNADO
MAX 32 OR BELOW:   1    0.01 INCH OR MORE:   0
MAX 90 OR ABOVE:   0    0.10 INCH OR MORE:   0
MIN 32 OR BELOW:  18    0.50 INCH OR MORE:   0
MIN  0 OR BELOW:   0    1.00 INCH OR MORE:   0

[HDD (BASE 65) ]
TOTAL THIS MO.   740    CLEAR  (SCALE 0-3)  10
DPTR FM NORMAL  -280    PTCLDY (SCALE 4-7)   9
TOTAL FM JUL 1  5589    CLOUDY (SCALE 8-10) 12
DPTR FM NORMAL -1298

[CDD (BASE 65) ]
TOTAL THIS MO.     0
DPTR FM NORMAL     0    [PRESSURE DATA]
TOTAL FM JAN 1     0    HIGHEST SLP 30.35 ON 20
DPTR FM NORMAL     0    LOWEST  SLP 29.46 ON 31

[REMARKS]
#FINAL-03-16#
