000
CXUS53 KMPX 022242
CF6MIC
PRELIMINARY LOCAL CLIMATOLOGICAL DATA (WS FORM: F-6)

                                          STATION:   MINNEAPOLIS CRYSTAL MN
                                          MONTH:     NOVEMBER
                                          YEAR:      2013
                                          LATITUDE:   45  4 N
                                          LONGITUDE:  93 21 W

  TEMPERATURE IN F:       :PCPN:    SNOW:  WIND      :SUNSHINE: SKY     :PK WND
================================================================================
1   2   3   4   5  6A  6B    7    8   9   10  11  12  13   14  15   16   17  18
                                     12Z  AVG MX 2MIN
DY MAX MIN AVG DEP HDD CDD  WTR  SNW DPTH SPD SPD DIR MIN PSBL S-S WX    SPD DR
================================================================================

 1  53  36  45   4  20   0    M    M    M  8.1 16 300   M    M   6 1      22 290
 2  49  30  40  -1  25   0    M    M    M  4.6 15 320   M    M   1 18     18 310
 3  55  32  44   4  21   0    M    M    M 13.2 30 150   M    M   1 1      40 150
 4  49  31  40   0  25   0    M    M    M  8.3 22 150   M    M   6 1      30 170
 5  46  25  36  -3  29   0    M    M    M  3.3 14 350   M    M   4 1      17 350
 6  38  30  34  -5  31   0    M    M    M  9.0 15 280   M    M   6 1      18 290
 7  36  21  29  -9  36   0    M    M    M  4.1 13 260   M    M   5 18     16 250
 8  46  21  34  -4  31   0    M    M    M  8.7 23 160   M    M   4 18     31 150
 9  44  36  40   3  25   0    M    M    M 15.8 26 280   M    M  10        39 290
10  44  31  38   2  27   0    M    M    M  8.4 21 310   M    M   7        28 320
11  37  14  26 -10  39   0    M    M    M 12.9 21 360   M    M   4        29 350
12  28  12  20 -15  45   0    M    M    M  7.2 13 230   M    M   1        16 200
13  51  21  36   1  29   0    M    M    M 10.4 20 190   M    M   0        26 190
14  51  30  41   7  24   0    M    M    M  4.6 12 240   M    M   4        14 250
15  56  25  41   7  24   0    M    M    M  6.4 16 160   M    M   0 1      23 170
16  50  40  45  12  20   0    M    M    M  7.4 14 150   M    M   6 18     18 150
17  45  32  39   7  26   0    M    M    M 14.0 29 300   M    M   8 1      38 290
18  36  20  28  -4  37   0    M    M    M 10.9 25 290   M    M   5        36 290
19  47  19  33   2  32   0    M    M    M 12.8 26 150   M    M   2        35 160
20  45  38  42  12  23   0    M    M    M 11.1 18 150   M    M  10 18     28 150
21  39  24  32   2  33   0    M    M    M  9.5 20 300   M    M  10 168    25 310
22  34  12  23  -6  42   0    M    M    M 10.4 23 330   M    M   2        31 340
23  18   6  12 -17  53   0    M    M    M  8.6 18 310   M    M   1        23 300
24  31   5  18 -10  47   0    M    M    M 12.5 25 190   M    M   0        33 190
25  38  29  34   6  31   0    M    M    M 13.8 25 310   M    M   8        33 300
26  30  11  21  -6  44   0    M    M    M 13.6 26 310   M    M   5        35 310
27  25   5  15 -12  50   0    M    M    M  6.0 14 160   M    M   5        17 160
28  28  10  19  -7  46   0    M    M    M  6.0 16 310   M    M   6        22 320
29  33   7  20  -6  45   0    M    M    M  7.1 18 170   M    M   3        24 170
30  39  19  29   4  36   0    M    M    M  4.0 10 320   M    M   2 18     13 320
================================================================================
SM 1221  672       996   0    M     M    272.7          M      132
================================================================================
AV 40.7 22.4                               9.1 FASTST   M    M   4    MAX(MPH)
                                 MISC ---->  # 30 150               # 40  150
================================================================================
NOTES:
# LAST OF SEVERAL OCCURRENCES

COLUMN 17 PEAK WIND IN M.P.H.

PRELIMINARY LOCAL CLIMATOLOGICAL DATA (WS FORM: F-6) , PAGE 2

                                          STATION:  MINNEAPOLIS CRYSTAL MN
                                          MONTH:    NOVEMBER
                                          YEAR:     2013
                                          LATITUDE:   45  4 N
                                          LONGITUDE:  93 21 W

[TEMPERATURE DATA]      [PRECIPITATION DATA]       SYMBOLS USED IN COLUMN 16

AVERAGE MONTHLY: 31.5   TOTAL FOR MONTH:      M    1 = FOG OR MIST
DPTR FM NORMAL:  -1.7   DPTR FM NORMAL:       M    2 = FOG REDUCING VISIBILITY
HIGHEST:    56 ON 15    GRTST 24HR  0.21 ON  5- 6      TO 1/4 MILE OR LESS
LOWEST:      5 ON 27,24                            3 = THUNDER
                        SNOW, ICE PELLETS, HAIL    4 = ICE PELLETS
                        TOTAL MONTH:    M          5 = HAIL
                        GRTST 24HR    M  ON   M    6 = FREEZING RAIN OR DRIZZLE
                        GRTST DEPTH:  M  ON   M    7 = DUSTSTORM OR SANDSTORM:
                                                       VSBY 1/2 MILE OR LESS
                                                   8 = SMOKE OR HAZE
[NO. OF DAYS WITH]      [WEATHER - DAYS WITH]      9 = BLOWING SNOW
                                                   X = TORNADO
MAX 32 OR BELOW:   6    0.01 INCH OR MORE:   0
MAX 90 OR ABOVE:   0    0.10 INCH OR MORE:   0
MIN 32 OR BELOW:  26    0.50 INCH OR MORE:   0
MIN  0 OR BELOW:   0    1.00 INCH OR MORE:   0

[HDD (BASE 65) ]
TOTAL THIS MO.   996    CLEAR  (SCALE 0-3)  11
DPTR FM NORMAL    42    PTCLDY (SCALE 4-7)  16
TOTAL FM JUL 1  1623    CLOUDY (SCALE 8-10)  3
DPTR FM NORMAL   -41

[CDD (BASE 65) ]
TOTAL THIS MO.     0
DPTR FM NORMAL     0    [PRESSURE DATA]
TOTAL FM JAN 1   815    HIGHEST SLP 30.88 ON 23
DPTR FM NORMAL   123    LOWEST  SLP 29.23 ON 16

[REMARKS]
#FINAL-11-13#
