000
CXUS53 KMPX 011000
CF6MIC
PRELIMINARY LOCAL CLIMATOLOGICAL DATA (WS FORM: F-6)

                                          STATION:   MINNEAPOLIS CRYSTAL MN
                                          MONTH:     MARCH
                                          YEAR:      2014
                                          LATITUDE:   45  4 N
                                          LONGITUDE:  93 21 W

  TEMPERATURE IN F:       :PCPN:    SNOW:  WIND      :SUNSHINE: SKY     :PK WND
================================================================================
1   2   3   4   5  6A  6B    7    8   9   10  11  12  13   14  15   16   17  18
                                     12Z  AVG MX 2MIN
DY MAX MIN AVG DEP HDD CDD  WTR  SNW DPTH SPD SPD DIR MIN PSBL S-S WX    SPD DR
================================================================================

 1   7  -7   0 -26  65   0    M    M    M 11.8 17 320   M    M   6        23 330
 2   3 -16  -6 -32  71   0    M    M    M  7.7 15 260   M    M   0        20 260
 3  11 -16  -2 -28  67   0    M    M    M  3.9 12 140   M    M   6        14 140
 4  19   8  14 -13  51   0    M    M    M  4.8 10  80   M    M   9 8      14 110
 5  24  10  17 -10  48   0    M    M    M  6.7 15 140   M    M   2        18 110
 6  27  13  20  -8  45   0    M    M    M 11.9 23 160   M    M   6 8      30 160
 7  33  23  28   0  37   0    M    M    M  9.6 20 310   M    M   9 18     25 310
 8  28  13  21  -7  44   0    M    M    M  6.3 12 250   M    M   2        15 360
 9  43  17  30   1  35   0    M    M    M  8.8 18 220   M    M   1        25 220
10  50  30  40  11  25   0    M    M    M  7.2 15 300   M    M   2        21 300
11  42  28  35   5  30   0    M    M    M  9.8 22 330   M    M   4        28 330
12  28  17  23  -7  42   0    M    M    M  7.3 17 320   M    M   1        23 320
13  50  20  35   4  30   0    M    M    M  7.6 15 180   M    M   2        18 210
14  44  25  35   4  30   0    M    M    M 13.3 31 300   M    M   4        41 300
15  31  19  25  -7  40   0    M    M    M  6.5 13  30   M    M   1        20  40
16  26  10  18 -14  47   0    M    M    M  7.4 16 160   M    M   2        21 160
17  36  23  30  -2  35   0    M    M    M 11.3 20 160   M    M   7 6      24 150
18  36  28  32  -1  33   0    M    M    M  8.3 17  10   M    M   7 18     22  10
19  36  24  30  -3  35   0    M    M    M 10.1 17 310   M    M   9 1      23 320
20  45  18  32  -2  33   0    M    M    M  3.3 13 270   M    M   3 18     15 260
21  44  19  32  -2  33   0    M    M    M 12.8 28 320   M    M   9        37 320
22  21   7  14 -21  51   0    M    M    M 13.2 22 330   M    M   0        28 320
23  26   7  17 -18  48   0    M    M    M  5.0 14 250   M    M   5 8      18 240
24  32  11  22 -14  43   0    M    M    M  6.9 22 300   M    M   7 18     31 300
25  24   9  17 -19  48   0    M    M    M  9.4 22 330   M    M   2        29 320
26  40  24  32  -5  33   0    M    M    M 12.9 29 160   M    M   3        36 140
27  40  31  36  -1  29   0    M    M    M  9.6 20 360   M    M  10 18     27 350
28  36  24  30  -8  35   0    M    M    M  6.9 18 340   M    M   4        25 340
29  44  19  32  -6  33   0    M    M    M  5.9 16 140   M    M   0        20 140
30  59  37  48   9  17   0    M    M    M 10.2 21 150   M    M   0 8      29 200
31  57  31  44   5  21   0    M    M    M 11.3 25 190   M    M   5 168    35 190
================================================================================
SM 1042  506      1234   0    M     M    267.7          M      128
================================================================================
AV 33.6 16.3                               8.6 FASTST   M    M   4    MAX(MPH)
                                 MISC ---->  # 31 300               # 41  300
================================================================================
NOTES:
# LAST OF SEVERAL OCCURRENCES

COLUMN 17 PEAK WIND IN M.P.H.

PRELIMINARY LOCAL CLIMATOLOGICAL DATA (WS FORM: F-6) , PAGE 2

                                          STATION:  MINNEAPOLIS CRYSTAL MN
                                          MONTH:    MARCH
                                          YEAR:     2014
                                          LATITUDE:   45  4 N
                                          LONGITUDE:  93 21 W

[TEMPERATURE DATA]      [PRECIPITATION DATA]       SYMBOLS USED IN COLUMN 16

AVERAGE MONTHLY: 25.0   TOTAL FOR MONTH:      M    1 = FOG OR MIST
DPTR FM NORMAL:  -7.1   DPTR FM NORMAL:       M    2 = FOG REDUCING VISIBILITY
HIGHEST:    59 ON 30    GRTST 24HR    M  ON   M        TO 1/4 MILE OR LESS
LOWEST:    -16 ON  3, 2                            3 = THUNDER
                        SNOW, ICE PELLETS, HAIL    4 = ICE PELLETS
                        TOTAL MONTH:    M          5 = HAIL
                        GRTST 24HR    M  ON   M    6 = FREEZING RAIN OR DRIZZLE
                        GRTST DEPTH:  M  ON   M    7 = DUSTSTORM OR SANDSTORM:
                                                       VSBY 1/2 MILE OR LESS
                                                   8 = SMOKE OR HAZE
[NO. OF DAYS WITH]      [WEATHER - DAYS WITH]      9 = BLOWING SNOW
                                                   X = TORNADO
MAX 32 OR BELOW:  14    0.01 INCH OR MORE:   0
MAX 90 OR ABOVE:   0    0.10 INCH OR MORE:   0
MIN 32 OR BELOW:  30    0.50 INCH OR MORE:   0
MIN  0 OR BELOW:   3    1.00 INCH OR MORE:   0

[HDD (BASE 65) ]
TOTAL THIS MO.  1234    CLEAR  (SCALE 0-3)  15
DPTR FM NORMAL   214    PTCLDY (SCALE 4-7)  11
TOTAL FM JUL 1  7926    CLOUDY (SCALE 8-10)  5
DPTR FM NORMAL  1039

[CDD (BASE 65) ]
TOTAL THIS MO.     0
DPTR FM NORMAL     0    [PRESSURE DATA]
TOTAL FM JAN 1     0    HIGHEST SLP 30.32 ON 29
DPTR FM NORMAL     0    LOWEST  SLP 29.33 ON 31

[REMARKS]
#FINAL-03-14#
