000
CXUS53 KMPX 011000
CF6MIC
PRELIMINARY LOCAL CLIMATOLOGICAL DATA (WS FORM: F-6)

                                          STATION:   MINNEAPOLIS CRYSTAL MN
                                          MONTH:     DECEMBER
                                          YEAR:      2015
                                          LATITUDE:   45  4 N
                                          LONGITUDE:  93 21 W

  TEMPERATURE IN F:       :PCPN:    SNOW:  WIND      :SUNSHINE: SKY     :PK WND
================================================================================
1   2   3   4   5  6A  6B    7    8   9   10  11  12  13   14  15   16   17  18
                                     12Z  AVG MX 2MIN
DY MAX MIN AVG DEP HDD CDD  WTR  SNW DPTH SPD SPD DIR MIN PSBL S-S WX    SPD DR
================================================================================

 1  35  30  33   8  32   0    M    M    M  5.8 12 180   M    M  10 18     15 200
 2  37  30  34  10  31   0    M    M    M  4.2 14 310   M    M  10 18     16 310
 3  36  22  29   5  36   0    M    M    M  5.9 12 190   M    M   2 18     16 190
 4  49  22  36  13  29   0    M    M    M  8.0 17 180   M    M   0 1      23 190
 5  48  39  44  21  21   0    M    M    M 10.4 21 190   M    M   3 1      27 190
 6  41  31  36  14  29   0    M    M    M  3.6 12 160   M    M  10 18     14 150
 7  47  31  39  17  26   0    M    M    M  9.9 21 140   M    M   6 1      28 160
 8  43  30  37  15  28   0    M    M    M  3.2 12 140   M    M   4 12     16 160
 9  49  27  38  17  27   0    M    M    M  5.9 13 170   M    M   2 1      16 190
10  48  39  44  23  21   0    M    M    M 10.5 25 300   M    M   6 1      32 310
11  40  34  37  16  28   0    M    M    M  6.5 14 330   M    M   9        18 270
12  41  31  36  16  29   0    M    M    M  4.1  9  30   M    M   9 1      13  30
13  41  39  40  20  25   0    M    M    M  8.3 16  20   M    M  10 1      22  10
14  39  33  36  16  29   0    M    M    M 14.1 29  20   M    M  10 146    36  20
15  35  31  33  14  32   0    M    M    M  8.1 16 110   M    M  10 18     22  90
16  40  24  32  13  33   0    M    M    M 12.0 24 280   M    M  10 1      33 270
17  30  18  24   5  41   0    M    M    M 14.6 23 280   M    M  10        30 280
18  22  10  16  -2  49   0    M    M    M 12.2 21 310   M    M   6        26 310
19  29   9  19   1  46   0    M    M    M  8.3 16 150   M    M   1        22 150
20  40  28  34  16  31   0    M    M    M  6.1 13  10   M    M   4 18     17  10
21  34  30  32  14  33   0    M    M    M  6.2 14 360   M    M  10 18     17 360
22  36  30  33  15  32   0    M    M    M  9.8 21 130   M    M  10 18     31 130
23  37  28  33  16  32   0    M    M    M  9.7 24 280   M    M  10 1      33 270
24  28  24  26   9  39   0    M    M    M  9.3 24 270   M    M   9        35 270
25  31  26  29  12  36   0    M    M    M  6.8 14 170   M    M  10 18     16 160
26  32  28  30  13  35   0    M    M    M  8.2 16 350   M    M  10 18     23 350
27  28  11  20   3  45   0    M    M    M  7.3 15 340   M    M   3        18 340
28  23   7  15  -1  50   0    M    M    M 10.1 18  30   M    M   4 1      25  20
29  28  20  24   8  41   0    M    M    M  7.0 15  10   M    M  10 1      19  20
30  25  16  21   5  44   0    M    M    M  6.1 15 270   M    M   9 18     18 270
31  20   9  15  -1  50   0    M    M    M  9.0 20 280   M    M   7 18     25 270
================================================================================
SM 1112  787      1060   0    M     M    251.2          M      224
================================================================================
AV 35.9 25.4                               8.1 FASTST   M    M   7    MAX(MPH)
                                 MISC ---->  # 29  20               # 36   20
================================================================================
NOTES:
# LAST OF SEVERAL OCCURRENCES

COLUMN 17 PEAK WIND IN M.P.H.

PRELIMINARY LOCAL CLIMATOLOGICAL DATA (WS FORM: F-6) , PAGE 2

                                          STATION:  MINNEAPOLIS CRYSTAL MN
                                          MONTH:    DECEMBER
                                          YEAR:     2015
                                          LATITUDE:   45  4 N
                                          LONGITUDE:  93 21 W

[TEMPERATURE DATA]      [PRECIPITATION DATA]       SYMBOLS USED IN COLUMN 16

AVERAGE MONTHLY: 30.6   TOTAL FOR MONTH:      M    1 = FOG OR MIST
DPTR FM NORMAL:  11.1   DPTR FM NORMAL:       M    2 = FOG REDUCING VISIBILITY
HIGHEST:    49 ON  9, 4 GRTST 24HR  0.42 ON 15-16      TO 1/4 MILE OR LESS
LOWEST:      7 ON 28                               3 = THUNDER
                        SNOW, ICE PELLETS, HAIL    4 = ICE PELLETS
                        TOTAL MONTH:    M          5 = HAIL
                        GRTST 24HR    M  ON   M    6 = FREEZING RAIN OR DRIZZLE
                        GRTST DEPTH:  M  ON   M    7 = DUSTSTORM OR SANDSTORM:
                                                       VSBY 1/2 MILE OR LESS
                                                   8 = SMOKE OR HAZE
[NO. OF DAYS WITH]      [WEATHER - DAYS WITH]      9 = BLOWING SNOW
                                                   X = TORNADO
MAX 32 OR BELOW:  11    0.01 INCH OR MORE:   0
MAX 90 OR ABOVE:   0    0.10 INCH OR MORE:   0
MIN 32 OR BELOW:  26    0.50 INCH OR MORE:   0
MIN  0 OR BELOW:   0    1.00 INCH OR MORE:   0

[HDD (BASE 65) ]
TOTAL THIS MO.  1060    CLEAR  (SCALE 0-3)   6
DPTR FM NORMAL  -350    PTCLDY (SCALE 4-7)   7
TOTAL FM JUL 1  2217    CLOUDY (SCALE 8-10) 18
DPTR FM NORMAL  -857

[CDD (BASE 65) ]
TOTAL THIS MO.     0
DPTR FM NORMAL     0    [PRESSURE DATA]
TOTAL FM JAN 1   817    HIGHEST SLP 30.59 ON 27
DPTR FM NORMAL   125    LOWEST  SLP 29.20 ON 23

[REMARKS]
#FINAL-12-15#
