000
CXUS53 KMPX 011000
CF6MIC
PRELIMINARY LOCAL CLIMATOLOGICAL DATA (WS FORM: F-6)

                                          STATION:   MINNEAPOLIS CRYSTAL MN
                                          MONTH:     DECEMBER
                                          YEAR:      2016
                                          LATITUDE:   45  4 N
                                          LONGITUDE:  93 21 W

  TEMPERATURE IN F:       :PCPN:    SNOW:  WIND      :SUNSHINE: SKY     :PK WND
================================================================================
1   2   3   4   5  6A  6B    7    8   9   10  11  12  13   14  15   16   17  18
                                     12Z  AVG MX 2MIN
DY MAX MIN AVG DEP HDD CDD  WTR  SNW DPTH SPD SPD DIR MIN PSBL S-S WX    SPD DR
================================================================================

 1  38  32  35  10  30   0    M    M    M  8.8 14 330   M    M  10        19 310
 2  33  30  32   8  33   0    M    M    M  6.6 13 310   M    M  10        16 300
 3  33  29  31   7  34   0    M    M    M  6.8 15 150   M    M   9        19 150
 4  37  31  34  11  31   0    M    M    M  8.2 18 280   M    M   9 1      26 270
 5  40  23  32   9  33   0    M    M    M 10.4 22 140   M    M   6 1      29 150
 6  37  19  28   6  37   0    M    M    M 17.6 26 250   M    M  10        37 220
 7  20  16  18  -4  47   0    M    M    M 18.1 23 280   M    M   9        33 270
 8  24  16  20  -2  45   0    M    M    M 13.3 21 300   M    M   8 8      29 320
 9  18   9  14  -7  51   0    M    M    M  8.1 13 300   M    M   9        16 290
10  14   2   8 -13  57   0    M    M    M  4.9 12 290   M    M   6 8      13 290
11  20  11  16  -5  49   0    M    M    M  6.6 10 290   M    M   9 18     14 280
12  13   0   7 -13  58   0    M    M    M  8.4 14 290   M    M   5 18     18 290
13  11  -6   3 -17  62   0    M    M    M 10.3 18 240   M    M   0        25 250
14  10  -3   4 -16  61   0    M    M    M 15.4 25 290   M    M   2        31 280
15   5  -9  -2 -21  67   0    M    M    M  6.5 15 300   M    M   1        19 290
16  13   5   9 -10  56   0    M    M    M  5.7  9  10   M    M  10 8      13 140
17  12 -12   0 -19  65   0    M    M    M 12.9 18 330   M    M   5 8      25 340
18   0 -20 -10 -28  75   0    M    M    M  8.0 16 190   M    M   0        21 180
19  25  -1  12  -6  53   0    M    M    M 12.3 21 200   M    M   2        28 190
20  36  20  28  10  37   0    M    M    M 12.6 25 180   M    M   1        35 180
21  40  22  31  13  34   0    M    M    M 10.7 22 310   M    M   7        30 310
22  37  21  29  11  36   0    M    M    M  9.0 17 230   M    M   0        24 230
23  36  31  34  17  31   0    M    M    M  7.4 18 210   M    M   6 1      27 210
24  36  32  34  17  31   0    M    M    M  4.3 16 120   M    M  10 18     23 110
25  38  32  35  18  30   0    M    M    M 13.4 28 130   M    M  10 138    39 170
26  43  18  31  14  34   0    M    M    M 20.8 40 190   M    M   9        59 190
27  24  17  21   4  44   0    M    M    M  7.3 21 280   M    M   5 8      26 270
28  36  22  29  13  36   0    M    M    M 10.7 21 280   M    M   3        28 270
29  32  22  27  11  38   0    M    M    M 16.1 26 300   M    M   7        37 300
30  31  18  25   9  40   0    M    M    M  8.0 23 170   M    M   5        29 180
31  30  20  25   9  40   0    M    M    M 11.5 20 310   M    M   5        27 300
================================================================================
SM  822  447      1375   0    M     M    320.7          M      188
================================================================================
AV 26.5 14.4                              10.3 FASTST   M    M   6    MAX(MPH)
                                 MISC ---->  # 40 190               # 59  190
================================================================================
NOTES:
# LAST OF SEVERAL OCCURRENCES

COLUMN 17 PEAK WIND IN M.P.H.

PRELIMINARY LOCAL CLIMATOLOGICAL DATA (WS FORM: F-6) , PAGE 2

                                          STATION:  MINNEAPOLIS CRYSTAL MN
                                          MONTH:    DECEMBER
                                          YEAR:     2016
                                          LATITUDE:   45  4 N
                                          LONGITUDE:  93 21 W

[TEMPERATURE DATA]      [PRECIPITATION DATA]       SYMBOLS USED IN COLUMN 16

AVERAGE MONTHLY: 20.5   TOTAL FOR MONTH:      M    1 = FOG OR MIST
DPTR FM NORMAL:   1.0   DPTR FM NORMAL:       M    2 = FOG REDUCING VISIBILITY
HIGHEST:    43 ON 26    GRTST 24HR  0.82 ON 24-25      TO 1/4 MILE OR LESS
LOWEST:    -20 ON 18                               3 = THUNDER
                        SNOW, ICE PELLETS, HAIL    4 = ICE PELLETS
                        TOTAL MONTH:    M          5 = HAIL
                        GRTST 24HR    M  ON   M    6 = FREEZING RAIN OR DRIZZLE
                        GRTST DEPTH:  M  ON   M    7 = DUSTSTORM OR SANDSTORM:
                                                       VSBY 1/2 MILE OR LESS
                                                   8 = SMOKE OR HAZE
[NO. OF DAYS WITH]      [WEATHER - DAYS WITH]      9 = BLOWING SNOW
                                                   X = TORNADO
MAX 32 OR BELOW:  17    0.01 INCH OR MORE:   0
MAX 90 OR ABOVE:   0    0.10 INCH OR MORE:   0
MIN 32 OR BELOW:  31    0.50 INCH OR MORE:   0
MIN  0 OR BELOW:   7    1.00 INCH OR MORE:   0

[HDD (BASE 65) ]
TOTAL THIS MO.  1375    CLEAR  (SCALE 0-3)   8
DPTR FM NORMAL   -35    PTCLDY (SCALE 4-7)  10
TOTAL FM JUL 1  2550    CLOUDY (SCALE 8-10) 13
DPTR FM NORMAL  -524

[CDD (BASE 65) ]
TOTAL THIS MO.     0
DPTR FM NORMAL     0    [PRESSURE DATA]
TOTAL FM JAN 1   794    HIGHEST SLP 30.61 ON  9
DPTR FM NORMAL   102    LOWEST  SLP 29.39 ON 26

[REMARKS]
#FINAL-12-16#
