000
CXUS53 KMPX 011000
CF6MIC
PRELIMINARY LOCAL CLIMATOLOGICAL DATA (WS FORM: F-6)

                                          STATION:   MINNEAPOLIS CRYSTAL MN
                                          MONTH:     JANUARY
                                          YEAR:      2014
                                          LATITUDE:   45  4 N
                                          LONGITUDE:  93 21 W

  TEMPERATURE IN F:       :PCPN:    SNOW:  WIND      :SUNSHINE: SKY     :PK WND
================================================================================
1   2   3   4   5  6A  6B    7    8   9   10  11  12  13   14  15   16   17  18
                                     12Z  AVG MX 2MIN
DY MAX MIN AVG DEP HDD CDD  WTR  SNW DPTH SPD SPD DIR MIN PSBL S-S WX    SPD DR
================================================================================

 1   0  -9  -4 -20  69   0    M    M    M  5.5  9  40   M    M  10        14  50
 2   1 -13  -6 -22  71   0    M    M    M  4.5  9 350   M    M   2        10 350
 3  28 -11   9  -7  56   0    M    M    M 13.2 25 190   M    M   8 18     38 180
 4  36  -4  16   0  49   0    M    M    M 13.1 23 320   M    M   5 168    31 330
 5  -4 -21 -12 -27  77   0    M    M    M 10.9 22 300   M    M   2 8      26 320
 6 -13 -22 -17 -32  82   0    M    M    M 11.7 21 280   M    M   4 8      26 270
 7   3 -15  -6 -21  71   0    M    M    M  5.0 10 310   M    M   2        14 310
 8   2 -15  -6 -21  71   0    M    M    M  3.2  9 310   M    M   0        10 310
 9  20 -14   3 -12  62   0    M    M    M 10.7 20 150   M    M   4 18     26 170
10  30  16  23   8  42   0    M    M    M  7.3 16 160   M    M  10 128    18 150
11  30  21  26  11  39   0    M    M    M  8.5 17 300   M    M   6 18     22 290
12  40  22  31  16  34   0    M    M    M  5.7 14 140   M    M   3 1      20 150
13  34  24  29  14  36   0    M    M    M  8.0 20 320   M    M   4 18     25 320
14  28   6  17   2  48   0    M    M    M 12.6 22 320   M    M   7 18     30 310
15  25   0  13  -2  52   0    M    M    M 10.5 21 190   M    M   6 18     26 190
16  35   7  21   6  44   0    M    M    M 16.6 31 300   M    M   9 89     40 300
17  11  -1   5 -10  60   0    M    M    M  8.9 20 330   M    M   3        24 330
18  23  10  17   2  48   0    M    M    M  9.2 16 110   M    M   6 128    23 120
19  37  18  28  13  37   0    M    M    M  9.4 17 320   M    M   3        24 310
20  31  -5  13  -2  52   0    M    M    M 12.6 21  10   M    M   8 8      26  10
21   6 -15  -4 -19  69   0    M    M    M  5.5 13 160   M    M   5 8      16 330
22   7  -9  -1 -16  66   0    M    M    M 13.9 24 330   M    M   6 89     33 340
23   3 -18  -7 -22  72   0    M    M    M  9.2 17 310   M    M   0        23 310
24  34   3  19   4  46   0    M    M    M 12.9 29 320   M    M   8 12     37 330
25  23   1  12  -3  53   0    M    M    M 12.7 25 330   M    M   2 8      33 330
26  17  -8   5 -11  60   0    M    M    M 15.2 36 300   M    M   7 18     43 310
27  -7 -16 -11 -27  76   0    M    M    M 11.8 25 310   M    M   0 8      32 300
28  -1 -15  -8 -24  73   0    M    M    M  9.2 17 260   M    M   0        21 250
29  31 -10  11  -5  54   0    M    M    M  8.1 22 190   M    M   0        29 190
30  26  -5  11  -5  54   0    M    M    M 11.1 20 300   M    M   6 128    26 320
31   8 -15  -3 -19  68   0    M    M    M  6.0 12 220   M    M   0        15 190
================================================================================
SM  544 -113      1791   0    M     M    302.7          M      136
================================================================================
AV 17.5 -3.6                               9.8 FASTST   M    M   4    MAX(MPH)
                                 MISC ---->  # 36 300               # 43  310
================================================================================
NOTES:
# LAST OF SEVERAL OCCURRENCES

COLUMN 17 PEAK WIND IN M.P.H.

PRELIMINARY LOCAL CLIMATOLOGICAL DATA (WS FORM: F-6) , PAGE 2

                                          STATION:  MINNEAPOLIS CRYSTAL MN
                                          MONTH:    JANUARY
                                          YEAR:     2014
                                          LATITUDE:   45  4 N
                                          LONGITUDE:  93 21 W

[TEMPERATURE DATA]      [PRECIPITATION DATA]       SYMBOLS USED IN COLUMN 16

AVERAGE MONTHLY:  7.0   TOTAL FOR MONTH:      M    1 = FOG OR MIST
DPTR FM NORMAL:  -8.2   DPTR FM NORMAL:       M    2 = FOG REDUCING VISIBILITY
HIGHEST:    40 ON 12    GRTST 24HR  0.16 ON 29-30      TO 1/4 MILE OR LESS
LOWEST:    -22 ON  6                               3 = THUNDER
                        SNOW, ICE PELLETS, HAIL    4 = ICE PELLETS
                        TOTAL MONTH:    M          5 = HAIL
                        GRTST 24HR    M  ON   M    6 = FREEZING RAIN OR DRIZZLE
                        GRTST DEPTH:  M  ON   M    7 = DUSTSTORM OR SANDSTORM:
                                                       VSBY 1/2 MILE OR LESS
                                                   8 = SMOKE OR HAZE
[NO. OF DAYS WITH]      [WEATHER - DAYS WITH]      9 = BLOWING SNOW
                                                   X = TORNADO
MAX 32 OR BELOW:  25    0.01 INCH OR MORE:   0
MAX 90 OR ABOVE:   0    0.10 INCH OR MORE:   0
MIN 32 OR BELOW:  31    0.50 INCH OR MORE:   0
MIN  0 OR BELOW:  21    1.00 INCH OR MORE:   0

[HDD (BASE 65) ]
TOTAL THIS MO.  1791    CLEAR  (SCALE 0-3)  11
DPTR FM NORMAL   249    PTCLDY (SCALE 4-7)  16
TOTAL FM JUL 1  5079    CLOUDY (SCALE 8-10)  4
DPTR FM NORMAL   463

[CDD (BASE 65) ]
TOTAL THIS MO.     0
DPTR FM NORMAL     0    [PRESSURE DATA]
TOTAL FM JAN 1     0    HIGHEST SLP 30.81 ON 23
DPTR FM NORMAL     0    LOWEST  SLP 29.36 ON 16

[REMARKS]
#FINAL-01-14#
