000
CXUS53 KMPX 011000
CF6MIC
PRELIMINARY LOCAL CLIMATOLOGICAL DATA (WS FORM: F-6)

                                          STATION:   MINNEAPOLIS CRYSTAL MN
                                          MONTH:     SEPTEMBER
                                          YEAR:      2015
                                          LATITUDE:   45  4 N
                                          LONGITUDE:  93 21 W

  TEMPERATURE IN F:       :PCPN:    SNOW:  WIND      :SUNSHINE: SKY     :PK WND
================================================================================
1   2   3   4   5  6A  6B    7    8   9   10  11  12  13   14  15   16   17  18
                                     12Z  AVG MX 2MIN
DY MAX MIN AVG DEP HDD CDD  WTR  SNW DPTH SPD SPD DIR MIN PSBL S-S WX    SPD DR
================================================================================

 1  87  71  79  11   0  14 0.00    M    M  4.3 10 140   M    M   2 138    17 150
 2  79  70  75   8   0  10 0.50    M    M  6.1 17 240   M    M   6 138    23 220
 3  87  69  78  11   0  13 0.00    M    M  7.1 14 100   M    M   4 18     18 140
 4  90  72  81  15   0  16 0.00    M    M 10.4 18 160   M    M   2        25 190
 5  91  76  84  18   0  19    T    M    M 11.7 21 200   M    M   2 3      29 160
 6  86  71  79  13   0  14 0.62    M    M  9.7 20 190   M    M   3 13     29 180
 7  82  66  74   9   0   9 0.00    M    M  6.4 14 130   M    M   1        18 140
 8  80  54  67   2   0   2 0.10    M    M  6.6 18 290   M    M   2 1      23 340
 9  72  52  62  -2   3   0 0.69    M    M  3.5 17 280   M    M   5 123    26 280
10  72  52  62  -2   3   0 0.07    M    M  8.0 18 320   M    M   4 12     25 360
11  66  47  57  -6   8   0 0.00    M    M  6.6 30 140   M    M   4        57 150
12  70  45  58  -5   7   0 0.00    M    M  3.4 13 280   M    M   2 1      17 250
13  76  51  64   2   1   0 0.00    M    M 10.0 20 220   M    M   0        25 160
14  84  59  72  10   0   7 0.00    M    M 10.5 17 180   M    M   0        24 170
15  88  69  79  17   0  14    T    M    M 16.3 28 170   M    M   0 3      37 160
16  84  67  76  15   0  11 0.04    M    M 14.4 29 170   M    M   2 3      39 180
17  79  60  70  10   0   5 1.38    M    M  8.4 23 310   M    M   6 13     31 180
18  62  53  58  -2   7   0 0.13    M    M  4.6 14  20   M    M   5 1      21 310
19  70  47  59  -1   6   0 0.00    M    M  6.5 15 260   M    M   0        20 200
20  74  48  61   2   4   0 0.06    M    M  8.6 20 170   M    M   1 3      25 170
21  82  57  70  11   0   5 0.00    M    M 11.6 23 160   M    M   0        29 160
22  77  63  70  12   0   5 0.00    M    M  6.7 14 350   M    M   6 18     19  20
23  76  60  68  10   0   3 0.02    M    M  3.6 10  70   M    M   7 1      15  70
24  69  65  67  10   0   2 0.26    M    M  3.9  9 120   M    M   8 18     13 120
25  79  57  68  11   0   3 0.00    M    M  3.0  9  70   M    M   6 1      13  60
26  79  53  66  10   0   1 0.00    M    M  5.3 15 160   M    M   0 128    20 150
27  83  58  71  15   0   6 0.00    M    M  9.9 21 170   M    M   1        28 170
28  75  62  69  13   0   4 0.16    M    M  7.0 14 190   M    M   6 1      19 180
29  64  42  53  -2  12   0 0.00    M    M  4.7 15  10   M    M   1        19  10
30  65  38  52  -3  13   0 0.00    M    M  3.5 13  90   M    M   0        17 110
================================================================================
SM 2328 1754        64 163  4.03    M    222.3          M       86
================================================================================
AV 77.6 58.5                               7.4 FASTST   M    M   3    MAX(MPH)
                                 MISC ---->  # 30 140               # 57  150
================================================================================
NOTES:
# LAST OF SEVERAL OCCURRENCES

COLUMN 17 PEAK WIND IN M.P.H.

PRELIMINARY LOCAL CLIMATOLOGICAL DATA (WS FORM: F-6) , PAGE 2

                                          STATION:  MINNEAPOLIS CRYSTAL MN
                                          MONTH:    SEPTEMBER
                                          YEAR:     2015
                                          LATITUDE:   45  4 N
                                          LONGITUDE:  93 21 W

[TEMPERATURE DATA]      [PRECIPITATION DATA]       SYMBOLS USED IN COLUMN 16

AVERAGE MONTHLY: 68.0   TOTAL FOR MONTH:   4.03    1 = FOG OR MIST
DPTR FM NORMAL:   6.8   DPTR FM NORMAL:    0.54    2 = FOG REDUCING VISIBILITY
HIGHEST:    91 ON  5    GRTST 24HR  1.39 ON 16-17      TO 1/4 MILE OR LESS
LOWEST:     38 ON 30                               3 = THUNDER
                        SNOW, ICE PELLETS, HAIL    4 = ICE PELLETS
                        TOTAL MONTH:    M          5 = HAIL
                        GRTST 24HR    M  ON   M    6 = FREEZING RAIN OR DRIZZLE
                        GRTST DEPTH:  M  ON   M    7 = DUSTSTORM OR SANDSTORM:
                                                       VSBY 1/2 MILE OR LESS
                                                   8 = SMOKE OR HAZE
[NO. OF DAYS WITH]      [WEATHER - DAYS WITH]      9 = BLOWING SNOW
                                                   X = TORNADO
MAX 32 OR BELOW:   0    0.01 INCH OR MORE:  12
MAX 90 OR ABOVE:   2    0.10 INCH OR MORE:   8
MIN 32 OR BELOW:   0    0.50 INCH OR MORE:   4
MIN  0 OR BELOW:   0    1.00 INCH OR MORE:   1

[HDD (BASE 65) ]
TOTAL THIS MO.    64    CLEAR  (SCALE 0-3)  18
DPTR FM NORMAL  -106    PTCLDY (SCALE 4-7)  11
TOTAL FM JUL 1    77    CLOUDY (SCALE 8-10)  1
DPTR FM NORMAL  -111

[CDD (BASE 65) ]
TOTAL THIS MO.   163
DPTR FM NORMAL   107    [PRESSURE DATA]
TOTAL FM JAN 1   811    HIGHEST SLP 30.36 ON 30
DPTR FM NORMAL   125    LOWEST  SLP 29.65 ON 17

[REMARKS]
#FINAL-09-15#
