000
CXUS53 KMPX 011000
CF6MIC
PRELIMINARY LOCAL CLIMATOLOGICAL DATA (WS FORM: F-6)

                                          STATION:   MINNEAPOLIS CRYSTAL MN
                                          MONTH:     NOVEMBER
                                          YEAR:      2015
                                          LATITUDE:   45  4 N
                                          LONGITUDE:  93 21 W

  TEMPERATURE IN F:       :PCPN:    SNOW:  WIND      :SUNSHINE: SKY     :PK WND
================================================================================
1   2   3   4   5  6A  6B    7    8   9   10  11  12  13   14  15   16   17  18
                                     12Z  AVG MX 2MIN
DY MAX MIN AVG DEP HDD CDD  WTR  SNW DPTH SPD SPD DIR MIN PSBL S-S WX    SPD DR
================================================================================

 1  57  42  50   9  15   0    M    M    M  7.5 17 270   M    M   3        24 270
 2  72  44  58  17   7   0    M    M    M  1.8 13 150   M    M   0 1      15 150
 3  72  40  56  16   9   0    M    M    M  7.7 22 150   M    M   0 12     29 160
 4  63  53  58  18   7   0    M    M    M 10.7 20 160   M    M   6 18     28 190
 5  67  43  55  16  10   0    M    M    M 15.1 23 270   M    M   9        31 270
 6  49  40  45   6  20   0    M    M    M 10.4 21 280   M    M   9        26 280
 7  51  32  42   4  23   0    M    M    M  8.3 16 260   M    M   1        22 290
 8  61  42  52  14  13   0    M    M    M 13.9 24 190   M    M   0        32 200
 9  63  46  55  18  10   0    M    M    M 11.3 22 190   M    M   0        31 190
10  64  40  52  16  13   0    M    M    M 10.1 20 180   M    M   3        26 160
11  55  36  46  10  19   0    M    M    M  8.4 24 340   M    M   6 18     31  10
12  47  38  43   8  22   0    M    M    M 18.7 30 300   M    M   9 1      42 300
13  46  30  38   3  27   0    M    M    M 11.1 22 310   M    M   1        28 290
14  57  32  45  11  20   0    M    M    M  6.9 13 170   M    M   0        18 170
15  64  34  49  15  16   0    M    M    M  7.4 16 190   M    M   1 1      22 190
16  55  49  52  19  13   0    M    M    M 13.2 22 150   M    M  10 13     31 150
17  56  50  53  21  12   0    M    M    M  9.2 16 120   M    M   9 1      24 130
18  59  38  49  17  16   0    M    M    M 14.3 26 260   M    M   9 18     39 290
19  36  31  34   3  31   0    M    M    M 20.2 27 290   M    M   7        45 270
20  32  24  28  -2  37   0    M    M    M  7.9 29 280   M    M   7        36 280
21  28  15  22  -8  43   0    M    M    M  6.9 14 330   M    M   4        19 340
22  36  17  27  -2  38   0    M    M    M  7.1 16 180   M    M   6        20 170
23  46  26  36   7  29   0    M    M    M  6.8 15 300   M    M   3        20 300
24  46  26  36   8  29   0    M    M    M  8.0 18 130   M    M   1        24 130
25  52  37  45  17  20   0    M    M    M  8.8 16 220   M    M   7 8      21 190
26  40  25  33   6  32   0    M    M    M 11.1 17 350   M    M   9 18     22 360
27  29  14  22  -5  43   0    M    M    M  6.4 16 350   M    M   3        21 350
28  33  12  23  -3  42   0    M    M    M  3.5 12 240   M    M   0        15 210
29  36  16  26   0  39   0    M    M    M  2.2  8 160   M    M   8         9 170
30  35  30  33   8  32   0    M    M    M  5.9 14  70   M    M  10 18     21  50
================================================================================
SM 1507 1002       687   0    M     M    280.8          M      141
================================================================================
AV 50.2 33.4                               9.4 FASTST   M    M   5    MAX(MPH)
                                 MISC ---->  # 30 300                 45    M
================================================================================
NOTES:
# LAST OF SEVERAL OCCURRENCES

COLUMN 17 PEAK WIND IN M.P.H.

PRELIMINARY LOCAL CLIMATOLOGICAL DATA (WS FORM: F-6) , PAGE 2

                                          STATION:  MINNEAPOLIS CRYSTAL MN
                                          MONTH:    NOVEMBER
                                          YEAR:     2015
                                          LATITUDE:   45  4 N
                                          LONGITUDE:  93 21 W

[TEMPERATURE DATA]      [PRECIPITATION DATA]       SYMBOLS USED IN COLUMN 16

AVERAGE MONTHLY: 41.8   TOTAL FOR MONTH:      M    1 = FOG OR MIST
DPTR FM NORMAL:   8.6   DPTR FM NORMAL:       M    2 = FOG REDUCING VISIBILITY
HIGHEST:    72 ON  3, 2 GRTST 24HR  1.62 ON 11-12      TO 1/4 MILE OR LESS
LOWEST:     12 ON 28                               3 = THUNDER
                        SNOW, ICE PELLETS, HAIL    4 = ICE PELLETS
                        TOTAL MONTH:    M          5 = HAIL
                        GRTST 24HR    M  ON   M    6 = FREEZING RAIN OR DRIZZLE
                        GRTST DEPTH:  M  ON   M    7 = DUSTSTORM OR SANDSTORM:
                                                       VSBY 1/2 MILE OR LESS
                                                   8 = SMOKE OR HAZE
[NO. OF DAYS WITH]      [WEATHER - DAYS WITH]      9 = BLOWING SNOW
                                                   X = TORNADO
MAX 32 OR BELOW:   3    0.01 INCH OR MORE:   0
MAX 90 OR ABOVE:   0    0.10 INCH OR MORE:   0
MIN 32 OR BELOW:  14    0.50 INCH OR MORE:   0
MIN  0 OR BELOW:   0    1.00 INCH OR MORE:   0

[HDD (BASE 65) ]
TOTAL THIS MO.   687    CLEAR  (SCALE 0-3)  13
DPTR FM NORMAL  -267    PTCLDY (SCALE 4-7)   9
TOTAL FM JUL 1  1157    CLOUDY (SCALE 8-10)  8
DPTR FM NORMAL  -507

[CDD (BASE 65) ]
TOTAL THIS MO.     0
DPTR FM NORMAL     0    [PRESSURE DATA]
TOTAL FM JAN 1   817    HIGHEST SLP 30.67 ON 27
DPTR FM NORMAL   125    LOWEST  SLP 29.04 ON 18

[REMARKS]
#FINAL-11-15#
