000
CXUS53 KMPX 311000
CF6MIC
PRELIMINARY LOCAL CLIMATOLOGICAL DATA (WS FORM: F-6)

                                          STATION:   MINNEAPOLIS CRYSTAL MN
                                          MONTH:     DECEMBER
                                          YEAR:      2013
                                          LATITUDE:   45  4 N
                                          LONGITUDE:  93 21 W

  TEMPERATURE IN F:       :PCPN:    SNOW:  WIND      :SUNSHINE: SKY     :PK WND
================================================================================
1   2   3   4   5  6A  6B    7    8   9   10  11  12  13   14  15   16   17  18
                                     12Z  AVG MX 2MIN
DY MAX MIN AVG DEP HDD CDD  WTR  SNW DPTH SPD SPD DIR MIN PSBL S-S WX    SPD DR
================================================================================

 1  35  15  25   0  40   0    M    M    M  1.1  6 240   M    M   3 18      8 160
 2  39  24  32   8  33   0    M    M    M  7.3 15 130   M    M   9 128    22 100
 3  35  32  34  10  31   0    M    M    M  6.7 13  70   M    M  10 1      17  70
 4  32  13  23   0  42   0    M    M    M  9.2 24 280   M    M  10 126    33 280
 5  13  -2   6 -17  59   0    M    M    M 13.2 23 270   M    M   2        31 260
 6   2  -8  -3 -25  68   0    M    M    M  7.1 15 280   M    M   0 8      17 270
 7   0 -11  -5 -27  70   0    M    M    M  4.7 13 260   M    M   1        17 250
 8  12  -5   4 -18  61   0    M    M    M  3.7 10 110   M    M   9 18     14 110
 9  11  -4   4 -17  61   0    M    M    M 10.8 21 270   M    M   1 18     25 260
10  11   1   6 -15  59   0    M    M    M  9.7 20 300   M    M   5 18     28 300
11   3  -9  -3 -24  68   0    M    M    M  8.0 17 310   M    M   1        22 320
12  18   1  10 -10  55   0    M    M    M  2.3 10 160   M    M   5        14 160
13  16   9  13  -7  52   0    M    M    M  8.1 15  40   M    M   9        18  40
14  15  -1   7 -13  58   0    M    M    M  6.3 17 290   M    M   9 18     24 280
15   2  -2   0 -19  65   0    M    M    M  7.2 16 300   M    M   7        21 320
16  27   1  14  -5  51   0    M    M    M  6.7 16 150   M    M   8 18     18 160
17  33   3  18  -1  47   0    M    M    M 11.5 25 300   M    M   5 8      33 310
18  34   3  19   1  46   0    M    M    M  6.5 16 150   M    M   1 18     22 150
19  27  15  21   3  44   0    M    M    M  9.2 16  50   M    M   5 1      22  40
20  18  11  15  -3  50   0    M    M    M  3.6 10  20   M    M  10 18     15  10
21  22  14  18   0  47   0    M    M    M  4.5 14  20   M    M  10        17 360
22  18   7  13  -5  52   0    M    M    M  9.4 15 300   M    M  10 8      18 310
23   7  -7   0 -17  65   0    M    M    M  9.8 16 310   M    M   9 8      21 300
24  11 -14  -1 -18  66   0    M    M    M  7.2 18 150   M    M   5 18     23 150
25  25  10  18   1  47   0    M    M    M  5.8 17 300   M    M   9 8      23 290
26  26   7  17   0  48   0    M    M    M  0.9  7 170   M    M   8 128     8 180
27  40   7  24   7  41   0    M    M    M  6.6 17 200   M    M   2 18     23 200
28  45  17  31  15  34   0    M    M    M  7.8 24 360   M    M   4 1268   35 360
29  18 -12   3 -13  62   0    M    M    M 12.1 25 340   M    M   4        33 330
30   2 -15  -6 -22  71   0    M    M    M  2.8  9 160   M    M   7 8      12 160
================================================================================
SM  597  100      1593   0    M     M    209.8          M      178
================================================================================
AV 19.9  3.3                               7.0 FASTST   M    M   6    MAX(MPH)
                                 MISC ---->  # 25 300               # 35  360
================================================================================
NOTES:
# LAST OF SEVERAL OCCURRENCES

COLUMN 17 PEAK WIND IN M.P.H.

PRELIMINARY LOCAL CLIMATOLOGICAL DATA (WS FORM: F-6) , PAGE 2

                                          STATION:  MINNEAPOLIS CRYSTAL MN
                                          MONTH:    DECEMBER
                                          YEAR:     2013
                                          LATITUDE:   45  4 N
                                          LONGITUDE:  93 21 W

[TEMPERATURE DATA]      [PRECIPITATION DATA]       SYMBOLS USED IN COLUMN 16

AVERAGE MONTHLY: 11.6   TOTAL FOR MONTH:      M    1 = FOG OR MIST
DPTR FM NORMAL:  -8.0   DPTR FM NORMAL:       M    2 = FOG REDUCING VISIBILITY
HIGHEST:    45 ON 28    GRTST 24HR  0.56 ON  3- 4      TO 1/4 MILE OR LESS
LOWEST:    -15 ON 30                               3 = THUNDER
                        SNOW, ICE PELLETS, HAIL    4 = ICE PELLETS
                        TOTAL MONTH:    M          5 = HAIL
                        GRTST 24HR    M  ON   M    6 = FREEZING RAIN OR DRIZZLE
                        GRTST DEPTH:  M  ON   M    7 = DUSTSTORM OR SANDSTORM:
                                                       VSBY 1/2 MILE OR LESS
                                                   8 = SMOKE OR HAZE
[NO. OF DAYS WITH]      [WEATHER - DAYS WITH]      9 = BLOWING SNOW
                                                   X = TORNADO
MAX 32 OR BELOW:  23    0.01 INCH OR MORE:   0
MAX 90 OR ABOVE:   0    0.10 INCH OR MORE:   0
MIN 32 OR BELOW:  30    0.50 INCH OR MORE:   0
MIN  0 OR BELOW:  12    1.00 INCH OR MORE:   0

[HDD (BASE 65) ]
TOTAL THIS MO.  1593    CLEAR  (SCALE 0-3)   8
DPTR FM NORMAL   232    PTCLDY (SCALE 4-7)   9
TOTAL FM JUL 1  3216    CLOUDY (SCALE 8-10) 13
DPTR FM NORMAL   191

[CDD (BASE 65) ]
TOTAL THIS MO.     0
DPTR FM NORMAL     0    [PRESSURE DATA]
TOTAL FM JAN 1   815    HIGHEST SLP M ON M
DPTR FM NORMAL   123    LOWEST  SLP 29.52 ON  2

[REMARKS]
