000
CXUS53 KMPX 011647
CF6MIC
PRELIMINARY LOCAL CLIMATOLOGICAL DATA (WS FORM: F-6)

                                          STATION:   MINNEAPOLIS CRYSTAL MN
                                          MONTH:     JUNE
                                          YEAR:      2013
                                          LATITUDE:   45  4 N
                                          LONGITUDE:  93 21 W

  TEMPERATURE IN F:       :PCPN:    SNOW:  WIND      :SUNSHINE: SKY     :PK WND
================================================================================
1   2   3   4   5  6A  6B    7    8   9   10  11  12  13   14  15   16   17  18
                                     12Z  AVG MX 2MIN
DY MAX MIN AVG DEP HDD CDD  WTR  SNW DPTH SPD SPD DIR MIN PSBL S-S WX    SPD DR
================================================================================

 1  74  51  63  -1   2   0 0.09    M    M  8.1 22 350   M    M   7 18     31 360
 2  67  49  58  -6   7   0 0.00    M    M  6.7 21 360   M    M   4        26 350
 3  70  44  57  -7   8   0    T    M    M  3.1 14  90   M    M   3        20  80
 4  64  54  59  -6   6   0 0.01    M    M  8.5 20 160   M    M   9 18     24 150
 5  59  52  56  -9   9   0 0.15    M    M  6.3 10  10   M    M  10 18     15  30
 6  57  49  53 -12  12   0 0.00    M    M  6.7 12  10   M    M  10 18     15  10
 7  65  52  59  -7   6   0 0.00    M    M  1.6  8  30   M    M   9        12  30
 8  72  54  63  -3   2   0 0.00    M    M  5.8 15 170   M    M   7 1      20 170
 9  67  57  62  -4   3   0 0.45    M    M  6.3 16 100   M    M   9 1      22  80
10  76  57  67   0   0   2 0.00    M    M  2.3 10 250   M    M   7 128    16 310
11  76  54  65  -2   0   0 0.01    M    M  2.3 10 300   M    M   2 138    14 360
12  76  59  68   1   0   3 0.93    M    M  6.7 22  70   M    M   5 13     29  60
13  79  57  68   0   0   3 0.00    M    M  5.8 13  10   M    M   1        18  40
14  80  57  69   1   0   4 0.02    M    M 10.0 23 150   M    M   3 3      30 160
15  77  60  69   1   0   4 0.71    M    M  3.6 18 240   M    M   6 18     25 240
16  86  55  71   2   0   6 0.03    M    M  6.9 36 270   M    M   1 1      51 260
17  81  60  71   2   0   6 0.00    M    M  7.2 16 310   M    M   5         M  M
18  76  53  65  -4   0   0 0.00    M    M  4.3  9 130   M    M   5        20 340
19  85  57  71   2   0   6 0.00    M    M  6.0 14 180   M    M   3        20 140
20  90  70  80  10   0  15 0.00    M    M  8.9 20 180   M    M   3        26 180
21  81  63  72   2   0   7 2.98    M    M  8.7 46 290   M    M   7 123    69 270
22  82  66  74   4   0   9 0.32    M    M  5.7 14  90   M    M   8 13     20  90
23  84  68  76   6   0  11 0.71    M    M 10.0 21 150   M    M   5 13     28 130
24  83  62  73   2   0   8 0.00    M    M  3.8 33 320   M    M   2 1      37 330
25  86  66  76   5   0  11 0.00    M    M  6.5 15 160   M    M   1        21 130
26  88  71  80   9   0  15 0.28    M    M  7.6 20 270   M    M   2 1      26 270
27  86  68  77   6   0  12 0.00    M    M 10.3 20 280   M    M   1        31 300
28  80  65  73   2   0   8 0.09    M    M 11.8 25 350   M    M   6 1      32 350
29  78  61  70  -2   0   5 0.43    M    M  9.3 17  40   M    M   6 1      24  50
30  82  56  69  -3   0   4 0.00    M    M  4.7 16  20   M    M   0        40 150
================================================================================
SM 2307 1747        55 139  7.21    M    195.5          M      147
================================================================================
AV 76.9 58.2                               6.5 FASTST   M    M   5    MAX(MPH)
                                 MISC ---->  # 46 290               # 69  270
================================================================================
NOTES:
# LAST OF SEVERAL OCCURRENCES

COLUMN 17 PEAK WIND IN M.P.H.

PRELIMINARY LOCAL CLIMATOLOGICAL DATA (WS FORM: F-6) , PAGE 2

                                          STATION:  MINNEAPOLIS CRYSTAL MN
                                          MONTH:    JUNE
                                          YEAR:     2013
                                          LATITUDE:   45  4 N
                                          LONGITUDE:  93 21 W

[TEMPERATURE DATA]      [PRECIPITATION DATA]       SYMBOLS USED IN COLUMN 16

AVERAGE MONTHLY: 67.6   TOTAL FOR MONTH:   7.21    1 = FOG OR MIST
DPTR FM NORMAL:  -0.6   DPTR FM NORMAL:    2.72    2 = FOG REDUCING VISIBILITY
HIGHEST:    90 ON 20    GRTST 24HR  2.99 ON 21-22      TO 1/4 MILE OR LESS
LOWEST:     44 ON  3                               3 = THUNDER
                        SNOW, ICE PELLETS, HAIL    4 = ICE PELLETS
                        TOTAL MONTH:    M          5 = HAIL
                        GRTST 24HR    M  ON   M    6 = FREEZING RAIN OR DRIZZLE
                        GRTST DEPTH:  M  ON   M    7 = DUSTSTORM OR SANDSTORM:
                                                       VSBY 1/2 MILE OR LESS
                                                   8 = SMOKE OR HAZE
[NO. OF DAYS WITH]      [WEATHER - DAYS WITH]      9 = BLOWING SNOW
                                                   X = TORNADO
MAX 32 OR BELOW:   0    0.01 INCH OR MORE:  15
MAX 90 OR ABOVE:   1    0.10 INCH OR MORE:   9
MIN 32 OR BELOW:   0    0.50 INCH OR MORE:   4
MIN  0 OR BELOW:   0    1.00 INCH OR MORE:   1

[HDD (BASE 65) ]
TOTAL THIS MO.    55    CLEAR  (SCALE 0-3)  11
DPTR FM NORMAL     9    PTCLDY (SCALE 4-7)  14
TOTAL FM JUL 1  8174    CLOUDY (SCALE 8-10)  5
DPTR FM NORMAL   453

[CDD (BASE 65) ]
TOTAL THIS MO.   139
DPTR FM NORMAL    -1    [PRESSURE DATA]
TOTAL FM JAN 1   173    HIGHEST SLP 30.11 ON 30
DPTR FM NORMAL    -5    LOWEST  SLP 29.52 ON  1

[REMARKS]
#FINAL-06-13#
