000
CXUS53 KMPX 011000
CF6MIC
PRELIMINARY LOCAL CLIMATOLOGICAL DATA (WS FORM: F-6)

                                          STATION:   MINNEAPOLIS CRYSTAL MN
                                          MONTH:     FEBRUARY
                                          YEAR:      2014
                                          LATITUDE:   45  4 N
                                          LONGITUDE:  93 21 W

  TEMPERATURE IN F:       :PCPN:    SNOW:  WIND      :SUNSHINE: SKY     :PK WND
================================================================================
1   2   3   4   5  6A  6B    7    8   9   10  11  12  13   14  15   16   17  18
                                     12Z  AVG MX 2MIN
DY MAX MIN AVG DEP HDD CDD  WTR  SNW DPTH SPD SPD DIR MIN PSBL S-S WX    SPD DR
================================================================================

 1  20  -2   9  -7  56   0    M    M    M  7.9 17 290   M    M   4        23 300
 2  13 -14   0 -17  65   0    M    M    M  4.2 13 230   M    M   0 8      16 210
 3  15  -8   4 -13  61   0    M    M    M  2.4 10 300   M    M   0 18     13 330
 4   8  -8   0 -17  65   0    M    M    M  6.3 15 340   M    M   0        20 340
 5   4  -6  -1 -18  66   0    M    M    M  9.6 15 320   M    M   5 8      20 310
 6   3 -11  -4 -22  69   0    M    M    M 10.1 18 250   M    M   2 8      23 270
 7  12  -7   3 -15  62   0    M    M    M  8.1 16 220   M    M   0        22 230
 8  15  -8   4 -14  61   0    M    M    M  2.7  8 280   M    M   5 8       9 290
 9   6  -8  -1 -19  66   0    M    M    M  9.5 20 300   M    M   0        24 300
10   4 -13  -4 -23  69   0    M    M    M  5.1 12 320   M    M   0        14 320
11  14 -16  -1 -20  66   0    M    M    M  9.2 21 170   M    M   3 18     25 180
12  26  14  20   1  45   0    M    M    M  4.6 15 160   M    M   9 18     18 160
13  30   4  17  -3  48   0    M    M    M 13.5 26 260   M    M   7 18     36 270
14  14  -1   7 -13  58   0    M    M    M  7.4 16 300   M    M   0        21 310
15  19  -4   8 -12  57   0    M    M    M  7.2 17 150   M    M   6 8      21 150
16  23   2  13  -8  52   0    M    M    M  8.3 23 150   M    M   4        31 150
17  28  10  19  -2  46   0    M    M    M  8.2 24 150   M    M   8 128    37 150
18  41  16  29   8  36   0    M    M    M  6.7 14 270   M    M   1 1      17 270
19  40  13  27   5  38   0    M    M    M  6.8 16 160   M    M   0 18     23 150
20  36  14  25   3  40   0    M    M    M 10.1 31 300   M    M   8 128    44 300
21  15   5  10 -12  55   0    M    M    M 17.9 29 300   M    M   5 18     37 310
22  15   3   9 -14  56   0    M    M    M 11.9 21 280   M    M   0        29 290
23  17   1   9 -14  56   0    M    M    M 11.1 23 290   M    M   0        30 270
24  12  -3   5 -19  60   0    M    M    M  8.9 14 280   M    M   3 8      18 280
25   5  -8  -1 -25  66   0    M    M    M 12.2 22 310   M    M   0        30 300
26  20 -10   5 -19  60   0    M    M    M 15.8 29 320   M    M   2 8      39 290
27   0 -15  -7 -32  72   0    M    M    M  5.6 17 330   M    M   1        24 340
28  14  -8   3 -22  62   0    M    M    M  8.1 17 310   M    M   7 8      21 320
================================================================================
SM  469  -68      1613   0    M     M    239.4          M       80
================================================================================
AV 16.8 -2.4                               8.6 FASTST   M    M   3    MAX(MPH)
                                 MISC ---->  # 31 300               # 44  300
================================================================================
NOTES:
# LAST OF SEVERAL OCCURRENCES

COLUMN 17 PEAK WIND IN M.P.H.

PRELIMINARY LOCAL CLIMATOLOGICAL DATA (WS FORM: F-6) , PAGE 2

                                          STATION:  MINNEAPOLIS CRYSTAL MN
                                          MONTH:    FEBRUARY
                                          YEAR:     2014
                                          LATITUDE:   45  4 N
                                          LONGITUDE:  93 21 W

[TEMPERATURE DATA]      [PRECIPITATION DATA]       SYMBOLS USED IN COLUMN 16

AVERAGE MONTHLY:  7.2   TOTAL FOR MONTH:      M    1 = FOG OR MIST
DPTR FM NORMAL: -13.1   DPTR FM NORMAL:       M    2 = FOG REDUCING VISIBILITY
HIGHEST:    41 ON 18    GRTST 24HR  0.43 ON 19-20      TO 1/4 MILE OR LESS
LOWEST:    -16 ON 11                               3 = THUNDER
                        SNOW, ICE PELLETS, HAIL    4 = ICE PELLETS
                        TOTAL MONTH:    M          5 = HAIL
                        GRTST 24HR    M  ON   M    6 = FREEZING RAIN OR DRIZZLE
                        GRTST DEPTH:  M  ON   M    7 = DUSTSTORM OR SANDSTORM:
                                                       VSBY 1/2 MILE OR LESS
                                                   8 = SMOKE OR HAZE
[NO. OF DAYS WITH]      [WEATHER - DAYS WITH]      9 = BLOWING SNOW
                                                   X = TORNADO
MAX 32 OR BELOW:  25    0.01 INCH OR MORE:   0
MAX 90 OR ABOVE:   0    0.10 INCH OR MORE:   0
MIN 32 OR BELOW:  28    0.50 INCH OR MORE:   0
MIN  0 OR BELOW:  18    1.00 INCH OR MORE:   0

[HDD (BASE 65) ]
TOTAL THIS MO.  1613    CLEAR  (SCALE 0-3)  16
DPTR FM NORMAL   362    PTCLDY (SCALE 4-7)  11
TOTAL FM JUL 1  6692    CLOUDY (SCALE 8-10)  1
DPTR FM NORMAL   825

[CDD (BASE 65) ]
TOTAL THIS MO.     0
DPTR FM NORMAL     0    [PRESSURE DATA]
TOTAL FM JAN 1     0    HIGHEST SLP 30.59 ON  5
DPTR FM NORMAL     0    LOWEST  SLP 29.29 ON 20

[REMARKS]
#FINAL-02-14#
