000
CXUS53 KIND 010700
CF6MIE
PRELIMINARY LOCAL CLIMATOLOGICAL DATA (WS FORM: F-6)
STATION: MUNCIE IN
MONTH: JANUARY
YEAR: 2022
LATITUDE: 40 13 N
LONGITUDE: 85 23 W
TEMPERATURE IN F: :PCPN: SNOW: WIND :SUNSHINE: SKY :PK WND
================================================================================
1 2 3 4 5 6A 6B 7 8 9 10 11 12 13 14 15 16 17 18
12Z AVG MX 2MIN
DY MAX MIN AVG DEP HDD CDD WTR SNW DPTH SPD SPD DIR MIN PSBL S-S WX SPD DR
================================================================================
1 58 36 47 17 18 0 0.62 M M 9.2 22 60 M M 10 128 28 60
2 36 23 30 0 35 0 0.01 M M 12.4 20 50 M M 9 18 26 50
3 31 20 26 -4 39 0 0.00 M M 5.7 12 240 M M 3 15 280
4 42 25 34 4 31 0 0.00 M M 11.3 25 190 M M 0 41 180
5 41 15 28 -2 37 0 T M M 19.2 32 280 M M 5 43 260
6 19 11 15 -14 50 0 T M M 12.3 20 290 M M 9 26 280
7 21 5 13 -16 52 0 T M M 9.4 20 270 M M 3 8 29 280
8 42 16 29 0 36 0 0.04 M M 12.7 24 200 M M 5 6 38 200
9 44 20 32 3 33 0 0.30 M M 13.8 24 310 M M 6 18 33 310
10 28 14 21 -8 44 0 0.00 M M 10.9 18 280 M M 3 26 270
11 34 11 23 -6 42 0 0.00 M M 9.9 24 220 M M 0 37 200
12 M 34 M M M M T M M 9.2 23 220 M M 2 37 220
13 46 32 39 11 26 0 0.00 M M 5.3 10 360 M M 5 8 13 360
14 37 29 33 5 32 0 0.00 M M 9.2 18 80 M M 10 18 24 70
15 29 17 23 -5 42 0 0.00 M M 12.8 18 70 M M 5 27 60
16 36 14 25 -3 40 0 0.00 M M 6.9 12 330 M M 0 16 20
17 28 24 26 -2 39 0 0.00 M M 12.9 20 290 M M 9 18 29 290
18 42 25 34 6 31 0 0.00 M M 10.9 24 190 M M 7 34 200
19 44 22 33 5 32 0 0.00 M M 14.4 22 360 M M 5 32 220
20 26 13 20 -8 45 0 T M M 9.8 16 10 M M 8 8 21 30
21 26 12 19 -9 46 0 0.00 M M 6.2 14 120 M M 6 20 130
22 31 14 23 -5 42 0 0.00 M M 10.0 20 220 M M 3 28 210
23 34 10 22 -6 43 0 T M M 11.2 25 330 M M 7 18 32 300
24 35 14 25 -3 40 0 T M M 10.9 17 330 M M 10 18 25 210
25 25 4 15 -13 50 0 T M M 9.1 16 330 M M 2 8 22 330
26 18 -2 8 -20 57 0 0.00 M M 4.7 12 300 M M 0 16 290
27 31 13 22 -6 43 0 T M M 9.7 18 210 M M 7 8 26 210
28 29 5 17 -11 48 0 T M M 8.6 18 30 M M 9 8 24 50
29 23 -2 11 -17 54 0 0.00 M M 5.4 14 230 M M 5 20 240
30 31 16 24 -4 41 0 0.00 M M 5.0 13 200 M M 1 18 190
31 37 10 24 -5 41 0 0.00 M M 4.1 12 140 M M 0 18 21 140
================================================================================
SM 1004 500 1209 0 0.97 M 303.1 M 154
================================================================================
AV 33.5 16.1 9.8 FASTST M M 5 MAX(MPH)
MISC ----> 32 280 43 260
================================================================================
NOTES:
# LAST OF SEVERAL OCCURRENCES
COLUMN 17 PEAK WIND IN M.P.H.
PRELIMINARY LOCAL CLIMATOLOGICAL DATA (WS FORM: F-6) , PAGE 2
STATION: MUNCIE IN
MONTH: JANUARY
YEAR: 2022
LATITUDE: 40 13 N
LONGITUDE: 85 23 W
[TEMPERATURE DATA] [PRECIPITATION DATA] SYMBOLS USED IN COLUMN 16
AVERAGE MONTHLY: 24.8 TOTAL FOR MONTH: 0.97 1 = FOG OR MIST
DPTR FM NORMAL: -3.8 DPTR FM NORMAL: -1.55 2 = FOG REDUCING VISIBILITY
HIGHEST: 58 ON 1 GRTST 24HR 0.70 ON 8- 9 TO 1/4 MILE OR LESS
LOWEST: -2 ON 29,26 3 = THUNDER
SNOW, ICE PELLETS, HAIL 4 = ICE PELLETS
TOTAL MONTH: M 5 = HAIL
GRTST 24HR M ON M 6 = FREEZING RAIN OR DRIZZLE
GRTST DEPTH: M ON M 7 = DUSTSTORM OR SANDSTORM:
VSBY 1/2 MILE OR LESS
8 = SMOKE OR HAZE
[NO. OF DAYS WITH] [WEATHER - DAYS WITH] 9 = BLOWING SNOW
X = TORNADO
MAX 32 OR BELOW: 15 0.01 INCH OR MORE: 4
MAX 90 OR ABOVE: 0 0.10 INCH OR MORE: 2
MIN 32 OR BELOW: 29 0.50 INCH OR MORE: 1
MIN 0 OR BELOW: 2 1.00 INCH OR MORE: 0
[HDD (BASE 65) ]
TOTAL THIS MO. 1209 CLEAR (SCALE 0-3) 10
DPTR FM NORMAL 82 PTCLDY (SCALE 4-7) 14
TOTAL FM JUL 1 2738 CLOUDY (SCALE 8-10) 7
DPTR FM NORMAL -372
[CDD (BASE 65) ]
TOTAL THIS MO. 0
DPTR FM NORMAL 0 [PRESSURE DATA]
TOTAL FM JAN 1 0 HIGHEST SLP M ON M
DPTR FM NORMAL 0 LOWEST SLP 29.59 ON 17
[REMARKS]
#FINAL-01-22#