000
CXUS53 KDMX 050300
CF6MIW
PRELIMINARY LOCAL CLIMATOLOGICAL DATA (WS FORM: F-6)
STATION: MARSHALLTOWN IA
MONTH: MAY
YEAR: 2022
LATITUDE: 42 6 N
LONGITUDE: 92 55 W
TEMPERATURE IN F: :PCPN: SNOW: WIND :SUNSHINE: SKY :PK WND
================================================================================
1 2 3 4 5 6A 6B 7 8 9 10 11 12 13 14 15 16 17 18
12Z AVG MX 2MIN
DY MAX MIN AVG DEP HDD CDD WTR SNW DPTH SPD SPD DIR MIN PSBL S-S WX SPD DR
================================================================================
1 51 42 47 -7 18 0 T 0.0 0 17.3 26 260 M M 10 1 40 260
2 49 41 45 -9 20 0 0.22 0.0 0 10.1 20 40 M M 10 1 26 20
3 52 40 46 -9 19 0 0.54 0.0 0 13.3 23 20 M M 9 1 31 10
4 60 33 47 -8 18 0 0.00 0.0 0 7.6 18 110 M M 3 1 27 90
5 57 46 52 -4 13 0 T 0.0 0 10.6 20 100 M M 7 18 23 100
6 67 48 58 2 7 0 T 0.0 0 7.5 16 110 M M 2 1 21 100
7 72 41 57 1 8 0 0.00 0.0 0 11.3 24 140 M M 0 1 33 130
8 63 52 58 1 7 0 0.33 0.0 0 13.9 31 130 M M 7 13 41 130
9 89 60 75 18 0 10 0.06 0.0 0 19.6 32 170 M M 3 3 48 170
10 89 61 75 17 0 10 0.03 0.0 0 7.1 14 360 M M 5 18 19 340
11 91 65 78 20 0 13 0.00 0.0 0 10.8 25 160 M M 1 128 34 160
12 92 71 82 24 0 17 0.00 0.0 0 15.0 28 160 M M 0 38 170
13 79 55 67 8 0 2 0.00 0.0 0 9.6 33 280 M M 1 52 280
14 87 49 68 9 0 3 0.02 0.0 0 7.6 33 270 M M 1 38 44 260
15 75 51 63 3 2 0 0.00 0.0 0 8.7 23 310 M M 2 29 290
16 81 45 63 3 2 0 0.00 0.0 0 10.8 29 300 M M 0 39 330
17 73 47 60 0 5 0 0.00 0.0 0 9.5 22 110 M M 1 28 110
18 77 56 67 6 0 2 0.30 0.0 0 7.5 14 200 M M 5 13 18 210
19 87 57 72 11 0 7 0.00 0.0 0 15.1 30 200 M M 1 42 200
20 72 47 60 -2 5 0 0.14 0.0 0 12.8 28 300 M M 8 13 37 300
21 59 44 52 -10 13 0 0.00 0.0 0 11.5 21 350 M M 4 27 340
22 64 39 52 -10 13 0 0.00 0.0 0 12.5 26 300 M M 1 37 280
23 66 40 53 -10 12 0 0.00 0.0 0 8.8 20 50 M M 0 26 60
24 59 46 53 -10 12 0 0.54 0.0 0 15.9 28 50 M M 8 1 37 30
25 57 49 53 -11 12 0 0.66 0.0 0 12.9 23 20 M M 10 1 31 60
26 59 53 56 -8 9 0 0.00 0.0 0 12.4 24 330 M M 10 1 31 330
27 76 47 62 -2 3 0 0.00 0.0 0 7.5 17 10 M M 2 23 330
28 83 51 67 2 0 2 0.02 0.0 0 15.1 30 200 M M 1 43 170
29 84 66 75 10 0 10 0.01 0.0 0 20.3 37 150 M M 1 3 50 160
30 89 64 77 11 0 12 0.06 0.0 0 22.8 43 260 M M 0 13 56 250
31 80 60 70 4 0 5 0.04 0.0 0 14.4 24 260 M M 2 13 32 230
================================================================================
SM 2239 1566 198 93 2.97 0.0 379.8 M 115
================================================================================
AV 72.2 50.5 12.3 FASTST M M 4 MAX(MPH)
MISC ----> 43 260 56 250
================================================================================
NOTES:
# LAST OF SEVERAL OCCURRENCES
COLUMN 17 PEAK WIND IN M.P.H.
PRELIMINARY LOCAL CLIMATOLOGICAL DATA (WS FORM: F-6) , PAGE 2
STATION: MARSHALLTOWN IA
MONTH: MAY
YEAR: 2022
LATITUDE: 42 6 N
LONGITUDE: 92 55 W
[TEMPERATURE DATA] [PRECIPITATION DATA] SYMBOLS USED IN COLUMN 16
AVERAGE MONTHLY: 61.4 TOTAL FOR MONTH: 2.97 1 = FOG OR MIST
DPTR FM NORMAL: 1.4 DPTR FM NORMAL: -1.91 2 = FOG REDUCING VISIBILITY
HIGHEST: 92 ON 12 GRTST 24HR 1.03 ON 24-25 TO 1/4 MILE OR LESS
LOWEST: 33 ON 4 3 = THUNDER
SNOW, ICE PELLETS, HAIL 4 = ICE PELLETS
TOTAL MONTH: 0.0 INCH 5 = HAIL
GRTST 24HR 0.0 6 = FREEZING RAIN OR DRIZZLE
GRTST DEPTH: 0 7 = DUSTSTORM OR SANDSTORM:
VSBY 1/2 MILE OR LESS
8 = SMOKE OR HAZE
[NO. OF DAYS WITH] [WEATHER - DAYS WITH] 9 = BLOWING SNOW
X = TORNADO
MAX 32 OR BELOW: 0 0.01 INCH OR MORE: 14
MAX 90 OR ABOVE: 2 0.10 INCH OR MORE: 7
MIN 32 OR BELOW: 0 0.50 INCH OR MORE: 3
MIN 0 OR BELOW: 0 1.00 INCH OR MORE: 0
[HDD (BASE 65) ]
TOTAL THIS MO. 198 CLEAR (SCALE 0-3) 19
DPTR FM NORMAL -7 PTCLDY (SCALE 4-7) 6
TOTAL FM JUL 1 6783 CLOUDY (SCALE 8-10) 6
DPTR FM NORMAL -184
[CDD (BASE 65) ]
TOTAL THIS MO. 93
DPTR FM NORMAL 44 [PRESSURE DATA]
TOTAL FM JAN 1 93 HIGHEST SLP 30.38 ON 23
DPTR FM NORMAL 39 LOWEST SLP 29.26 ON 20
[REMARKS]
#FINAL-05-22#