000
CXUS55 KEAX 010736
CF6MKC
PRELIMINARY LOCAL CLIMATOLOGICAL DATA (WS FORM: F-6)
STATION: DOWNTOWN KANSAS CITY MO
MONTH: MARCH
YEAR: 2020
LATITUDE: 39 7 N
LONGITUDE: 94 36 W
TEMPERATURE IN F: :PCPN: SNOW: WIND :SUNSHINE: SKY :PK WND
================================================================================
1 2 3 4 5 6A 6B 7 8 9 10 11 12 13 14 15 16 17 18
12Z AVG MX 2MIN
DY MAX MIN AVG DEP HDD CDD WTR SNW DPTH SPD SPD DIR MIN PSBL S-S WX SPD DR
================================================================================
1 67 47 57 17 8 0 0.00 M M 11.3 23 220 M M 2 30 230
2 54 33 44 3 21 0 0.00 M M 5.4 17 10 M M 0 26 360
3 62 34 48 7 17 0 0.00 M M 6.8 18 260 M M 0 27 270
4 61 38 50 8 15 0 0.00 M M 6.3 16 230 M M 0 21 240
5 59 39 49 7 16 0 0.00 M M 14.8 29 310 M M 0 47 290
6 56 31 44 2 21 0 0.00 M M 6.3 15 330 M M 0 26 340
7 69 40 55 12 10 0 0.00 M M 11.4 24 190 M M 0 35 200
8 72 50 61 18 4 0 T M M 20.7 33 200 M M 1 46 200
9 59 37 48 4 17 0 1.14 M M 11.9 23 300 M M 10 1 36 130
10 56 32 44 0 21 0 0.00 M M 4.9 14 330 M M 3 19 290
11 68 41 55 11 10 0 0.00 M M 3.7 12 200 M M 0 18 16 190
12 66 44 55 10 10 0 0.09 M M 10.8 24 340 M M 5 138 35 300
13 47 37 42 -3 23 0 T M M 6.8 15 360 M M 7 22 50
14 43 36 40 -5 25 0 0.20 M M 9.7 17 50 M M 10 1 27 10
15 39 34 37 -9 28 0 T M M 8.3 15 80 M M 10 25 80
16 44 36 40 -6 25 0 0.02 M M 4.5 8 10 M M 10 18 11 80
17 50 42 46 0 19 0 T M M 6.9 14 90 M M 10 20 110
18 62 48 55 8 10 0 0.52 M M 3.6 10 240 M M 10 1 16 150
19 75 51 63 16 2 0 0.08 M M 11.8 26 190 M M 7 1 37 310
20 51 29 40 -8 25 0 0.00 M M 14.8 25 320 M M 4 38 340
21 49 24 37 -11 28 0 0.00 M M 5.0 12 120 M M 1 16 120
22 45 38 42 -6 23 0 0.12 M M 6.9 14 90 M M 10 1 19 90
23 52 40 46 -3 19 0 T M M 5.8 12 90 M M 10 1 16 90
24 53 43 48 -1 17 0 0.04 M M 8.1 15 60 M M 10 1 22 70
25 71 45 58 9 7 0 0.00 M M 7.8 20 170 M M 5 1 27 160
26 66 53 60 10 5 0 0.03 M M 7.0 17 10 M M 3 13 21 10
27 63 52 58 8 7 0 0.10 M M 5.9 15 70 M M 9 138 20 80
28 77 47 62 12 3 0 0.00 M M 17.3 37 220 M M 6 18 52 230
29 68 45 57 6 8 0 0.00 M M 10.6 26 270 M M 2 39 290
30 71 41 56 5 9 0 0.00 M M 5.1 14 70 M M 0 8 22 70
31 69 47 58 7 7 0 0.00 M M 3.0 13 360 M M 2 8 19 10
================================================================================
SM 1844 1254 460 0 2.34 M 263.2 M 147
================================================================================
AV 59.5 40.5 8.5 FASTST M M 5 MAX(MPH)
MISC ----> 37 220 52 230
================================================================================
NOTES:
# LAST OF SEVERAL OCCURRENCES
COLUMN 17 PEAK WIND IN M.P.H.
PRELIMINARY LOCAL CLIMATOLOGICAL DATA (WS FORM: F-6) , PAGE 2
STATION: DOWNTOWN KANSAS CITY MO
MONTH: MARCH
YEAR: 2020
LATITUDE: 39 7 N
LONGITUDE: 94 36 W
[TEMPERATURE DATA] [PRECIPITATION DATA] SYMBOLS USED IN COLUMN 16
AVERAGE MONTHLY: 50.0 TOTAL FOR MONTH: 2.34 1 = FOG OR MIST
DPTR FM NORMAL: 4.0 DPTR FM NORMAL: 0.19 2 = FOG REDUCING VISIBILITY
HIGHEST: 77 ON 28 GRTST 24HR 1.14 ON 8- 9 TO 1/4 MILE OR LESS
LOWEST: 24 ON 21 3 = THUNDER
SNOW, ICE PELLETS, HAIL 4 = ICE PELLETS
TOTAL MONTH: M 5 = HAIL
GRTST 24HR M ON M 6 = FREEZING RAIN OR DRIZZLE
GRTST DEPTH: M ON M 7 = DUSTSTORM OR SANDSTORM:
VSBY 1/2 MILE OR LESS
8 = SMOKE OR HAZE
[NO. OF DAYS WITH] [WEATHER - DAYS WITH] 9 = BLOWING SNOW
X = TORNADO
MAX 32 OR BELOW: 0 0.01 INCH OR MORE: 10
MAX 90 OR ABOVE: 0 0.10 INCH OR MORE: 5
MIN 32 OR BELOW: 4 0.50 INCH OR MORE: 2
MIN 0 OR BELOW: 0 1.00 INCH OR MORE: 1
[HDD (BASE 65) ]
TOTAL THIS MO. 460 CLEAR (SCALE 0-3) 14
DPTR FM NORMAL -134 PTCLDY (SCALE 4-7) 7
TOTAL FM JUL 1 4127 CLOUDY (SCALE 8-10) 10
DPTR FM NORMAL -196
[CDD (BASE 65) ]
TOTAL THIS MO. 0
DPTR FM NORMAL -5 [PRESSURE DATA]
TOTAL FM JAN 1 0 HIGHEST SLP M ON M
DPTR FM NORMAL -5 LOWEST SLP 29.42 ON 28
[REMARKS]
#FINAL-03-20#