000
CXUS53 KGRR 010910
CF6MKG
PRELIMINARY LOCAL CLIMATOLOGICAL DATA (WS FORM: F-6)
STATION: MUSKEGON
MONTH: MAY
YEAR: 2022
LATITUDE: 43 10 N
LONGITUDE: 86 14 W
TEMPERATURE IN F: :PCPN: SNOW: WIND :SUNSHINE: SKY :PK WND
================================================================================
1 2 3 4 5 6A 6B 7 8 9 10 11 12 13 14 15 16 17 18
12Z AVG MX 2MIN
DY MAX MIN AVG DEP HDD CDD WTR SNW DPTH SPD SPD DIR MIN PSBL S-S WX SPD DR
================================================================================
1 57 46 52 -1 13 0 0.03 0.0 0 14.1 25 200 M M 10 34 200
2 53 47 50 -3 15 0 0.00 0.0 0 9.4 16 270 M M 10 25 270
3 52 45 49 -4 16 0 0.68 0.0 0 10.5 18 20 M M 9 1 27 360
4 61 40 51 -3 14 0 0.00 0.0 0 6.7 14 290 M M 6 19 300
5 63 40 52 -2 13 0 0.00 0.0 0 4.4 14 120 M M 7 20 90
6 65 50 58 4 7 0 T 0.0 0 12.2 23 60 M M 7 34 60
7 71 47 59 4 6 0 0.00 0.0 0 9.8 21 30 M M 0 30 20
8 70 41 56 1 9 0 0.00 0.0 0 10.3 24 120 M M 5 31 100
9 82 50 66 10 0 1 0.00 0.0 0 17.5 33 120 M M 2 44 130
10 87 66 77 21 0 12 0.00 0.0 0 9.9 18 180 M M 8 26 180
11 87 71 79 23 0 14 0.00 0.0 0 9.2 23 20 M M 7 8 33 50
12 91 64 78 21 0 13 0.00 0.0 0 9.3 17 200 M M 5 25 140
13 89 63 76 19 0 11 0.00 0.0 0 8.9 16 200 M M 4 24 190
14 83 52 68 11 0 3 0.00 0.0 0 5.7 16 290 M M 5 26 270
15 72 51 62 4 3 0 T 0.0 0 4.8 14 190 M M 7 19 200
16 72 45 59 1 6 0 0.00 0.0 0 7.0 17 290 M M 3 26 300
17 63 40 52 -6 13 0 0.00 0.0 0 6.3 18 280 M M 3 25 290
18 55 45 50 -9 15 0 0.11 M 0 6.3 14 100 0 M 9 1 21 110
19 74 49 62 3 3 0 T 0.0 0 9.5 21 200 M M 9 128 29 220
20 83 60 72 13 0 7 0.51 0.0 0 13.4 28 210 M M 7 13 41 210
21 63 51 57 -3 8 0 0.27 0.0 0 4.6 13 190 M M 9 13 18 180
22 58 41 50 -10 15 0 T 0.0 0 6.9 18 300 M M 7 27 300
23 65 38 52 -8 13 0 0.00 0.0 0 6.4 16 290 M M 5 21 300
24 69 48 59 -2 6 0 0.00 0.0 0 7.3 14 80 M M 6 18 80
25 71 55 63 2 2 0 0.13 0.0 0 12.3 20 110 M M 8 13 28 120
26 77 62 70 9 0 5 0.07 0.0 0 10.5 24 190 M M 9 1 35 210
27 75 54 65 3 0 0 0.00 0.0 0 8.9 17 340 M M 7 12 24 320
28 71 44 58 -4 7 0 0.00 0.0 0 4.4 14 220 M M 5 19 220
29 85 56 71 9 0 6 0.00 0.0 0 10.8 21 170 M M 6 32 180
30 87 74 81 18 0 16 0.00 0.0 0 16.4 29 180 M M 5 46 170
31 85 69 77 14 0 12 0.00 0.0 0 15.6 25 200 M M 6 36 210
================================================================================
SM 2236 1604 184 100 1.80 0.0 289.3 0 196
================================================================================
AV 72.1 51.7 9.3 FASTST 0 M 6 MAX(MPH)
MISC ----> 33 120 46 170
================================================================================
NOTES:
# LAST OF SEVERAL OCCURRENCES
COLUMN 17 PEAK WIND IN M.P.H.
PRELIMINARY LOCAL CLIMATOLOGICAL DATA (WS FORM: F-6) , PAGE 2
STATION: MUSKEGON
MONTH: MAY
YEAR: 2022
LATITUDE: 43 10 N
LONGITUDE: 86 14 W
[TEMPERATURE DATA] [PRECIPITATION DATA] SYMBOLS USED IN COLUMN 16
AVERAGE MONTHLY: 61.9 TOTAL FOR MONTH: 1.80 1 = FOG OR MIST
DPTR FM NORMAL: 4.0 DPTR FM NORMAL: -1.58 2 = FOG REDUCING VISIBILITY
HIGHEST: 91 ON 12 GRTST 24HR 0.94 ON 30- 1 TO 1/4 MILE OR LESS
LOWEST: 38 ON 23 3 = THUNDER
SNOW, ICE PELLETS, HAIL 4 = ICE PELLETS
TOTAL MONTH: 0.0 INCH 5 = HAIL
GRTST 24HR 0.0 6 = FREEZING RAIN OR DRIZZLE
GRTST DEPTH: 0 7 = DUSTSTORM OR SANDSTORM:
VSBY 1/2 MILE OR LESS
8 = SMOKE OR HAZE
[NO. OF DAYS WITH] [WEATHER - DAYS WITH] 9 = BLOWING SNOW
X = TORNADO
MAX 32 OR BELOW: 0 0.01 INCH OR MORE: 7
MAX 90 OR ABOVE: 1 0.10 INCH OR MORE: 5
MIN 32 OR BELOW: 0 0.50 INCH OR MORE: 2
MIN 0 OR BELOW: 0 1.00 INCH OR MORE: 0
[HDD (BASE 65) ]
TOTAL THIS MO. 184 CLEAR (SCALE 0-3) 4
DPTR FM NORMAL -68 PTCLDY (SCALE 4-7) 19
TOTAL FM JUL 1 5898 CLOUDY (SCALE 8-10) 8
DPTR FM NORMAL -349
[CDD (BASE 65) ]
TOTAL THIS MO. 100
DPTR FM NORMAL 67 [PRESSURE DATA]
TOTAL FM JAN 1 100 HIGHEST SLP 30.42 ON 23
DPTR FM NORMAL 64 LOWEST SLP 29.40 ON 20
[REMARKS]
#FINAL-05-22#