000
CXUS54 KTSA 010850
CF6MKO
PRELIMINARY LOCAL CLIMATOLOGICAL DATA (WS FORM: F-6)
STATION: MUSKOGEE OKLAHOMA
MONTH: OCTOBER
YEAR: 2022
LATITUDE: 35 40 N
LONGITUDE: 95 22 W
TEMPERATURE IN F: :PCPN: SNOW: WIND :SUNSHINE: SKY :PK WND
================================================================================
1 2 3 4 5 6A 6B 7 8 9 10 11 12 13 14 15 16 17 18
12Z AVG MX 2MIN
DY MAX MIN AVG DEP HDD CDD WTR SNW DPTH SPD SPD DIR MIN PSBL S-S WX SPD DR
================================================================================
1 85 46 66 -2 0 1 0.00 0.0 M 4.0 12 50 M M 0 8 17 360
2 86 48 67 0 0 2 0.00 0.0 M 3.8 13 140 M M 0 19 130
3 87 48 68 1 0 3 0.00 0.0 M 2.7 10 130 M M 0 M M
4 86 57 72 6 0 7 0.00 0.0 M 5.4 13 140 M M 0 17 130
5 89 55 72 6 0 7 0.00 0.0 M 5.9 13 260 M M 1 8 17 300
6 87 54 71 5 0 6 0.00 0.0 M 4.8 15 340 M M 1 8 23 350
7 81 53 67 2 0 2 0.00 0.0 M 10.0 20 360 M M 0 8 26 360
8 75 46 61 -4 4 0 0.00 0.0 M 4.9 13 10 M M 1 18 20
9 81 49 65 0 0 0 T 0.0 M 5.4 15 270 M M 3 22 260
10 81 54 68 4 0 3 0.08 0.0 M 5.3 14 210 M M 4 3 22 200
11 80 65 73 9 0 8 T 0.0 M 8.8 22 190 M M 5 35 200
12 85 50 68 4 0 3 0.03 0.0 M 8.2 21 350 M M 1 38 27 360
13 76 45 61 -2 4 0 0.00 0.0 M 7.5 21 280 M M 0 29 270
14 88 42 65 2 0 0 T 0.0 M 10.1 26 240 M M 0 36 230
15 93 59 76 14 0 11 0.26 0.0 M 6.5 29 250 M M 2 13 36 250
16 73 55 64 2 1 0 0.18 0.0 M 7.0 23 10 M M 2 13 31 10
17 61 42 52 -10 13 0 0.00 0.0 M 12.2 22 350 M M 0 8 30 340
18 53 31 42 -19 23 0 0.00 0.0 M 8.4 22 20 M M 0 27 330
19 61 24 43 -18 22 0 0.00 0.0 M 3.2 9 200 M M 0 14 200
20 76 38 57 -3 8 0 0.00 0.0 M 5.6 10 140 M M 0 14 170
21 88 44 66 6 0 1 0.00 0.0 M 8.5 21 170 M M 0 28 170
22 85 65 75 15 0 10 0.00 0.0 M 17.8 29 190 M M 0 45 170
23 86 69 78 19 0 13 0.00 0.0 M 16.9 26 190 M M 0 42 160
24 76 56 66 7 0 1 1.49 0.0 M 11.2 22 170 M M 9 1 32 170
25 64 46 55 -4 10 0 1.17 0.0 M 12.6 36 10 M M 5 1 46 10
26 68 38 53 -5 12 0 0.00 0.0 M 3.9 12 130 M M 0 18 120
27 68 43 56 -2 9 0 T 0.0 M 9.9 21 140 M M 0 31 150
28 69 49 59 2 6 0 0.03 0.0 M 4.6 12 110 M M 4 18 17 110
29 63 55 59 2 6 0 0.13 0.0 M 8.2 18 30 M M 9 1 23 30
30 66 54 60 3 5 0 0.00 0.0 M 6.8 12 320 M M 9 18 350
31 75 46 61 5 4 0 0.00 0.0 M 4.9 12 220 M M 0 1 16 220
================================================================================
SM 2392 1526 127 78 3.37 0.0 235.0 M 56
================================================================================
AV 77.2 49.2 7.6 FASTST M M 2 MAX(MPH)
MISC ----> 36 10 46 10
================================================================================
NOTES:
# LAST OF SEVERAL OCCURRENCES
COLUMN 17 PEAK WIND IN M.P.H.
PRELIMINARY LOCAL CLIMATOLOGICAL DATA (WS FORM: F-6) , PAGE 2
STATION: MUSKOGEE OKLAHOMA
MONTH: OCTOBER
YEAR: 2022
LATITUDE: 35 40 N
LONGITUDE: 95 22 W
[TEMPERATURE DATA] [PRECIPITATION DATA] SYMBOLS USED IN COLUMN 16
AVERAGE MONTHLY: 63.2 TOTAL FOR MONTH: 3.37 1 = FOG OR MIST
DPTR FM NORMAL: 1.2 DPTR FM NORMAL: -0.75 2 = FOG REDUCING VISIBILITY
HIGHEST: 93 ON 15 GRTST 24HR 2.47 ON 24-25 TO 1/4 MILE OR LESS
LOWEST: 24 ON 19 3 = THUNDER
SNOW, ICE PELLETS, HAIL 4 = ICE PELLETS
TOTAL MONTH: 0.0 INCH 5 = HAIL
GRTST 24HR 0.0 6 = FREEZING RAIN OR DRIZZLE
GRTST DEPTH: M ON M 7 = DUSTSTORM OR SANDSTORM:
VSBY 1/2 MILE OR LESS
8 = SMOKE OR HAZE
[NO. OF DAYS WITH] [WEATHER - DAYS WITH] 9 = BLOWING SNOW
X = TORNADO
MAX 32 OR BELOW: 0 0.01 INCH OR MORE: 8
MAX 90 OR ABOVE: 1 0.10 INCH OR MORE: 5
MIN 32 OR BELOW: 2 0.50 INCH OR MORE: 2
MIN 0 OR BELOW: 0 1.00 INCH OR MORE: 2
[HDD (BASE 65) ]
TOTAL THIS MO. 127 CLEAR (SCALE 0-3) 24
DPTR FM NORMAL -34 PTCLDY (SCALE 4-7) 4
TOTAL FM JUL 1 127 CLOUDY (SCALE 8-10) 3
DPTR FM NORMAL -49
[CDD (BASE 65) ]
TOTAL THIS MO. 78
DPTR FM NORMAL 10 [PRESSURE DATA]
TOTAL FM JAN 1 2330 HIGHEST SLP 30.47 ON 8
DPTR FM NORMAL 418 LOWEST SLP 29.54 ON 25
[REMARKS]
#FINAL-10-22#