000
CXUS52 KMLB 280639
CF6MLB
PRELIMINARY LOCAL CLIMATOLOGICAL DATA (WS FORM: F-6)

                                          STATION:   MELBOURNE
                                          MONTH:     JUNE
                                          YEAR:      2016
                                          LATITUDE:   28  6 N
                                          LONGITUDE:  80 39 W

  TEMPERATURE IN F:       :PCPN:    SNOW:  WIND      :SUNSHINE: SKY     :PK WND
================================================================================
1   2   3   4   5  6A  6B    7    8   9   10  11  12  13   14  15   16   17  18
                                     12Z  AVG MX 2MIN
DY MAX MIN AVG DEP HDD CDD  WTR  SNW DPTH SPD SPD DIR MIN PSBL S-S WX    SPD DR
================================================================================

 1  88  72  80   1   0  15 0.00  0.0    0  6.5 16 110   M    M   1        20 110
 2  88  72  80   1   0  15 0.00  0.0    0  7.3 18 100   M    M   2        22 100
 3  88  74  81   2   0  16 0.00  0.0    0  7.8 17 110   M    M   2        22 100
 4  88  76  82   2   0  17 0.00  0.0    0  8.5 17 110   M    M   2        22 150
 5  88  74  81   1   0  16 0.03  0.0    0  7.2 21 180   M    M   3 3      29 180
 6  89  77  83   3   0  18 0.05  0.0    0 11.7 24 200   M    M   1 3      32 200
 7  88  78  83   3   0  18 0.30  0.0    0 12.0 25 210   M    M   8 138    33 210
 8  88  75  82   2   0  17 0.97  0.0    0  6.1 17  60   M    M   8 13     20  30
 9  84  73  79  -1   0  14 3.26  0.0    0  6.9 17  30   M    M   6 13     21 360
10  85  74  80   0   0  15 0.00  0.0    0  7.0 14  90   M    M   6        18  60
11  85  78  82   2   0  17    T  0.0    0  9.3 16  60   M    M   2        19 110
12  86  72  79  -1   0  14 0.00  0.0    0  4.3 13 100   M    M   2        16  70
13  93  73  83   3   0  18 0.00  0.0    0  6.7 14 300   M    M   2        17 290
14  92  76  84   4   0  19 0.00  0.0    0  7.2 16 120   M    M   2 3      19 100
15  93  76  85   5   0  20 0.03  0.0    0  9.5 26 220   M    M   4 3      35 220
16  93  74  84   3   0  19 0.74  0.0    0  9.6 40 270   M    M   3 13     49 260
17  92  76  84   3   0  19 0.02  0.0    0 11.7 26 250   M    M   1 3      38 260
18  93  71  82   1   0  17 1.42  0.0    0  7.8 26 230   M    M   4 138    35 240
19  86  71  79  -2   0  14 0.15  0.0    0 13.1 24  70   M    M   5 1      31  70
20  85  73  79  -2   0  14 0.01  0.0    0 12.0 22  60   M    M   4        26  60
21  85  75  80  -1   0  15 0.00  0.0    0 11.2 18  70   M    M   2        23  70
22  87  77  82   1   0  17 0.00  0.0    0  8.4 15  60   M    M   2        18  50
23  89  76  83   2   0  18 0.00  0.0    0  7.0 14 120   M    M   2        19 100
24  91  77  84   3   0  19 0.00  0.0    0  8.5 18 130   M    M   1        22 140
25  92  76  84   3   0  19 0.00  0.0    0  7.0 17 100   M    M   2        21 100
26  91  75  83   2   0  18 0.00  0.0    0  6.7 21  50   M    M   1        27  50
27  90  73  82   1   0  17 0.00  0.0    0  6.4 14 100   M    M   1        17  90
================================================================================
SM 2397 2014         0 455  6.98     0.0 227.4          M       79
================================================================================
AV 88.8 74.6                               8.4 FASTST   M    M   3    MAX(MPH)
                                 MISC ---->  # 40 270               # 49  260
================================================================================
NOTES:
# LAST OF SEVERAL OCCURRENCES

COLUMN 17 PEAK WIND IN M.P.H.

PRELIMINARY LOCAL CLIMATOLOGICAL DATA (WS FORM: F-6) , PAGE 2

                                          STATION:  MELBOURNE
                                          MONTH:    JUNE
                                          YEAR:     2016
                                          LATITUDE:   28  6 N
                                          LONGITUDE:  80 39 W

[TEMPERATURE DATA]      [PRECIPITATION DATA]       SYMBOLS USED IN COLUMN 16

AVERAGE MONTHLY: 81.7   TOTAL FOR MONTH:   6.98    1 = FOG OR MIST
DPTR FM NORMAL:   1.4   DPTR FM NORMAL:    0.95    2 = FOG REDUCING VISIBILITY
HIGHEST:    93 ON 18,16 GRTST 24HR  3.45 ON  8- 9      TO 1/4 MILE OR LESS
LOWEST:     71 ON 19,18                            3 = THUNDER
                        SNOW, ICE PELLETS, HAIL    4 = ICE PELLETS
                        TOTAL MONTH:   0.0 INCH    5 = HAIL
                        GRTST 24HR     0.0         6 = FREEZING RAIN OR DRIZZLE
                        GRTST DEPTH:   0           7 = DUSTSTORM OR SANDSTORM:
                                                       VSBY 1/2 MILE OR LESS
                                                   8 = SMOKE OR HAZE
[NO. OF DAYS WITH]      [WEATHER - DAYS WITH]      9 = BLOWING SNOW
                                                   X = TORNADO
MAX 32 OR BELOW:   0    0.01 INCH OR MORE:  11
MAX 90 OR ABOVE:  10    0.10 INCH OR MORE:   6
MIN 32 OR BELOW:   0    0.50 INCH OR MORE:   4
MIN  0 OR BELOW:   0    1.00 INCH OR MORE:   2

[HDD (BASE 65) ]
TOTAL THIS MO.     0    CLEAR  (SCALE 0-3)  18
DPTR FM NORMAL     0    PTCLDY (SCALE 4-7)   9
TOTAL FM JUL 1   341    CLOUDY (SCALE 8-10)  0
DPTR FM NORMAL  -236

[CDD (BASE 65) ]
TOTAL THIS MO.   455
DPTR FM NORMAL    40    [PRESSURE DATA]
TOTAL FM JAN 1  1388    HIGHEST SLP M ON M
DPTR FM NORMAL   247    LOWEST  SLP 29.67 ON  7

[REMARKS]
