000
CXUS52 KMLB 311235
CF6MLB
PRELIMINARY LOCAL CLIMATOLOGICAL DATA (WS FORM: F-6)

                                          STATION:   MELBOURNE
                                          MONTH:     JANUARY
                                          YEAR:      2015
                                          LATITUDE:   28  6 N
                                          LONGITUDE:  80 39 W

  TEMPERATURE IN F:       :PCPN:    SNOW:  WIND      :SUNSHINE: SKY     :PK WND
================================================================================
1   2   3   4   5  6A  6B    7    8   9   10  11  12  13   14  15   16   17  18
                                     12Z  AVG MX 2MIN
DY MAX MIN AVG DEP HDD CDD  WTR  SNW DPTH SPD SPD DIR MIN PSBL S-S WX    SPD DR
================================================================================

 1  76  65  71  11   0   6 0.18  0.0    0  7.2 16 110   M    M   8 12     19 110
 2  75  67  71  11   0   6    T  0.0    0  5.5 10  30   M    M   9 12     13  10
 3  82  73  78  18   0  13 0.00  0.0    0  9.7 18 140   M    M   2        24 130
 4  85  68  77  17   0  12 0.02  0.0    0  7.5 21 200   M    M   1 1      27 210
 5  71  63  67   7   0   2 0.00  0.0    0 10.6 21 360   M    M   5        25 360
 6  80  57  69   9   0   4 0.00  0.0    0  3.9  9 320   M    M   4        12 360
 7  72  49  61   1   4   0 0.00  0.0    0  8.9 15 320   M    M   0        20 310
 8  64  41  53  -7  12   0 0.00  0.0    0 17.4 30 350   M    M   4        37 360
 9  69  51  60   0   5   0 0.00  0.0    0  8.4 18 360   M    M   5        21  10
10  69  48  59  -1   6   0 0.00  0.0    0 10.4 21 350   M    M   5        26 350
11  79  54  67   7   0   2 0.16  0.0    0  7.5 16 110   M    M   5 18     23 140
12  78  65  72  12   0   7 1.40  0.0    0  9.8 26 360   M    M   5 13     33 350
13  78  63  71  11   0   6 0.03  0.0    0  9.3 17 360   M    M   5 18     22 360
14  71  59  65   5   0   0 0.00  0.0    0 13.7 22 350   M    M  10 18     26 340
15  69  55  62   2   3   0 0.01  0.0    0 10.5 18 350   M    M   7        22 350
16  62  49  56  -4   9   0 0.05  0.0    0  9.6 17  10   M    M   4 1      21  30
17  74  49  62   2   3   0 0.00  0.0    0  5.8 12  90   M    M   1        16 120
18  73  52  63   3   2   0 0.00  0.0    0  8.4 22 290   M    M   1        29 290
19  70  45  58  -2   7   0 0.00  0.0    0  5.7 17  10   M    M   0 1      20 340
20  71  50  61   1   4   0 0.00  0.0    0  1.2  8  30   M    M   2         9  30
21  75  51  63   3   2   0 0.00  0.0    0  5.0 13  40   M    M   1 1      16  50
22  78  55  67   7   0   2 0.00  0.0    0  6.4 16  30   M    M   2 12     19  30
23  77  66  72  12   0   7 0.00  0.0    0 12.2 22 140   M    M   4        29 140
24  72  49  61   1   4   0 0.49  0.0    0 17.6 35 280   M    M   3 1      42 280
25  66  43  55  -5  10   0 0.00  0.0    0  4.8 12 310   M    M   0        16 320
26  70  49  60  -1   5   0 0.14  0.0    0 13.8 32 270   M    M   2 1      43 270
27  68  41  55  -6  10   0 0.00  0.0    0 11.9 25 270   M    M   0        32 270
28  62  40  51 -10  14   0 0.00  0.0    0 10.6 18 350   M    M   0        23 360
29  70  42  56  -5   9   0 0.00  0.0    0  4.9 12  60   M    M   1        14  50
30  75  46  61   0   4   0 0.00  0.0    0  8.1 20 320   M    M   1        26 280
================================================================================
SM 2181 1605       113  67  2.48     0.0 266.3          M       97
================================================================================
AV 72.7 53.5                               8.9 FASTST   M    M   3    MAX(MPH)
                                 MISC ---->  # 35 280               # 43  270
================================================================================
NOTES:
# LAST OF SEVERAL OCCURRENCES

COLUMN 17 PEAK WIND IN M.P.H.

PRELIMINARY LOCAL CLIMATOLOGICAL DATA (WS FORM: F-6) , PAGE 2

                                          STATION:  MELBOURNE
                                          MONTH:    JANUARY
                                          YEAR:     2015
                                          LATITUDE:   28  6 N
                                          LONGITUDE:  80 39 W

[TEMPERATURE DATA]      [PRECIPITATION DATA]       SYMBOLS USED IN COLUMN 16

AVERAGE MONTHLY: 63.1   TOTAL FOR MONTH:   2.48    1 = FOG OR MIST
DPTR FM NORMAL:   2.9   DPTR FM NORMAL:    0.29    2 = FOG REDUCING VISIBILITY
HIGHEST:    85 ON  4    GRTST 24HR  1.43 ON 12-13      TO 1/4 MILE OR LESS
LOWEST:     40 ON 28                               3 = THUNDER
                        SNOW, ICE PELLETS, HAIL    4 = ICE PELLETS
                        TOTAL MONTH:   0.0 INCH    5 = HAIL
                        GRTST 24HR     0.0         6 = FREEZING RAIN OR DRIZZLE
                        GRTST DEPTH:   0           7 = DUSTSTORM OR SANDSTORM:
                                                       VSBY 1/2 MILE OR LESS
                                                   8 = SMOKE OR HAZE
[NO. OF DAYS WITH]      [WEATHER - DAYS WITH]      9 = BLOWING SNOW
                                                   X = TORNADO
MAX 32 OR BELOW:   0    0.01 INCH OR MORE:   9
MAX 90 OR ABOVE:   0    0.10 INCH OR MORE:   5
MIN 32 OR BELOW:   0    0.50 INCH OR MORE:   1
MIN  0 OR BELOW:   0    1.00 INCH OR MORE:   1

[HDD (BASE 65) ]
TOTAL THIS MO.   113    CLEAR  (SCALE 0-3)  15
DPTR FM NORMAL   -67    PTCLDY (SCALE 4-7)  12
TOTAL FM JUL 1   260    CLOUDY (SCALE 8-10)  3
DPTR FM NORMAL   -99

[CDD (BASE 65) ]
TOTAL THIS MO.    67
DPTR FM NORMAL    32    [PRESSURE DATA]
TOTAL FM JAN 1    67    HIGHEST SLP M ON M
DPTR FM NORMAL    32    LOWEST  SLP 29.75 ON 24

[REMARKS]
