000
CXUS52 KMLB 201154
CF6MLB
PRELIMINARY LOCAL CLIMATOLOGICAL DATA (WS FORM: F-6)

                                          STATION:   MELBOURNE
                                          MONTH:     OCTOBER
                                          YEAR:      2014
                                          LATITUDE:   28  6 N
                                          LONGITUDE:  80 39 W

  TEMPERATURE IN F:       :PCPN:    SNOW:  WIND      :SUNSHINE: SKY     :PK WND
================================================================================
1   2   3   4   5  6A  6B    7    8   9   10  11  12  13   14  15   16   17  18
                                     12Z  AVG MX 2MIN
DY MAX MIN AVG DEP HDD CDD  WTR  SNW DPTH SPD SPD DIR MIN PSBL S-S WX    SPD DR
================================================================================

 1  88  74  81   2   0  16 0.02  0.0    0  5.1 16  60   M    M   4 3      19  70
 2  89  76  83   4   0  18 0.00  0.0    0  8.3 15  60   M    M   3 1      18  40
 3  88  75  82   3   0  17 0.74  0.0    0  5.0 18 360   M    M   4 13     23 350
 4  87  68  78  -1   0  13 0.09  0.0    0  7.9 15 300   M    M   3 8      19 300
 5  80  62  71  -7   0   6 0.00  0.0    0  8.6 17  30   M    M   0 8      21  10
 6  84  63  74  -4   0   9 0.00  0.0    0  6.3 14  90   M    M   1        18  30
 7  86  69  78   0   0  13 0.00  0.0    0  4.0 13 120   M    M   0        15 130
 8  88  75  82   4   0  17    T  0.0    0  5.6 13  60   M    M   1        16  40
 9  87  70  79   1   0  14 0.00  0.0    0  8.2 17  50   M    M   2        20  40
10  88  79  84   6   0  19 0.00  0.0    0 10.1 16  60   M    M   3        20  70
11  87  74  81   4   0  16 0.00  0.0    0  6.8 14 100   M    M   3        18 100
12  87  71  79   2   0  14 0.00  0.0    0  8.5 18 100   M    M   3        23 120
13  87  80  84   7   0  19 0.00  0.0    0 11.8 18 150   M    M   2        24 100
14  88  74  81   4   0  16 0.91  0.0    0  9.9 21 290   M    M   3 138    26 130
15  88  68  78   2   0  13 0.02  0.0    0  7.3 17 290   M    M   5 1      22 280
16  84  62  73  -3   0   8 0.00  0.0    0  7.8 20 280   M    M   1        25 300
17  83  61  72  -4   0   7 0.00  0.0    0  5.7 13  10   M    M   0        17  10
18  85  61  73  -3   0   8 0.00  0.0    0  5.3 12 280   M    M   0        15 310
19  84  61  73  -2   0   8 0.00  0.0    0  5.6 14  40   M    M   1 1      18  70
================================================================================
SM 1638 1323         0 251  1.78     0.0 137.8          M       39
================================================================================
AV 86.2 69.6                               7.3 FASTST   M    M   2    MAX(MPH)
                                 MISC ---->  # 21 290               # 26  130
================================================================================
NOTES:
# LAST OF SEVERAL OCCURRENCES

COLUMN 17 PEAK WIND IN M.P.H.

PRELIMINARY LOCAL CLIMATOLOGICAL DATA (WS FORM: F-6) , PAGE 2

                                          STATION:  MELBOURNE
                                          MONTH:    OCTOBER
                                          YEAR:     2014
                                          LATITUDE:   28  6 N
                                          LONGITUDE:  80 39 W

[TEMPERATURE DATA]      [PRECIPITATION DATA]       SYMBOLS USED IN COLUMN 16

AVERAGE MONTHLY: 77.9   TOTAL FOR MONTH:   1.78    1 = FOG OR MIST
DPTR FM NORMAL:   0.5   DPTR FM NORMAL:   -1.69    2 = FOG REDUCING VISIBILITY
HIGHEST:    89 ON  2    GRTST 24HR  0.93 ON 14-15      TO 1/4 MILE OR LESS
LOWEST:     61 ON 19,18                            3 = THUNDER
                        SNOW, ICE PELLETS, HAIL    4 = ICE PELLETS
                        TOTAL MONTH:   0.0 INCH    5 = HAIL
                        GRTST 24HR     0.0         6 = FREEZING RAIN OR DRIZZLE
                        GRTST DEPTH:   0           7 = DUSTSTORM OR SANDSTORM:
                                                       VSBY 1/2 MILE OR LESS
                                                   8 = SMOKE OR HAZE
[NO. OF DAYS WITH]      [WEATHER - DAYS WITH]      9 = BLOWING SNOW
                                                   X = TORNADO
MAX 32 OR BELOW:   0    0.01 INCH OR MORE:   5
MAX 90 OR ABOVE:   0    0.10 INCH OR MORE:   2
MIN 32 OR BELOW:   0    0.50 INCH OR MORE:   2
MIN  0 OR BELOW:   0    1.00 INCH OR MORE:   0

[HDD (BASE 65) ]
TOTAL THIS MO.     0    CLEAR  (SCALE 0-3)  14
DPTR FM NORMAL     0    PTCLDY (SCALE 4-7)   5
TOTAL FM JUL 1     0    CLOUDY (SCALE 8-10)  0
DPTR FM NORMAL     0

[CDD (BASE 65) ]
TOTAL THIS MO.   251
DPTR FM NORMAL    15    [PRESSURE DATA]
TOTAL FM JAN 1  3217    HIGHEST SLP M ON M
DPTR FM NORMAL   289    LOWEST  SLP 29.82 ON  4

[REMARKS]
