000
CXUS52 KMLB 012203
CF6MLB
PRELIMINARY LOCAL CLIMATOLOGICAL DATA (WS FORM: F-6)
STATION: MELBOURNE
MONTH: SEPTEMBER
YEAR: 2022
LATITUDE: 28 6 N
LONGITUDE: 80 39 W
TEMPERATURE IN F: :PCPN: SNOW: WIND :SUNSHINE: SKY :PK WND
================================================================================
1 2 3 4 5 6A 6B 7 8 9 10 11 12 13 14 15 16 17 18
12Z AVG MX 2MIN
DY MAX MIN AVG DEP HDD CDD WTR SNW DPTH SPD SPD DIR MIN PSBL S-S WX SPD DR
================================================================================
1 89 75 82 -1 0 17 0.00 0.0 0 4.2 16 180 M M 1 3 22 160
2 90 74 82 -1 0 17 0.00 0.0 0 5.1 15 100 M M 1 19 100
3 90 76 83 0 0 18 0.00 0.0 0 7.0 14 120 M M 1 18 70
4 90 76 83 0 0 18 0.00 0.0 0 7.2 15 110 M M 1 19 90
5 91 76 84 1 0 19 0.00 0.0 0 7.5 14 100 M M 1 18 60
6 92 75 84 1 0 19 0.00 0.0 0 5.8 14 70 M M 1 17 70
7 95 74 85 2 0 20 T 0.0 0 4.4 15 320 M M 1 3 18 320
8 91 74 83 0 0 18 1.20 0.0 0 4.6 18 190 M M 3 123 25 180
9 92 73 83 0 0 18 0.05 0.0 0 6.2 28 230 M M 3 13 38 220
10 90 76 83 0 0 18 0.28 0.0 0 5.4 23 260 M M 2 13 32 270
11 89 74 82 -1 0 17 0.68 0.0 0 5.3 17 220 M M 1 138 23 190
12 94 72 83 1 0 18 0.52 0.0 0 5.0 24 250 M M 2 13 30 250
13 89 73 81 -1 0 16 0.62 0.0 0 5.3 22 270 M M 2 13 25 270
14 89 73 81 -1 0 16 2.18 0.0 0 6.4 23 90 M M 4 13 28 90
15 88 73 81 -1 0 16 0.00 0.0 0 5.7 17 160 M M 2 1 21 150
16 87 73 80 -2 0 15 0.13 0.0 0 6.1 18 20 M M 2 13 23 30
17 88 71 80 -2 0 15 2.96 0.0 0 6.1 25 360 M M 6 123 29 340
18 84 71 78 -4 0 13 0.08 0.0 0 4.7 20 170 M M 4 13 28 180
19 87 74 81 -1 0 16 0.22 0.0 0 4.6 13 110 M M 3 138 16 80
20 87 75 81 -1 0 16 0.23 0.0 0 5.2 14 50 M M 3 1 17 50
21 87 73 80 -2 0 15 1.96 0.0 0 7.8 23 340 M M 6 13 26 350
22 89 74 82 0 0 17 T 0.0 0 7.9 17 30 M M 2 20 30
23 90 73 82 0 0 17 0.05 0.0 0 9.7 20 50 M M 2 13 25 40
24 87 79 83 1 0 18 0.00 0.0 0 13.2 18 60 M M 5 23 40
25 87 79 83 2 0 18 0.10 0.0 0 10.8 21 30 M M 5 1 25 40
26 88 76 82 1 0 17 T 0.0 0 6.7 21 110 M M 4 3 25 100
27 81 75 78 -3 0 13 0.25 0.0 0 7.2 18 110 M M 6 1 22 120
28 83 72 78 -3 0 13 3.57 0.0 0 20.8 44 110 M M 9 1238 65 120
29 78 65 72 -9 0 7 0.43 0.0 0 24.4 46 300 M M 10 1 65 290
30 80 63 72 -9 0 7 0.00 0.0 0 9.7 23 280 M M 3 30 270
================================================================================
SM 2642 2207 0 482 15.51 0.0 230.0 M 96
================================================================================
AV 88.1 73.6 7.7 FASTST M M 3 MAX(MPH)
MISC ----> 46 300 # 65 120
================================================================================
NOTES:
# LAST OF SEVERAL OCCURRENCES
COLUMN 17 PEAK WIND IN M.P.H.
PRELIMINARY LOCAL CLIMATOLOGICAL DATA (WS FORM: F-6) , PAGE 2
STATION: MELBOURNE
MONTH: SEPTEMBER
YEAR: 2022
LATITUDE: 28 6 N
LONGITUDE: 80 39 W
[TEMPERATURE DATA] [PRECIPITATION DATA] SYMBOLS USED IN COLUMN 16
AVERAGE MONTHLY: 80.8 TOTAL FOR MONTH: 15.51 1 = FOG OR MIST
DPTR FM NORMAL: -1.3 DPTR FM NORMAL: 7.88 2 = FOG REDUCING VISIBILITY
HIGHEST: 95 ON 7 GRTST 24HR 3.59 ON 27-28 TO 1/4 MILE OR LESS
LOWEST: 63 ON 30 3 = THUNDER
SNOW, ICE PELLETS, HAIL 4 = ICE PELLETS
TOTAL MONTH: 0.0 INCH 5 = HAIL
GRTST 24HR 0.0 6 = FREEZING RAIN OR DRIZZLE
GRTST DEPTH: 0 7 = DUSTSTORM OR SANDSTORM:
VSBY 1/2 MILE OR LESS
8 = SMOKE OR HAZE
[NO. OF DAYS WITH] [WEATHER - DAYS WITH] 9 = BLOWING SNOW
X = TORNADO
MAX 32 OR BELOW: 0 0.01 INCH OR MORE: 18
MAX 90 OR ABOVE: 11 0.10 INCH OR MORE: 15
MIN 32 OR BELOW: 0 0.50 INCH OR MORE: 8
MIN 0 OR BELOW: 0 1.00 INCH OR MORE: 5
[HDD (BASE 65) ]
TOTAL THIS MO. 0 CLEAR (SCALE 0-3) 20
DPTR FM NORMAL 0 PTCLDY (SCALE 4-7) 8
TOTAL FM JUL 1 0 CLOUDY (SCALE 8-10) 2
DPTR FM NORMAL 0
[CDD (BASE 65) ]
TOTAL THIS MO. 482
DPTR FM NORMAL -32 [PRESSURE DATA]
TOTAL FM JAN 1 3215 HIGHEST SLP 30.11 ON 11
DPTR FM NORMAL 70 LOWEST SLP 29.26 ON 29
[REMARKS]
#FINAL-09-22#