000
CDUS42 KMLB 060626
CLIMLB


CLIMATE REPORT
NATIONAL WEATHER SERVICE MELBOURNE FL
226 AM EDT MON JUL 6 2015


...................................

...THE MELBOURNE CLIMATE SUMMARY FOR JULY 5 2015...

CLIMATE NORMAL PERIOD 1981 TO 2010
CLIMATE RECORD PERIOD 1939 TO 2015


WEATHER ITEM   OBSERVED TIME   RECORD YEAR NORMAL DEPARTURE LAST
                VALUE   (LST)  VALUE       VALUE  FROM      YEAR
                                                  NORMAL
..................................................................
TEMPERATURE (F)
 YESTERDAY
  MAXIMUM         89   1235 PM  98    1966  90     -1       89
  MINIMUM         71    826 PM  65    1977  72     -1       71
  AVERAGE         80                        81     -1       80

PRECIPITATION (IN)
  YESTERDAY        0.99          3.85 1956   0.19   0.80     1.16
  MONTH TO DATE    1.28                      0.98   0.30     2.07
  SINCE JUN 1      7.53                      7.69  -0.16     8.13
  SINCE JAN 1     20.38                     21.19  -0.81    24.35

SNOWFALL (IN)
  YESTERDAY        0.0
  MONTH TO DATE    0.0
  SINCE JUL 1      0.0

DEGREE DAYS
 HEATING
  YESTERDAY        0                         0      0        0
  MONTH TO DATE    0                         0      0        0
  SINCE JUN 1      0                         0      0        0
  SINCE JUL 1      0                         0      0        0

 COOLING
  YESTERDAY       15                        16     -1       15
  MONTH TO DATE   83                        80      3       88
  SINCE JUN 1    573                       542     31      549
  SINCE JAN 1   1685                      1268    417     1442
..................................................................


WIND (MPH)
  HIGHEST WIND SPEED    22   HIGHEST WIND DIRECTION    NW (330)
  HIGHEST GUST SPEED    26   HIGHEST GUST DIRECTION    NW (330)
  AVERAGE WIND SPEED     6.6


SKY COVER
  AVERAGE SKY COVER 0.3


WEATHER CONDITIONS
 THE FOLLOWING WEATHER WAS RECORDED YESTERDAY.
  THUNDERSTORM
  HEAVY RAIN
  RAIN
  LIGHT RAIN
  FOG
  HAZE


RELATIVE HUMIDITY (PERCENT)
 HIGHEST   100           400 AM
 LOWEST     68          1100 AM
 AVERAGE    84

..........................................................


THE MELBOURNE CLIMATE NORMALS FOR TODAY
                         NORMAL    RECORD    YEAR
 MAXIMUM TEMPERATURE (F)   90        99      1998
                                             1966
 MINIMUM TEMPERATURE (F)   72        69      1982
                                             1977
                                             1976


SUNRISE AND SUNSET
JULY  6 2015..........SUNRISE   631 AM EDT   SUNSET   823 PM EDT
JULY  7 2015..........SUNRISE   632 AM EDT   SUNSET   823 PM EDT


-  INDICATES NEGATIVE NUMBERS.
R  INDICATES RECORD WAS SET OR TIED.
MM INDICATES DATA IS MISSING.
T  INDICATES TRACE AMOUNT.




$$
