000
CDUS42 KMLB 232116
CLIMLB


CLIMATE REPORT
NATIONAL WEATHER SERVICE MELBOURNE FL
416 PM EST TUE JAN 23 2018


...................................

...THE MELBOURNE CLIMATE SUMMARY FOR JANUARY 23 2018...
VALID TODAY AS OF 0400 PM LOCAL TIME.

CLIMATE NORMAL PERIOD 1981 TO 2010
CLIMATE RECORD PERIOD 1939 TO 2018


WEATHER ITEM   OBSERVED TIME   RECORD YEAR NORMAL DEPARTURE LAST
                VALUE   (LST)  VALUE       VALUE  FROM      YEAR
                                                  NORMAL
..................................................................
TEMPERATURE (F)
 TODAY
  MAXIMUM         83    116 PM  84    1982  72     11       74
  MINIMUM         69    720 AM  28    1985  49     20       58
                                      1961
  AVERAGE         76                        60     16       66

PRECIPITATION (IN)
  TODAY            0.26          2.97 1998   0.07   0.19     0.13
  MONTH TO DATE    2.43                      1.63   0.80     1.32
  SINCE DEC 1      3.50                      4.20  -0.70     1.64
  SINCE JAN 1      2.43                      1.63   0.80     1.32

SNOWFALL (IN)
  TODAY            0.0
  MONTH TO DATE    0.0
  SINCE JUL 1      0.0

DEGREE DAYS
 HEATING
  TODAY            0                         6     -6        0
  MONTH TO DATE  149                       138     11       39
  SINCE DEC 1    221                       275    -54       67
  SINCE JUL 1    234                       317    -83       86

 COOLING
  TODAY           11                         1     10        1
  MONTH TO DATE   52                        26     26       72
  SINCE DEC 1    195                       102     93      248
  SINCE JAN 1     52                        26     26       72
..................................................................


WIND (MPH)
  HIGHEST WIND SPEED    18   HIGHEST WIND DIRECTION     S (190)
  HIGHEST GUST SPEED    22   HIGHEST GUST DIRECTION    SW (210)
  AVERAGE WIND SPEED     8.9


SKY COVER
  AVERAGE SKY COVER 0.6


WEATHER CONDITIONS
 THE FOLLOWING WEATHER WAS RECORDED TODAY.
  HEAVY RAIN
  RAIN
  LIGHT RAIN
  FOG


RELATIVE HUMIDITY (PERCENT)
 HIGHEST    97           800 AM
 LOWEST     65           100 PM
 AVERAGE    81

..........................................................


THE MELBOURNE CLIMATE NORMALS FOR TOMORROW
                         NORMAL    RECORD    YEAR
 MAXIMUM TEMPERATURE (F)   72        84      2002
                                             1965
                                             1954
 MINIMUM TEMPERATURE (F)   49        29      2003


SUNRISE AND SUNSET
JANUARY 23 2018.......SUNRISE   714 AM EST   SUNSET   556 PM EST
JANUARY 24 2018.......SUNRISE   713 AM EST   SUNSET   556 PM EST


-  INDICATES NEGATIVE NUMBERS.
R  INDICATES RECORD WAS SET OR TIED.
MM INDICATES DATA IS MISSING.
T  INDICATES TRACE AMOUNT.




$$
