000
CDUS42 KMLB 230635
CLIMLB


CLIMATE REPORT
NATIONAL WEATHER SERVICE MELBOURNE FL
135 AM EST SUN NOV 23 2014


...................................

...THE MELBOURNE CLIMATE SUMMARY FOR NOVEMBER 22 2014...

CLIMATE NORMAL PERIOD 1981 TO 2010
CLIMATE RECORD PERIOD 1939 TO 2014


WEATHER ITEM   OBSERVED TIME   RECORD YEAR NORMAL DEPARTURE LAST
                VALUE   (LST)  VALUE       VALUE  FROM      YEAR
                                                  NORMAL
..................................................................
TEMPERATURE (F)
 YESTERDAY
  MAXIMUM         75   1143 PM  88    1948  77     -2       81
  MINIMUM         71    308 PM  36    1937  58     13       74
  AVERAGE         73                        68      5       78

PRECIPITATION (IN)
  YESTERDAY        0.09          3.49 1984   0.07   0.02     0.00
  MONTH TO DATE    1.80                      2.21  -0.41     4.26
  SINCE SEP 1     16.15                     14.91   1.24     9.06
  SINCE JAN 1     53.98                     48.76   5.22    40.25

SNOWFALL (IN)
  YESTERDAY        0.0
  MONTH TO DATE    0.0
  SINCE JUL 1      0.0

DEGREE DAYS
 HEATING
  YESTERDAY        0                         2     -2        0
  MONTH TO DATE   45                        22     23        0
  SINCE SEP 1     45                        26     19        0
  SINCE JUL 1     45                        26     19        0

 COOLING
  YESTERDAY        8                         4      4       13
  MONTH TO DATE   77                       126    -49      229
  SINCE SEP 1    912                       937    -25     1108
  SINCE JAN 1   3399                      3163    236     3557
..................................................................


WIND (MPH)
  HIGHEST WIND SPEED    23   HIGHEST WIND DIRECTION     E (100)
  HIGHEST GUST SPEED    32   HIGHEST GUST DIRECTION     E (100)
  AVERAGE WIND SPEED    16.3


SKY COVER
  AVERAGE SKY COVER 1.0


WEATHER CONDITIONS
 THE FOLLOWING WEATHER WAS RECORDED YESTERDAY.
  RAIN
  LIGHT RAIN
  FOG
  HAZE


RELATIVE HUMIDITY (PERCENT)
 HIGHEST    90           600 PM
 LOWEST     61          1200 AM
 AVERAGE    76

..........................................................


THE MELBOURNE CLIMATE NORMALS FOR TODAY
                         NORMAL    RECORD    YEAR
 MAXIMUM TEMPERATURE (F)   77        86      1992
                                             1948
                                             1947
 MINIMUM TEMPERATURE (F)   58        39      1981
                                             1976


SUNRISE AND SUNSET
NOVEMBER 23 2014......SUNRISE   651 AM EST   SUNSET   527 PM EST
NOVEMBER 24 2014......SUNRISE   651 AM EST   SUNSET   527 PM EST


-  INDICATES NEGATIVE NUMBERS.
R  INDICATES RECORD WAS SET OR TIED.
MM INDICATES DATA IS MISSING.
T  INDICATES TRACE AMOUNT.




$$
