000
CDUS42 KMLB 190640
CLIMLB


CLIMATE REPORT
NATIONAL WEATHER SERVICE MELBOURNE FL
130 AM EST THU JAN 19 2017


...................................

...THE MELBOURNE CLIMATE SUMMARY FOR JANUARY 18 2017...

CLIMATE NORMAL PERIOD 1981 TO 2010
CLIMATE RECORD PERIOD 1939 TO 2017


WEATHER ITEM   OBSERVED TIME   RECORD YEAR NORMAL DEPARTURE LAST
                VALUE   (LST)  VALUE       VALUE  FROM      YEAR
                                                  NORMAL
..................................................................
TEMPERATURE (F)
 YESTERDAY
  MAXIMUM         81    235 PM  85    1960  71     10       61
  MINIMUM         58    703 AM  24    1977  49      9       44
  AVERAGE         70                        60     10       53

PRECIPITATION (IN)
  YESTERDAY        0.00          0.65 1994   0.07  -0.07     0.00
  MONTH TO DATE    0.56                      1.27  -0.71     5.66
  SINCE DEC 1      0.88                      3.84  -2.96     9.35
  SINCE JAN 1      0.56                      1.27  -0.71     5.66

SNOWFALL (IN)
  YESTERDAY        0.0
  MONTH TO DATE    0.0
  SINCE JUL 1      0.0

DEGREE DAYS
 HEATING
  YESTERDAY        0                         6     -6       12
  MONTH TO DATE   39                       108    -69       66
  SINCE DEC 1     67                       245   -178       73
  SINCE JUL 1     86                       287   -201       78

 COOLING
  YESTERDAY        5                         1      4        0
  MONTH TO DATE   46                        21     25       31
  SINCE DEC 1    222                        97    125      315
  SINCE JAN 1     46                        21     25       31
..................................................................


WIND (MPH)
  HIGHEST WIND SPEED    14   HIGHEST WIND DIRECTION     W (260)
  HIGHEST GUST SPEED    19   HIGHEST GUST DIRECTION    SW (230)
  AVERAGE WIND SPEED     5.3


SKY COVER
  AVERAGE SKY COVER 0.1


WEATHER CONDITIONS
 THE FOLLOWING WEATHER WAS RECORDED YESTERDAY.
  HAZE


RELATIVE HUMIDITY (PERCENT)
 HIGHEST   100           600 AM
 LOWEST     48           300 PM
 AVERAGE    74

..........................................................


THE MELBOURNE CLIMATE NORMALS FOR TODAY
                         NORMAL    RECORD    YEAR
 MAXIMUM TEMPERATURE (F)   71        88      1943
 MINIMUM TEMPERATURE (F)   49        17      1977


SUNRISE AND SUNSET
JANUARY 19 2017.......SUNRISE   715 AM EST   SUNSET   552 PM EST
JANUARY 20 2017.......SUNRISE   714 AM EST   SUNSET   553 PM EST


-  INDICATES NEGATIVE NUMBERS.
R  INDICATES RECORD WAS SET OR TIED.
MM INDICATES DATA IS MISSING.
T  INDICATES TRACE AMOUNT.




$$
