000
CDUS42 KMLB 180635
CLIMLB


CLIMATE REPORT
NATIONAL WEATHER SERVICE MELBOURNE
235 AM EDT FRI APR 18 2014


...................................

...THE MELBOURNE CLIMATE SUMMARY FOR APRIL 17 2014...

CLIMATE NORMAL PERIOD 1981 TO 2010
CLIMATE RECORD PERIOD 1939 TO 2014


WEATHER ITEM   OBSERVED TIME   RECORD YEAR NORMAL DEPARTURE LAST
                VALUE   (LST)  VALUE       VALUE  FROM      YEAR
                                                  NORMAL
..................................................................
TEMPERATURE (F)
 YESTERDAY
  MAXIMUM         76    425 PM  90    2006  81     -5       82
                                      1972
  MINIMUM         71   1204 AM  40    1984  60     11       66
  AVERAGE         74                        71      3       74

PRECIPITATION (IN)
  YESTERDAY        T             2.08 1942   0.06  -0.06     0.00
  MONTH TO DATE    1.61                      1.28   0.33     4.58
  SINCE MAR 1      3.63                      4.56  -0.93     5.16
  SINCE JAN 1     10.69                      9.36   1.33     7.82

SNOWFALL (IN)
  YESTERDAY        0.0
  MONTH TO DATE    0.0
  SINCE JUL 1      0.0

DEGREE DAYS
 HEATING
  YESTERDAY        0                         0      0        0
  MONTH TO DATE    3                        15    -12        0
  SINCE MAR 1     52                        86    -34      179
  SINCE JUL 1    358                       575   -217      463

 COOLING
  YESTERDAY        9                         6      3        9
  MONTH TO DATE  118                        85     33      155
  SINCE MAR 1    229                       184     45      207
  SINCE JAN 1    397                       282    115      413
..................................................................


WIND (MPH)
  HIGHEST WIND SPEED    23   HIGHEST WIND DIRECTION    NE (60)
  HIGHEST GUST SPEED    28   HIGHEST GUST DIRECTION    NE (60)
  AVERAGE WIND SPEED    16.4


SKY COVER
  AVERAGE SKY COVER 0.9


WEATHER CONDITIONS
 THE FOLLOWING WEATHER WAS RECORDED YESTERDAY.
  LIGHT RAIN


RELATIVE HUMIDITY (PERCENT)
 HIGHEST    79           600 AM
 LOWEST     68          1200 AM
 AVERAGE    74

..........................................................


THE MELBOURNE CLIMATE NORMALS FOR TODAY
                         NORMAL    RECORD    YEAR
 MAXIMUM TEMPERATURE (F)   81        90      1969
                                             1967
 MINIMUM TEMPERATURE (F)   60        45      1983


SUNRISE AND SUNSET
APRIL 18 2014.........SUNRISE   655 AM EDT   SUNSET   750 PM EDT
APRIL 19 2014.........SUNRISE   654 AM EDT   SUNSET   750 PM EDT


-  INDICATES NEGATIVE NUMBERS.
R  INDICATES RECORD WAS SET OR TIED.
MM INDICATES DATA IS MISSING.
T  INDICATES TRACE AMOUNT.




$$
