000
CDUS42 KMLB 180629
CLIMLB


CLIMATE REPORT
NATIONAL WEATHER SERVICE MELBOURNE FL
229 AM EDT WED OCT 18 2017


...................................

...THE MELBOURNE CLIMATE SUMMARY FOR OCTOBER 17 2017...

CLIMATE NORMAL PERIOD 1981 TO 2010
CLIMATE RECORD PERIOD 1939 TO 2017


WEATHER ITEM   OBSERVED TIME   RECORD YEAR NORMAL DEPARTURE LAST
                VALUE   (LST)  VALUE       VALUE  FROM      YEAR
                                                  NORMAL
..................................................................
TEMPERATURE (F)
 YESTERDAY
  MAXIMUM         86   1205 PM  90    1975  84      2       85
                                      1972
  MINIMUM         74    605 AM  41    1977  68      6       72
  AVERAGE         80                        76      4       79

PRECIPITATION (IN)
  YESTERDAY        0.74          6.03 1956   0.15   0.59     0.05
  MONTH TO DATE    9.30                      3.16   6.14     6.31
  SINCE SEP 1     30.24                     10.80  19.44    20.48
  SINCE JAN 1     57.93                     44.65  13.28    59.04

SNOWFALL (IN)
  YESTERDAY        0.0
  MONTH TO DATE    0.0
  SINCE JUL 1      0.0

DEGREE DAYS
 HEATING
  YESTERDAY        0                         0      0        0
  MONTH TO DATE    0                         0      0        0
  SINCE SEP 1      0                         0      0        0
  SINCE JUL 1      0                         0      0        0

 COOLING
  YESTERDAY       15                        11      4       14
  MONTH TO DATE  292                       214     78      248
  SINCE SEP 1    821                       680    141      759
  SINCE JAN 1   3709                      2906    803     3407
..................................................................


WIND (MPH)
  HIGHEST WIND SPEED    22   HIGHEST WIND DIRECTION     N (20)
  HIGHEST GUST SPEED    31   HIGHEST GUST DIRECTION     N (10)
  AVERAGE WIND SPEED     9.5


SKY COVER
  AVERAGE SKY COVER 0.3


WEATHER CONDITIONS
 THE FOLLOWING WEATHER WAS RECORDED YESTERDAY.
  HEAVY RAIN
  RAIN
  LIGHT RAIN


RELATIVE HUMIDITY (PERCENT)
 HIGHEST    94           200 AM
 LOWEST     70          1200 PM
 AVERAGE    82

..........................................................


THE MELBOURNE CLIMATE NORMALS FOR TODAY
                         NORMAL    RECORD    YEAR
 MAXIMUM TEMPERATURE (F)   84        92      2007
 MINIMUM TEMPERATURE (F)   68        44      1977


SUNRISE AND SUNSET
OCTOBER 18 2017.......SUNRISE   725 AM EDT   SUNSET   650 PM EDT
OCTOBER 19 2017.......SUNRISE   726 AM EDT   SUNSET   649 PM EDT


-  INDICATES NEGATIVE NUMBERS.
R  INDICATES RECORD WAS SET OR TIED.
MM INDICATES DATA IS MISSING.
T  INDICATES TRACE AMOUNT.




$$
