000
CDUS42 KMLB 260627
CLIMLB


CLIMATE REPORT
NATIONAL WEATHER SERVICE MELBOURNE FL
226 AM EDT SUN JUN 26 2016


...................................

...THE MELBOURNE CLIMATE SUMMARY FOR JUNE 25 2016...

CLIMATE NORMAL PERIOD 1981 TO 2010
CLIMATE RECORD PERIOD 1939 TO 2016


WEATHER ITEM   OBSERVED TIME   RECORD YEAR NORMAL DEPARTURE LAST
                VALUE   (LST)  VALUE       VALUE  FROM      YEAR
                                                  NORMAL
..................................................................
TEMPERATURE (F)
 YESTERDAY
  MAXIMUM         92   1134 AM  99    1944  90      2       93
  MINIMUM         76    526 AM  62    1965  72      4       73
  AVERAGE         84                        81      3       83

PRECIPITATION (IN)
  YESTERDAY        0.00          2.30 1949   0.22  -0.22     0.89
  MONTH TO DATE    6.98                      5.58   1.40     5.06
  SINCE JUN 1      6.98                      5.58   1.40     5.06
  SINCE JAN 1     28.95                     19.08   9.87    17.91

SNOWFALL (IN)
  YESTERDAY        0.0
  MONTH TO DATE    0.0
  SINCE JUL 1      0.0

DEGREE DAYS
 HEATING
  YESTERDAY        0                         0      0        0
  MONTH TO DATE    0                         0      0        0
  SINCE JUN 1      0                         0      0        0
  SINCE JUL 1    341                       577   -236      424

 COOLING
  YESTERDAY       19                        16      3       18
  MONTH TO DATE  420                       383     37      397
  SINCE JUN 1    420                       383     37      397
  SINCE JAN 1   1353                      1109    244     1509
..................................................................


WIND (MPH)
  HIGHEST WIND SPEED    17   HIGHEST WIND DIRECTION     E (100)
  HIGHEST GUST SPEED    21   HIGHEST GUST DIRECTION     E (100)
  AVERAGE WIND SPEED     7.0


SKY COVER
  AVERAGE SKY COVER 0.2


WEATHER CONDITIONS
 THE FOLLOWING WEATHER WAS RECORDED YESTERDAY.
  NO SIGNIFICANT WEATHER WAS OBSERVED.


RELATIVE HUMIDITY (PERCENT)
 HIGHEST    91           200 AM
 LOWEST     56           500 PM
 AVERAGE    74

..........................................................


THE MELBOURNE CLIMATE NORMALS FOR TODAY
                         NORMAL    RECORD    YEAR
 MAXIMUM TEMPERATURE (F)   90       100      1950
 MINIMUM TEMPERATURE (F)   72        67      1938


SUNRISE AND SUNSET
JUNE 26 2016..........SUNRISE   628 AM EDT   SUNSET   823 PM EDT
JUNE 27 2016..........SUNRISE   628 AM EDT   SUNSET   823 PM EDT


-  INDICATES NEGATIVE NUMBERS.
R  INDICATES RECORD WAS SET OR TIED.
MM INDICATES DATA IS MISSING.
T  INDICATES TRACE AMOUNT.




$$
