000
CDUS42 KMLB 270641
CLIMLB


CLIMATE REPORT
NATIONAL WEATHER SERVICE MELBOURNE FL
231 AM EDT FRI MAR 27 2015


...................................

...THE MELBOURNE CLIMATE SUMMARY FOR MARCH 26 2015...

CLIMATE NORMAL PERIOD 1981 TO 2010
CLIMATE RECORD PERIOD 1939 TO 2015


WEATHER ITEM   OBSERVED TIME   RECORD YEAR NORMAL DEPARTURE LAST
                VALUE   (LST)  VALUE       VALUE  FROM      YEAR
                                                  NORMAL
..................................................................
TEMPERATURE (F)
 YESTERDAY
  MAXIMUM         88    235 PM  90    1975  78     10       61
                                      1974
  MINIMUM         67    313 AM  44    2013  56     11       45
  AVERAGE         78                        67     11       53

PRECIPITATION (IN)
  YESTERDAY        0.04          0.91 1941   0.10  -0.06     0.00
  MONTH TO DATE    0.30                      2.78  -2.48     1.20
  SINCE MAR 1      0.30                      2.78  -2.48     1.20
  SINCE JAN 1      6.41                      7.58  -1.17     8.26

SNOWFALL (IN)
  YESTERDAY        0.0
  MONTH TO DATE    0.0
  SINCE JUL 1      0.0

DEGREE DAYS
 HEATING
  YESTERDAY        0                         1     -1       12
  MONTH TO DATE    1                        65    -64       39
  SINCE MAR 1      1                        65    -64       39
  SINCE JUL 1    411                       554   -143      345

 COOLING
  YESTERDAY       13                         4      9        0
  MONTH TO DATE  227                        79    148       92
  SINCE MAR 1    227                        79    148       92
  SINCE JAN 1    325                       177    148      260
..................................................................


WIND (MPH)
  HIGHEST WIND SPEED    30   HIGHEST WIND DIRECTION     S (190)
  HIGHEST GUST SPEED    41   HIGHEST GUST DIRECTION     S (180)
  AVERAGE WIND SPEED     9.2


SKY COVER
  AVERAGE SKY COVER 0.3


WEATHER CONDITIONS
 THE FOLLOWING WEATHER WAS RECORDED YESTERDAY.
  THUNDERSTORM
  LIGHT RAIN
  FOG


RELATIVE HUMIDITY (PERCENT)
 HIGHEST    93           300 AM
 LOWEST     40          1200 PM
 AVERAGE    67

..........................................................


THE MELBOURNE CLIMATE NORMALS FOR TODAY
                         NORMAL    RECORD    YEAR
 MAXIMUM TEMPERATURE (F)   78        92      2011
 MINIMUM TEMPERATURE (F)   57        39      2013


SUNRISE AND SUNSET
MARCH 27 2015.........SUNRISE   719 AM EDT   SUNSET   738 PM EDT
MARCH 28 2015.........SUNRISE   718 AM EDT   SUNSET   738 PM EDT


-  INDICATES NEGATIVE NUMBERS.
R  INDICATES RECORD WAS SET OR TIED.
MM INDICATES DATA IS MISSING.
T  INDICATES TRACE AMOUNT.




$$
