000
CDUS42 KMLB 272118
CLIMLB


CLIMATE REPORT
NATIONAL WEATHER SERVICE MELBOURNE FL
417 PM EST MON FEB 27 2017


...................................

...THE MELBOURNE CLIMATE SUMMARY FOR FEBRUARY 27 2017...
VALID TODAY AS OF 0400 PM LOCAL TIME.

CLIMATE NORMAL PERIOD 1981 TO 2010
CLIMATE RECORD PERIOD 1939 TO 2017


WEATHER ITEM   OBSERVED TIME   RECORD YEAR NORMAL DEPARTURE LAST
                VALUE   (LST)  VALUE       VALUE  FROM      YEAR
                                                  NORMAL
..................................................................
TEMPERATURE (F)
 TODAY
  MAXIMUM         81    212 PM  87    1977  75      6       67
  MINIMUM         68   1252 AM  30    1967  53     15       43
  AVERAGE         75                        64     11       55

PRECIPITATION (IN)
  TODAY            0.00          3.40 2005   0.10  -0.10     0.00
  MONTH TO DATE    3.43                      2.43   1.00     2.03
  SINCE DEC 1      5.21                      7.27  -2.06    13.55
  SINCE JAN 1      4.89                      4.70   0.19     9.86

SNOWFALL (IN)
  TODAY            0.0
  MONTH TO DATE    0.0
  SINCE JUL 1      0.0

DEGREE DAYS
 HEATING
  TODAY            0                         3     -3       10
  MONTH TO DATE   30                       117    -87      129
  SINCE DEC 1    159                       444   -285      307
  SINCE JUL 1    178                       486   -308      312

 COOLING
  TODAY           10                         2      8        0
  MONTH TO DATE   91                        54     37       54
  SINCE DEC 1    345                       174    171      374
  SINCE JAN 1    169                        98     71       90
..................................................................


WIND (MPH)
  HIGHEST WIND SPEED    23   HIGHEST WIND DIRECTION    SE (140)
  HIGHEST GUST SPEED    30   HIGHEST GUST DIRECTION    SE (140)
  AVERAGE WIND SPEED    13.9


SKY COVER
  AVERAGE SKY COVER 0.2


WEATHER CONDITIONS
 THE FOLLOWING WEATHER WAS RECORDED TODAY.
  NO SIGNIFICANT WEATHER WAS OBSERVED.


RELATIVE HUMIDITY (PERCENT)
 HIGHEST    79           700 AM
 LOWEST     58           200 PM
 AVERAGE    69

..........................................................


THE MELBOURNE CLIMATE NORMALS FOR TOMORROW
                         NORMAL    RECORD    YEAR
 MAXIMUM TEMPERATURE (F)   75        88      1961
 MINIMUM TEMPERATURE (F)   53        32      1965


SUNRISE AND SUNSET
FEBRUARY 27 2017......SUNRISE   649 AM EST   SUNSET   622 PM EST
FEBRUARY 28 2017......SUNRISE   648 AM EST   SUNSET   622 PM EST


-  INDICATES NEGATIVE NUMBERS.
R  INDICATES RECORD WAS SET OR TIED.
MM INDICATES DATA IS MISSING.
T  INDICATES TRACE AMOUNT.




$$
