000
CDUS42 KMLB 220631
CLIMLB


CLIMATE REPORT
NATIONAL WEATHER SERVICE MELBOURNE FL
230 AM EDT TUE JUL 22 2014


...................................

...THE MELBOURNE CLIMATE SUMMARY FOR JULY 21 2014...

CLIMATE NORMAL PERIOD 1981 TO 2010
CLIMATE RECORD PERIOD 1939 TO 2014


WEATHER ITEM   OBSERVED TIME   RECORD YEAR NORMAL DEPARTURE LAST
                VALUE   (LST)  VALUE       VALUE  FROM      YEAR
                                                  NORMAL
..................................................................
TEMPERATURE (F)
 YESTERDAY
  MAXIMUM         89   1119 AM  99    1942  91     -2       91
  MINIMUM         75   1249 PM  69    1994  73      2       71
                                      1982
                                      1966
  AVERAGE         82                        82      0       81

PRECIPITATION (IN)
  YESTERDAY        0.56          3.12 1945   0.19   0.37     1.00
  MONTH TO DATE    7.26                      3.92   3.34     4.09
  SINCE JUN 1     13.32                     10.63   2.69    10.83
  SINCE JAN 1     29.54                     24.13   5.41    26.16

SNOWFALL (IN)
  YESTERDAY        0.0
  MONTH TO DATE    0.0
  SINCE JUL 1      0.0

DEGREE DAYS
 HEATING
  YESTERDAY        0                         0      0        0
  MONTH TO DATE    0                         0      0        0
  SINCE JUN 1      0                         0      0        0
  SINCE JUL 1      0                         0      0        0

 COOLING
  YESTERDAY       17                        17      0       16
  MONTH TO DATE  360                       346     14      363
  SINCE JUN 1    821                       808     13      861
  SINCE JAN 1   1714                      1534    180     1722
..................................................................


WIND (MPH)
  HIGHEST WIND SPEED    18   HIGHEST WIND DIRECTION    SW (210)
  HIGHEST GUST SPEED    24   HIGHEST GUST DIRECTION    SW (230)
  AVERAGE WIND SPEED     5.9


SKY COVER
  AVERAGE SKY COVER 0.2


WEATHER CONDITIONS
 THE FOLLOWING WEATHER WAS RECORDED YESTERDAY.
  THUNDERSTORM
  HEAVY RAIN
  RAIN
  LIGHT RAIN
  FOG


RELATIVE HUMIDITY (PERCENT)
 HIGHEST    91           300 AM
 LOWEST     63          1000 AM
 AVERAGE    77

..........................................................


THE MELBOURNE CLIMATE NORMALS FOR TODAY
                         NORMAL    RECORD    YEAR
 MAXIMUM TEMPERATURE (F)   91        98      1981
                                             1942
 MINIMUM TEMPERATURE (F)   73        64      2013


SUNRISE AND SUNSET
JULY 22 2014..........SUNRISE   640 AM EDT   SUNSET   818 PM EDT
JULY 23 2014..........SUNRISE   640 AM EDT   SUNSET   818 PM EDT


-  INDICATES NEGATIVE NUMBERS.
R  INDICATES RECORD WAS SET OR TIED.
MM INDICATES DATA IS MISSING.
T  INDICATES TRACE AMOUNT.




$$
