000
CDUS42 KMLB 310626
CLIMLB


CLIMATE REPORT
NATIONAL WEATHER SERVICE MELBOURNE FL
226 AM EDT SUN AUG 31 2014


...................................

...THE MELBOURNE CLIMATE SUMMARY FOR AUGUST 30 2014...

CLIMATE NORMAL PERIOD 1981 TO 2010
CLIMATE RECORD PERIOD 1939 TO 2014


WEATHER ITEM   OBSERVED TIME   RECORD YEAR NORMAL DEPARTURE LAST
                VALUE   (LST)  VALUE       VALUE  FROM      YEAR
                                                  NORMAL
..................................................................
TEMPERATURE (F)
 YESTERDAY
  MAXIMUM         89    138 PM  96    1999  90     -1       90
  MINIMUM         75    621 AM  65    1965  73      2       75
  AVERAGE         82                        81      1       83

PRECIPITATION (IN)
  YESTERDAY        0.00          3.06 2006   0.24  -0.24     0.20
  MONTH TO DATE    4.35                      7.43  -3.08     1.97
  SINCE JUN 1     21.61                     20.10   1.51    15.62
  SINCE JAN 1     37.83                     33.60   4.23    30.95

SNOWFALL (IN)
  YESTERDAY        0.0
  MONTH TO DATE    0.0
  SINCE JUL 1      0.0

DEGREE DAYS
 HEATING
  YESTERDAY        0                         0      0        0
  MONTH TO DATE    0                         0      0        0
  SINCE JUN 1      0                         0      0        0
  SINCE JUL 1      0                         0      0        0

 COOLING
  YESTERDAY       17                        16      1       18
  MONTH TO DATE  565                       508     57      542
  SINCE JUN 1   1576                      1486     90     1570
  SINCE JAN 1   2469                      2212    257     2431
..................................................................


WIND (MPH)
  HIGHEST WIND SPEED    14   HIGHEST WIND DIRECTION    SE (120)
  HIGHEST GUST SPEED    18   HIGHEST GUST DIRECTION     E (110)
  AVERAGE WIND SPEED     5.3


SKY COVER
  AVERAGE SKY COVER 0.0


WEATHER CONDITIONS
 THE FOLLOWING WEATHER WAS RECORDED YESTERDAY.
  NO SIGNIFICANT WEATHER WAS OBSERVED.


RELATIVE HUMIDITY (PERCENT)
 HIGHEST    94          1200 AM
 LOWEST     65           900 PM
 AVERAGE    80

..........................................................


THE MELBOURNE CLIMATE NORMALS FOR TODAY
                         NORMAL    RECORD    YEAR
 MAXIMUM TEMPERATURE (F)   90        98      1955
 MINIMUM TEMPERATURE (F)   73        68      1938


SUNRISE AND SUNSET
AUGUST 31 2014........SUNRISE   701 AM EDT   SUNSET   745 PM EDT
SEPTEMBER  1 2014.....SUNRISE   701 AM EDT   SUNSET   744 PM EDT


-  INDICATES NEGATIVE NUMBERS.
R  INDICATES RECORD WAS SET OR TIED.
MM INDICATES DATA IS MISSING.
T  INDICATES TRACE AMOUNT.




$$
