000
CDUS42 KMLB 280630
CLIMLB


CLIMATE REPORT
NATIONAL WEATHER SERVICE MELBOURNE FL
230 AM EDT MON JUL 28 2014


...................................

...THE MELBOURNE CLIMATE SUMMARY FOR JULY 27 2014...

CLIMATE NORMAL PERIOD 1981 TO 2010
CLIMATE RECORD PERIOD 1939 TO 2014


WEATHER ITEM   OBSERVED TIME   RECORD YEAR NORMAL DEPARTURE LAST
                VALUE   (LST)  VALUE       VALUE  FROM      YEAR
                                                  NORMAL
..................................................................
TEMPERATURE (F)
 YESTERDAY
  MAXIMUM         95    359 PM  99    1982  91      4       89
  MINIMUM         75    609 AM  67    1983  73      2       74
  AVERAGE         85                        82      3       82

PRECIPITATION (IN)
  YESTERDAY        0.27          1.35 1991   0.20   0.07     0.01
  MONTH TO DATE   11.10                      5.12   5.98     6.37
  SINCE JUN 1     17.16                     11.83   5.33    13.11
  SINCE JAN 1     33.38                     25.33   8.05    28.44

SNOWFALL (IN)
  YESTERDAY        0.0
  MONTH TO DATE    0.0
  SINCE JUL 1      0.0

DEGREE DAYS
 HEATING
  YESTERDAY        0                         0      0        0
  MONTH TO DATE    0                         0      0        0
  SINCE JUN 1      0                         0      0        0
  SINCE JUL 1      0                         0      0        0

 COOLING
  YESTERDAY       20                        17      3       17
  MONTH TO DATE  470                       448     22      462
  SINCE JUN 1    931                       910     21      960
  SINCE JAN 1   1824                      1636    188     1821
..................................................................


WIND (MPH)
  HIGHEST WIND SPEED    25   HIGHEST WIND DIRECTION    SW (230)
  HIGHEST GUST SPEED    30   HIGHEST GUST DIRECTION     S (190)
  AVERAGE WIND SPEED     5.8


SKY COVER
  AVERAGE SKY COVER 0.2


WEATHER CONDITIONS
 THE FOLLOWING WEATHER WAS RECORDED YESTERDAY.
  THUNDERSTORM
  HEAVY RAIN
  LIGHT RAIN
  HAZE


RELATIVE HUMIDITY (PERCENT)
 HIGHEST    94           300 AM
 LOWEST     52           200 PM
 AVERAGE    73

..........................................................


THE MELBOURNE CLIMATE NORMALS FOR TODAY
                         NORMAL    RECORD    YEAR
 MAXIMUM TEMPERATURE (F)   91        98      1999
 MINIMUM TEMPERATURE (F)   73        67      1938


SUNRISE AND SUNSET
JULY 28 2014..........SUNRISE   643 AM EDT   SUNSET   815 PM EDT
JULY 29 2014..........SUNRISE   643 AM EDT   SUNSET   814 PM EDT


-  INDICATES NEGATIVE NUMBERS.
R  INDICATES RECORD WAS SET OR TIED.
MM INDICATES DATA IS MISSING.
T  INDICATES TRACE AMOUNT.




$$
