000
CDUS42 KMLB 222019
CLIMLB


CLIMATE REPORT
NATIONAL WEATHER SERVICE MELBOURNE FL
419 PM EDT WED OCT 22 2014


...................................

...THE MELBOURNE CLIMATE SUMMARY FOR OCTOBER 22 2014...
VALID TODAY AS OF 0400 PM LOCAL TIME.

CLIMATE NORMAL PERIOD 1981 TO 2010
CLIMATE RECORD PERIOD 1939 TO 2014


WEATHER ITEM   OBSERVED TIME   RECORD YEAR NORMAL DEPARTURE LAST
                VALUE   (LST)  VALUE       VALUE  FROM      YEAR
                                                  NORMAL
..................................................................
TEMPERATURE (F)
 TODAY
  MAXIMUM         86   1237 PM  92    2013  83      3       92
  MINIMUM         69    519 AM  50    1976  66      3       75
  AVERAGE         78                        75      3       84

PRECIPITATION (IN)
  TODAY            0.00          1.07 2004   0.16  -0.16     0.01
  MONTH TO DATE    1.78                      3.94  -2.16     0.26
  SINCE SEP 1     14.31                     11.58   2.73     4.80
  SINCE JAN 1     52.14                     45.43   6.71    35.99

SNOWFALL (IN)
  TODAY            0.0
  MONTH TO DATE    0.0
  SINCE JUL 1      0.0

DEGREE DAYS
 HEATING
  TODAY            0                         0      0        0
  MONTH TO DATE    0                         0      0        0
  SINCE SEP 1      0                         0      0        0
  SINCE JUL 1      0                         0      0        0

 COOLING
  TODAY           13                        10      3       19
  MONTH TO DATE  287                       266     21      307
  SINCE SEP 1    766                       732     34      804
  SINCE JAN 1   3253                      2958    295     3253
..................................................................


WIND (MPH)
  HIGHEST WIND SPEED    13   HIGHEST WIND DIRECTION    NE (40)
  HIGHEST GUST SPEED    17   HIGHEST GUST DIRECTION    NE (50)
  AVERAGE WIND SPEED     6.9


SKY COVER
  AVERAGE SKY COVER 0.4


WEATHER CONDITIONS
 THE FOLLOWING WEATHER WAS RECORDED TODAY.
  FOG
  FOG W/VISIBILITY <= 1/4 MILE


RELATIVE HUMIDITY (PERCENT)
 HIGHEST   100           200 AM
 LOWEST     47          1200 PM
 AVERAGE    74

..........................................................


THE MELBOURNE CLIMATE NORMALS FOR TOMORROW
                         NORMAL    RECORD    YEAR
 MAXIMUM TEMPERATURE (F)   83        92      1942
 MINIMUM TEMPERATURE (F)   66        50      1974


SUNRISE AND SUNSET
OCTOBER 22 2014.......SUNRISE   727 AM EDT   SUNSET   646 PM EDT
OCTOBER 23 2014.......SUNRISE   728 AM EDT   SUNSET   646 PM EDT


-  INDICATES NEGATIVE NUMBERS.
R  INDICATES RECORD WAS SET OR TIED.
MM INDICATES DATA IS MISSING.
T  INDICATES TRACE AMOUNT.




$$
