000
CDUS42 KMLB 300632
CLIMLB


CLIMATE REPORT
NATIONAL WEATHER SERVICE MELBOURNE FL
230 AM EDT SAT APR 30 2016


...................................

...THE MELBOURNE CLIMATE SUMMARY FOR APRIL 29 2016...

CLIMATE NORMAL PERIOD 1981 TO 2010
CLIMATE RECORD PERIOD 1939 TO 2016


WEATHER ITEM   OBSERVED TIME   RECORD YEAR NORMAL DEPARTURE LAST
                VALUE   (LST)  VALUE       VALUE  FROM      YEAR
                                                  NORMAL
..................................................................
TEMPERATURE (F)
 YESTERDAY
  MAXIMUM         87   1210 PM  91    1986  83      4       88
                                      1968
                                      1964
  MINIMUM         70    559 AM  49    1992  63      7       70
                                      1980
  AVERAGE         79                        73      6       79

PRECIPITATION (IN)
  YESTERDAY        0.00          0.49 1989   0.06  -0.06      T
  MONTH TO DATE    1.34                      2.07  -0.73     3.74
  SINCE MAR 1      4.42                      5.35  -0.93     4.17
  SINCE JAN 1     14.28                     10.15   4.13    10.28

SNOWFALL (IN)
  YESTERDAY        0.0
  MONTH TO DATE    0.0
  SINCE JUL 1      0.0

DEGREE DAYS
 HEATING
  YESTERDAY        0                         0      0        0
  MONTH TO DATE    3                        15    -12        0
  SINCE MAR 1     20                        86    -66       14
  SINCE JUL 1    341                       575   -234      424

 COOLING
  YESTERDAY       14                         8      6       14
  MONTH TO DATE  223                       169     54      364
  SINCE MAR 1    459                       268    191      603
  SINCE JAN 1    549                       366    183      701
..................................................................


WIND (MPH)
  HIGHEST WIND SPEED    15   HIGHEST WIND DIRECTION     E (110)
  HIGHEST GUST SPEED    19   HIGHEST GUST DIRECTION     E (100)
  AVERAGE WIND SPEED     7.0


SKY COVER
  AVERAGE SKY COVER 0.1


WEATHER CONDITIONS
 THE FOLLOWING WEATHER WAS RECORDED YESTERDAY.
  NO SIGNIFICANT WEATHER WAS OBSERVED.


RELATIVE HUMIDITY (PERCENT)
 HIGHEST    97           600 AM
 LOWEST     61          1100 AM
 AVERAGE    79

..........................................................


THE MELBOURNE CLIMATE NORMALS FOR TODAY
                         NORMAL    RECORD    YEAR
 MAXIMUM TEMPERATURE (F)   83        93      1964
 MINIMUM TEMPERATURE (F)   63        46      1967


SUNRISE AND SUNSET
APRIL 30 2016.........SUNRISE   643 AM EDT   SUNSET   757 PM EDT
MAY  1 2016...........SUNRISE   642 AM EDT   SUNSET   757 PM EDT


-  INDICATES NEGATIVE NUMBERS.
R  INDICATES RECORD WAS SET OR TIED.
MM INDICATES DATA IS MISSING.
T  INDICATES TRACE AMOUNT.




$$
