000
CDUS42 KMLB 170627
CLIMLB


CLIMATE REPORT
NATIONAL WEATHER SERVICE MELBOURNE FL
227 AM EDT THU AUG 17 2017


...................................

...THE MELBOURNE CLIMATE SUMMARY FOR AUGUST 16 2017...

CLIMATE NORMAL PERIOD 1981 TO 2010
CLIMATE RECORD PERIOD 1939 TO 2017


WEATHER ITEM   OBSERVED TIME   RECORD YEAR NORMAL DEPARTURE LAST
                VALUE   (LST)  VALUE       VALUE  FROM      YEAR
                                                  NORMAL
..................................................................
TEMPERATURE (F)
 YESTERDAY
  MAXIMUM         92   1250 PM  96    1957  91      1       91
  MINIMUM         77   1159 PM  69    1996  73      4       82
                                      1973
                                      1959
  AVERAGE         85                        82      3       87

PRECIPITATION (IN)
  YESTERDAY        1.09          1.34 2008   0.26   0.83     0.00
  MONTH TO DATE    3.51                      3.96  -0.45     2.80
  SINCE JUN 1     17.55                     16.63   0.92    12.80
  SINCE JAN 1     25.89                     30.13  -4.24    34.77

SNOWFALL (IN)
  YESTERDAY        0.0
  MONTH TO DATE    0.0
  SINCE JUL 1      0.0

DEGREE DAYS
 HEATING
  YESTERDAY        0                         0      0        0
  MONTH TO DATE    0                         0      0        0
  SINCE JUN 1      0                         0      0        0
  SINCE JUL 1      0                         0      0        0

 COOLING
  YESTERDAY       20                        17      3       22
  MONTH TO DATE  321                       272     49      305
  SINCE JUN 1   1447                      1250    197     1426
  SINCE JAN 1   2594                      1976    618     2359
..................................................................


WIND (MPH)
  HIGHEST WIND SPEED    24   HIGHEST WIND DIRECTION    SW (240)
  HIGHEST GUST SPEED    33   HIGHEST GUST DIRECTION     W (250)
  AVERAGE WIND SPEED     5.7


SKY COVER
  AVERAGE SKY COVER 0.1


WEATHER CONDITIONS
 THE FOLLOWING WEATHER WAS RECORDED YESTERDAY.
  THUNDERSTORM
  HEAVY RAIN
  RAIN
  LIGHT RAIN
  FOG
  HAZE


RELATIVE HUMIDITY (PERCENT)
 HIGHEST    91           100 AM
 LOWEST     60          1000 AM
 AVERAGE    76

..........................................................


THE MELBOURNE CLIMATE NORMALS FOR TODAY
                         NORMAL    RECORD    YEAR
 MAXIMUM TEMPERATURE (F)   91        95      1958
 MINIMUM TEMPERATURE (F)   73        67      1938


SUNRISE AND SUNSET
AUGUST 17 2017........SUNRISE   654 AM EDT   SUNSET   759 PM EDT
AUGUST 18 2017........SUNRISE   654 AM EDT   SUNSET   758 PM EDT


-  INDICATES NEGATIVE NUMBERS.
R  INDICATES RECORD WAS SET OR TIED.
MM INDICATES DATA IS MISSING.
T  INDICATES TRACE AMOUNT.




$$
