000
CDUS42 KMLB 252124
CLIMLB


CLIMATE REPORT
NATIONAL WEATHER SERVICE MELBOURNE FL
424 PM EST SUN FEB 25 2018


...................................

...THE MELBOURNE CLIMATE SUMMARY FOR FEBRUARY 25 2018...
VALID TODAY AS OF 0400 PM LOCAL TIME.

CLIMATE NORMAL PERIOD 1981 TO 2010
CLIMATE RECORD PERIOD 1939 TO 2018


WEATHER ITEM   OBSERVED TIME   RECORD YEAR NORMAL DEPARTURE LAST
                VALUE   (LST)  VALUE       VALUE  FROM      YEAR
                                                  NORMAL
..................................................................
TEMPERATURE (F)
 TODAY
  MAXIMUM         84    143 PM  87    2013  75      9       84
  MINIMUM         63    611 AM  32    1989  53     10       60
  AVERAGE         74                        64     10       72

PRECIPITATION (IN)
  TODAY            0.00          1.18 1957   0.10  -0.10     0.00
  MONTH TO DATE    0.24                      2.23  -1.99     3.43
  SINCE DEC 1      4.24                      7.07  -2.83     5.21
  SINCE JAN 1      3.17                      4.50  -1.33     4.89

SNOWFALL (IN)
  TODAY            0.0
  MONTH TO DATE    0.0
  SINCE JUL 1      0.0

DEGREE DAYS
 HEATING
  TODAY            0                         3     -3        0
  MONTH TO DATE    4                       111   -107       30
  SINCE DEC 1    240                       438   -198      159
  SINCE JUL 1    253                       480   -227      178

 COOLING
  TODAY            9                         2      7        7
  MONTH TO DATE  220                        50    170       78
  SINCE DEC 1    442                       170    272      332
  SINCE JAN 1    299                        94    205      156
..................................................................


WIND (MPH)
  HIGHEST WIND SPEED    16   HIGHEST WIND DIRECTION    SE (120)
  HIGHEST GUST SPEED    21   HIGHEST GUST DIRECTION    SE (140)
  AVERAGE WIND SPEED     6.8


SKY COVER
  AVERAGE SKY COVER 0.2


WEATHER CONDITIONS
 THE FOLLOWING WEATHER WAS RECORDED TODAY.
  FOG


RELATIVE HUMIDITY (PERCENT)
 HIGHEST    93           300 AM
 LOWEST     55          1100 AM
 AVERAGE    74

..........................................................


THE MELBOURNE CLIMATE NORMALS FOR TOMORROW
                         NORMAL    RECORD    YEAR
 MAXIMUM TEMPERATURE (F)   75        91      1939
 MINIMUM TEMPERATURE (F)   53        27      1967


SUNRISE AND SUNSET
FEBRUARY 25 2018......SUNRISE   651 AM EST   SUNSET   620 PM EST
FEBRUARY 26 2018......SUNRISE   650 AM EST   SUNSET   621 PM EST


-  INDICATES NEGATIVE NUMBERS.
R  INDICATES RECORD WAS SET OR TIED.
MM INDICATES DATA IS MISSING.
T  INDICATES TRACE AMOUNT.




$$
