000
CDUS42 KMLB 242027
CLIMLB


CLIMATE REPORT
NATIONAL WEATHER SERVICE MELBOURNE FL
426 PM EDT FRI JUN 24 2016


...................................

...THE MELBOURNE CLIMATE SUMMARY FOR JUNE 24 2016...
VALID TODAY AS OF 0400 PM LOCAL TIME.

CLIMATE NORMAL PERIOD 1981 TO 2010
CLIMATE RECORD PERIOD 1939 TO 2016


WEATHER ITEM   OBSERVED TIME   RECORD YEAR NORMAL DEPARTURE LAST
                VALUE   (LST)  VALUE       VALUE  FROM      YEAR
                                                  NORMAL
..................................................................
TEMPERATURE (F)
 TODAY
  MAXIMUM         91   1218 PM  99    1944  90      1       91
  MINIMUM         77    556 AM  64    1976  72      5       73
  AVERAGE         84                        81      3       82

PRECIPITATION (IN)
  TODAY            0.00          2.86 1945   0.22  -0.22      T
  MONTH TO DATE    6.98                      5.36   1.62     4.17
  SINCE JUN 1      6.98                      5.36   1.62     4.17
  SINCE JAN 1     28.95                     18.86  10.09    17.02

SNOWFALL (IN)
  TODAY            0.0
  MONTH TO DATE    0.0
  SINCE JUL 1      0.0

DEGREE DAYS
 HEATING
  TODAY            0                         0      0        0
  MONTH TO DATE    0                         0      0        0
  SINCE JUN 1      0                         0      0        0
  SINCE JUL 1    341                       577   -236      424

 COOLING
  TODAY           19                        16      3       17
  MONTH TO DATE  401                       367     34      379
  SINCE JUN 1    401                       367     34      379
  SINCE JAN 1   1334                      1093    241     1491
..................................................................


WIND (MPH)
  HIGHEST WIND SPEED    18   HIGHEST WIND DIRECTION     E (100)
  HIGHEST GUST SPEED    22   HIGHEST GUST DIRECTION     E (100)
  AVERAGE WIND SPEED     6.9


SKY COVER
  AVERAGE SKY COVER 0.1


WEATHER CONDITIONS
 THE FOLLOWING WEATHER WAS RECORDED TODAY.
  NO SIGNIFICANT WEATHER WAS OBSERVED.


RELATIVE HUMIDITY (PERCENT)
 HIGHEST    94           500 AM
 LOWEST     56          1100 AM
 AVERAGE    75

..........................................................


THE MELBOURNE CLIMATE NORMALS FOR TOMORROW
                         NORMAL    RECORD    YEAR
 MAXIMUM TEMPERATURE (F)   90        99      1944
 MINIMUM TEMPERATURE (F)   72        62      1965


SUNRISE AND SUNSET
JUNE 24 2016..........SUNRISE   627 AM EDT   SUNSET   823 PM EDT
JUNE 25 2016..........SUNRISE   628 AM EDT   SUNSET   823 PM EDT


-  INDICATES NEGATIVE NUMBERS.
R  INDICATES RECORD WAS SET OR TIED.
MM INDICATES DATA IS MISSING.
T  INDICATES TRACE AMOUNT.




$$
