000
CDUS42 KMLB 290635
CLIMLB


CLIMATE REPORT
NATIONAL WEATHER SERVICE MELBOURNE FL
135 AM EST THU JAN 29 2015


...................................

...THE MELBOURNE CLIMATE SUMMARY FOR JANUARY 28 2015...

CLIMATE NORMAL PERIOD 1981 TO 2010
CLIMATE RECORD PERIOD 1939 TO 2015


WEATHER ITEM   OBSERVED TIME   RECORD YEAR NORMAL DEPARTURE LAST
                VALUE   (LST)  VALUE       VALUE  FROM      YEAR
                                                  NORMAL
..................................................................
TEMPERATURE (F)
 YESTERDAY
  MAXIMUM         62    254 PM  85    1974  72    -10       82
  MINIMUM         40    638 AM  26    1986  50    -10       56
  AVERAGE         51                        61    -10       69

PRECIPITATION (IN)
  YESTERDAY        0.00          0.95 1943   0.08  -0.08     0.00
  MONTH TO DATE    2.48                      2.03   0.45     1.17
  SINCE DEC 1      4.10                      4.60  -0.50     3.32
  SINCE JAN 1      2.48                      2.03   0.45     1.17

SNOWFALL (IN)
  YESTERDAY        0.0
  MONTH TO DATE    0.0
  SINCE JUL 1      0.0

DEGREE DAYS
 HEATING
  YESTERDAY       14                         6      8        0
  MONTH TO DATE  100                       168    -68      188
  SINCE DEC 1    182                       305   -123      213
  SINCE JUL 1    247                       347   -100      227

 COOLING
  YESTERDAY        0                         1     -1        4
  MONTH TO DATE   67                        31     36       57
  SINCE DEC 1    198                       107     91      208
  SINCE JAN 1     67                        31     36       57
..................................................................


WIND (MPH)
  HIGHEST WIND SPEED    18   HIGHEST WIND DIRECTION     N (350)
  HIGHEST GUST SPEED    23   HIGHEST GUST DIRECTION     N (360)
  AVERAGE WIND SPEED    10.6


SKY COVER
  AVERAGE SKY COVER 0.0


WEATHER CONDITIONS
 THE FOLLOWING WEATHER WAS RECORDED YESTERDAY.
  NO SIGNIFICANT WEATHER WAS OBSERVED.


RELATIVE HUMIDITY (PERCENT)
 HIGHEST    86          1000 PM
 LOWEST     33          1100 AM
 AVERAGE    60

..........................................................


THE MELBOURNE CLIMATE NORMALS FOR TODAY
                         NORMAL    RECORD    YEAR
 MAXIMUM TEMPERATURE (F)   72        87      2009
 MINIMUM TEMPERATURE (F)   50        30      1986


SUNRISE AND SUNSET
JANUARY 29 2015.......SUNRISE   711 AM EST   SUNSET   600 PM EST
JANUARY 30 2015.......SUNRISE   711 AM EST   SUNSET   601 PM EST


-  INDICATES NEGATIVE NUMBERS.
R  INDICATES RECORD WAS SET OR TIED.
MM INDICATES DATA IS MISSING.
T  INDICATES TRACE AMOUNT.




$$
