000
CXUS52 KMLB 011644
CLMMLB


CLIMATE REPORT
NATIONAL WEATHER SERVICE MELBOURNE FL
1233 PM EDT WED JUL 1 2015

...................................

...THE MELBOURNE CLIMATE SUMMARY FOR THE MONTH OF JUNE 2015...

CLIMATE NORMAL PERIOD 1981 TO 2010
CLIMATE RECORD PERIOD 1939 TO 2015

WEATHER         OBSERVED          NORMAL  DEPART  LAST YEAR`S
                 VALUE   DATE(S)  VALUE   FROM    VALUE  DATE(S)
                                          NORMAL
................................................................
TEMPERATURE (F)
MONTHLY RECORD
 WARMEST         85.0   1998
 COOLEST         77.0   1966
DAILY RECORD
 HIGH             101   06/14/1998
                        06/06/1998
 LOW               55   06/02/1984
JUNE 2015
HIGHEST            95   06/30                         95
                        06/28
LOWEST             68   06/04                         67
AVG. MAXIMUM     89.4              89.1     0.3     88.7
AVG. MINIMUM     72.7              71.7     1.0     71.6
MEAN             81.0              80.4     0.6     80.1
DAYS MAX >= 90     14              11.8     2.2       16
DAYS MAX <= 32      0               0.0     0.0        0
DAYS MIN <= 32      0               0.0     0.0        0
DAYS MIN <= 0       0               0.0     0.0        0

PRECIPITATION (INCHES)
MONTHLY RECORD
 MAXIMUM        15.98   1966
 MINIMUM         0.16   1998
DAILY RECORD
 MAXIMUM         5.28   06/02/2007
JUNE 2015
TOTALS           6.25              6.71   -0.46     6.06
DAYS >= .01         9              12.9    -3.9       15
DAYS >= .10         7               9.2    -2.2       10
DAYS >= .50         5               4.6     0.4        5
DAYS >= 1.00        3               2.1     0.9        2
GREATEST
 24 HR. TOTAL    2.19   06/02 TO 06/03

SNOWFALL (INCHES)
TOTALS            0.0               0.0     0.0      0.0
SINCE 7/1         0.0               0.0     0.0      0.0
DAYS >= TRACE       0                                  0

DEGREE_DAYS
HEATING TOTAL       0                 0       0        0
 SINCE 7/1        424               577    -153      358
COOLING TOTAL     490               462      28      461
 SINCE 1/1       1602              1188     414     1354
.................................................................

WIND (MPH)
AVERAGE WIND SPEED              7.6
HIGHEST WIND SPEED/DIRECTION    29/310    DATE  06/29
HIGHEST GUST SPEED/DIRECTION    44/340    DATE  06/19

SKY COVER
POSSIBLE SUNSHINE (PERCENT)   MM
AVERAGE SKY COVER           0.20
NUMBER OF DAYS FAIR           26
NUMBER OF DAYS PC              4
NUMBER OF DAYS CLOUDY          0

AVERAGE RH (PERCENT)     76

WEATHER CONDITIONS. NUMBER OF DAYS WITH
THUNDERSTORM             14     MIXED PRECIP               0
HEAVY RAIN                5     RAIN                       7
LIGHT RAIN               10     LT FREEZING RAIN           0
HAIL                      0     LIGHT SNOW                 0
SLEET                     0     FOG                        9
FOG W/VIS <= 1/4 MILE     0     HAZE                       2

-  INDICATES NEGATIVE NUMBERS.
R  INDICATES RECORD WAS SET OR TIED.
MM INDICATES DATA IS MISSING.
T  INDICATES TRACE AMOUNT.

$$

ULRICH
