000
CXUS52 KMLB 011557
CLMMLB


CLIMATE REPORT
NATIONAL WEATHER SERVICE MELBOURNE FL
1116 AM EDT FRI APR 1 2016

...................................

...THE MELBOURNE CLIMATE SUMMARY FOR THE MONTH OF MARCH 2016...

CLIMATE NORMAL PERIOD 1981 TO 2010
CLIMATE RECORD PERIOD 1939 TO 2016

WEATHER         OBSERVED          NORMAL  DEPART  LAST YEAR`S
                 VALUE   DATE(S)  VALUE   FROM    VALUE  DATE(S)
                                          NORMAL
................................................................
TEMPERATURE (F)
MONTHLY RECORD
 WARMEST         72.7   1948
 COOLEST         60.2   1969
DAILY RECORD
 HIGH              93   03/28/1994
 LOW               25   03/03/1980
MARCH 2016
HIGHEST            89   03/15                         88
LOWEST             44   03/22                         47
AVG. MAXIMUM     80.5              76.7     3.8     80.3
AVG. MINIMUM     63.0              55.1     7.9     63.7
MEAN             71.8              65.9     5.9     72.0
DAYS MAX >= 90      0               0.2    -0.2        0
DAYS MAX <= 32      0               0.0     0.0        0
DAYS MIN <= 32      0               0.0     0.0        0
DAYS MIN <= 0       0               0.0     0.0        0

PRECIPITATION (INCHES)
MONTHLY RECORD
 MAXIMUM        11.58   1996
 MINIMUM         0.03   1956
DAILY RECORD
 MAXIMUM         5.24   03/11/1996
MARCH 2016
TOTALS           3.08              3.28   -0.20     0.43
DAYS >= .01         7               7.3    -0.3        4
DAYS >= .10         7               4.5     2.5        2
DAYS >= .50         2               2.0     0.0        0
DAYS >= 1.00        1               1.0     0.0        0
GREATEST
 24 HR. TOTAL    1.17   03/24 TO 03/25

SNOWFALL (INCHES)
TOTALS            0.0               0.0     0.0      0.0
SINCE 7/1         0.0               0.0     0.0      0.0
DAYS >= TRACE       0                                  0

DEGREE_DAYS
HEATING TOTAL      17                71     -54       14
 SINCE 7/1        338               560    -222      424
COOLING TOTAL     236                99     137      239
 SINCE 1/1        326               197     129      337
.................................................................

WIND (MPH)
AVERAGE WIND SPEED              9.3
HIGHEST WIND SPEED/DIRECTION    32/300    DATE  03/25
HIGHEST GUST SPEED/DIRECTION    39/300    DATE  03/25

SKY COVER
POSSIBLE SUNSHINE (PERCENT)   MM
AVERAGE SKY COVER           0.30
NUMBER OF DAYS FAIR           20
NUMBER OF DAYS PC             11
NUMBER OF DAYS CLOUDY          0

AVERAGE RH (PERCENT)     70

WEATHER CONDITIONS. NUMBER OF DAYS WITH
THUNDERSTORM              6     MIXED PRECIP               0
HEAVY RAIN                5     RAIN                       6
LIGHT RAIN               10     LT FREEZING RAIN           0
HAIL                      0     LIGHT SNOW                 0
SLEET                     0     FOG                       10
FOG W/VIS <= 1/4 MILE     2     HAZE                       5

-  INDICATES NEGATIVE NUMBERS.
R  INDICATES RECORD WAS SET OR TIED.
MM INDICATES DATA IS MISSING.
T  INDICATES TRACE AMOUNT.

$$
