000
CXUS52 KMLB 011420
CLMMLB


CLIMATE REPORT
NATIONAL WEATHER SERVICE MELBOURNE FL
901 AM EST MON FEB 1 2016

...................................

...THE MELBOURNE CLIMATE SUMMARY FOR THE MONTH OF JANUARY 2016...

CLIMATE NORMAL PERIOD 1981 TO 2010
CLIMATE RECORD PERIOD 1939 TO 2016

WEATHER         OBSERVED          NORMAL  DEPART  LAST YEAR`S
                 VALUE   DATE(S)  VALUE   FROM    VALUE  DATE(S)
                                          NORMAL
................................................................
TEMPERATURE (F)
MONTHLY RECORD
 HOTTEST         71.2   1974
 COLDEST         52.2   1981

DAILY RECORD
 HIGH              89   01/07/1960
                        01/16/1957
 LOW               17   01/19/1977

JANUARY 2016
HIGHEST            84   01/01                         85
LOWEST             33   01/24                         40
AVG. MAXIMUM     69.3              71.4    -2.1     72.6
AVG. MINIMUM     51.6              49.2     2.4     53.2
MEAN             60.5              60.3     0.2     62.9
DAYS MAX >= 90      0               0.0     0.0        0
DAYS MAX <= 32      0               0.0     0.0        0
DAYS MIN <= 32      0               1.6    -1.6        0
DAYS MIN <= 0       0               0.0     0.0        0

PRECIPITATION (INCHES)
MONTHLY RECORD
 MAXIMUM         8.17   1979
 MINIMUM            T   2012

DAILY RECORD
 MAXIMUM         4.70   1/12/1979

JANUARY 2016
TOTALS           7.83              2.27    5.56     2.48
DAYS >= .01        14               7.8     6.2        9
DAYS >= .10         9               4.2     4.8        5
DAYS >= .50         5               1.4     3.6        1
DAYS >= 1.00        3               0.6     2.4        1
GREATEST
 24 HR. TOTAL    2.21   01/15 TO 01/15
                        01/14 TO 01/15
                        01/15 TO 01/15

SNOWFALL (INCHES)
TOTALS            0.0               0.0     0.0      0.0
SINCE 7/1         0.0               0.0     0.0      0.0
DAYS >= TRACE       0                                  0

DEGREE_DAYS
HEATING TOTAL     171               190     -19      121
 SINCE 7/1        183               369    -186      268
COOLING TOTAL      36                44      -8       67
 SINCE 1/1         36                37      -1       67
.................................................................

WIND (MPH)
AVERAGE WIND SPEED              8.6
HIGHEST WIND SPEED/DIRECTION    35/280    DATE  01/23
HIGHEST GUST SPEED/DIRECTION    47/200    DATE  01/17

SKY COVER
POSSIBLE SUNSHINE (PERCENT)   MM
AVERAGE SKY COVER           0.40
NUMBER OF DAYS FAIR           16
NUMBER OF DAYS PC              9
NUMBER OF DAYS CLOUDY          6

AVERAGE RH (PERCENT)     76

WEATHER CONDITIONS. NUMBER OF DAYS WITH
THUNDERSTORM              1     MIXED PRECIP               0
HEAVY RAIN                5     RAIN                       7
LIGHT RAIN               16     LT FREEZING RAIN           0
HAIL                      0     LIGHT SNOW                 0
SLEET                     0     FOG                       16
FOG W/VIS <= 1/4 MILE     2     HAZE                       4

-  INDICATES NEGATIVE NUMBERS.
R  INDICATES RECORD WAS SET OR TIED.
MM INDICATES DATA IS MISSING.
T  INDICATES TRACE AMOUNT.

$$
