000
CXUS52 KMLB 011706 CCB
CLMMLB

MLBCLMMLB 000
TTAA00 KMLB 011649


CLIMATE REPORT
NATIONAL WEATHER SERVICE MELBOURNE FL
105 PM EDT THU JUN 1 2017

...................................

...THE MELBOURNE CLIMATE SUMMARY FOR THE SPRING SEASON, FROM
3/1/2017 TO 5/31/2017...CORRECTED

CLIMATE NORMAL PERIOD 1981 TO 2010
CLIMATE RECORD PERIOD 1939 TO 2017

WEATHER         OBSERVED          NORMAL  DEPART  LAST YEAR`S
                 VALUE   DATE(S)  VALUE   FROM    VALUE  DATE(S)
                                          NORMAL
................................................................
TEMPERATURE (F)
SPRING RECORDS
 WARMEST         75.6   2015
 COOLEST         67.8   1968
DAILY RECORD
 HIGH              99   05/31/2004
 LOW               25   03/03/1980
SPRING 2017
HIGHEST            96   05/30                         91
                        05/24
LOWEST             39   03/16                         44
AVG. MAXIMUM     84.2              81.1     3.1     82.4
AVG. MINIMUM     65.4              60.7     4.7     64.9
MEAN             74.8              70.9     3.9     73.7
DAYS MAX >= 90     13               6.5     6.5        7
DAYS MAX <= 32      0               0.0     0.0        0
DAYS MIN <= 32      0               0.0     0.0        0
DAYS MIN <= 0       0               0.0                0

PRECIPITATION (INCHES)
SPRING RECORDS
 MAXIMUM        17.27   1982
 MINIMUM         1.65   1986
SPRING 2017
TOTALS           3.45              8.70   -5.25    12.11
DAYS >= .01        20              20.5    -0.5       22
DAYS >= .10         7              12.7    -5.7       18
DAYS >= .50         2               6.0    -4.0        7
DAYS >= 1.00        0               2.3    -2.3        3
GREATEST
 24 HR. TOTAL    0.89   05/02 TO 05/02              3.13

SNOWFALL (INCHES)
TOTALS            0.0               0.0     0.0      0.0
SINCE 7/1         0.0                                0.0
SNOWDEPTH AVG.      0
DAYS >= TRACE       0                                  0

DEGREE_DAYS
HEATING TOTAL      42                88     -46       20
COOLING TOTAL     969               628     341      843
.................................................................

WIND (MPH)
AVERAGE WIND SPEED              10.6
HIGHEST WIND SPEED/DIRECTION    38/180    DATE  05/24
HIGHEST GUST SPEED/DIRECTION    46/180    DATE  05/24

SKY COVER
POSSIBLE SUNSHINE (PERCENT)   MM
AVERAGE SKY COVER           0.20
NUMBER OF DAYS FAIR           67
NUMBER OF DAYS PC             24
NUMBER OF DAYS CLOUDY          1

AVERAGE RH (PERCENT)     65

WEATHER CONDITIONS. NUMBER OF DAYS WITH
THUNDERSTORM             11     MIXED PRECIP               0
HEAVY RAIN                8     RAIN                       7
LIGHT RAIN               31     LT FREEZING RAIN           0
HAIL                      0     SLEET                      0
FOG                      20     FOG W/VIS <= 1/4 MILE      1
HAZE                     12

-  INDICATES NEGATIVE NUMBERS.
R  INDICATES RECORD WAS SET OR TIED.
MM INDICATES DATA IS MISSING.
T  INDICATES TRACE AMOUNT.

$$

RODRIGUEZ
MLBCLMMLB 000
TTAA00 KMLB 011649


CLIMATE REPORT
NATIONAL WEATHER SERVICE MELBOURNE FL
1231 PM EDT THU JUN 1 2017

...................................

...THE MELBOURNE CLIMATE SUMMARY FOR THE SPRING SEASON, FROM
3/1/2017 TO 5/31/2017...

CLIMATE NORMAL PERIOD 1981 TO 2010
CLIMATE RECORD PERIOD 1939 TO 2017

WEATHER         OBSERVED          NORMAL  DEPART  LAST YEAR`S
                 VALUE   DATE(S)  VALUE   FROM    VALUE  DATE(S)
                                          NORMAL
................................................................
TEMPERATURE (F)
SPRING RECORDS
 WARMEST         75.6   2015
 COOLEST         67.8   1968
DAILY RECORD
 HIGH              99   05/31/2004
 LOW               25   03/03/1980
SPRING 2017
HIGHEST            96   05/30                         91
                        05/24                                                                                        LOWEST             39   03/16                         44
AVG. MAXIMUM     84.2              81.1     3.1     82.4
AVG. MINIMUM     65.4              60.7     4.7     64.9
MEAN             74.8              70.9     3.9     73.7
DAYS MAX >= 90     13               6.5     6.5        7
DAYS MAX <= 32      0               0.0     0.0        0
DAYS MIN <= 32      0               0.0     0.0        0
DAYS MIN <= 0       0               0.0                0

PRECIPITATION (INCHES)
SPRING RECORDS
 MAXIMUM        17.27   1982
 MINIMUM         1.65   1986
SPRING 2017
TOTALS           3.45              8.70   -5.25    12.11
DAYS >= .01        20              20.5    -0.5       22
DAYS >= .10         7              12.7    -5.7       18
DAYS >= .50         2               6.0    -4.0        7
DAYS >= 1.00        0               2.3    -2.3        3
GREATEST
 24 HR. TOTAL    0.89   05/02 TO 05/02              3.13

SNOWFALL (INCHES)
TOTALS            0.0               0.0     0.0      0.0
SINCE 7/1         0.0                                0.0
SNOWDEPTH AVG.      0
DAYS >= TRACE       0                                  0

DEGREE_DAYS
HEATING TOTAL      42                88     -46       20
COOLING TOTAL     969               628     341      843
.................................................................

WIND (MPH)
AVERAGE WIND SPEED              10.6
HIGHEST WIND SPEED/DIRECTION    38/180    DATE  05/24
HIGHEST GUST SPEED/DIRECTION    46/180    DATE  05/24

SKY COVER
POSSIBLE SUNSHINE (PERCENT)   MM
AVERAGE SKY COVER           0.20
NUMBER OF DAYS FAIR           67
NUMBER OF DAYS PC             24
NUMBER OF DAYS CLOUDY          1

AVERAGE RH (PERCENT)     65

WEATHER CONDITIONS. NUMBER OF DAYS WITH
THUNDERSTORM             11     MIXED PRECIP               0
HEAVY RAIN                8     RAIN                       7
LIGHT RAIN               31     LT FREEZING RAIN           0
HAIL                      0     SLEET                      0
FOG                      20     FOG W/VIS <= 1/4 MILE      1
HAZE                     12

-  INDICATES NEGATIVE NUMBERS.
R  INDICATES RECORD WAS SET OR TIED.
MM INDICATES DATA IS MISSING.
T  INDICATES TRACE AMOUNT.

$$

RODRIGUEZ
