000
CXUS52 KMLB 050839 AAB
CLMMLB

CLIMATE REPORT...UPDATED RAINFALL TOTALS
NATIONAL WEATHER SERVICE MELBOURNE FL
439 AM EDT MON SEP 5 2016

...................................

...THE MELBOURNE CLIMATE SUMMARY FOR THE MONTH OF AUGUST 2016...

CLIMATE NORMAL PERIOD 1981 TO 2010
CLIMATE RECORD PERIOD 1939 TO 2016

WEATHER         OBSERVED          NORMAL  DEPART  LAST YEAR`S
                 VALUE   DATE(S)  VALUE   FROM    VALUE  DATE(S)
                                          NORMAL
................................................................
TEMPERATURE (F)
MONTHLY RECORD
 HOTTEST         84.2   2007
 COLDEST         79.6   1967
DAILY RECORD
 HIGH             101   08/02/1999
 LOW               60   08/07/1983
AUGUST 2016
HIGHEST            96   08/07                         94
LOWEST             73   08/31                         71
                        08/09
                        08/07
AVG. MAXIMUM     91.2              90.5     0.7     89.5
AVG. MINIMUM     76.6              73.2     3.4     74.6
MEAN             83.9              81.8     2.1     82.1
DAYS MAX >= 90     28              18.9     9.1       15
DAYS MAX <= 32      0               0.0     0.0        0
DAYS MIN <= 32      0               0.0     0.0        0
DAYS MIN <= 0       0               0.0     0.0        0

PRECIPITATION (INCHES)
MONTHLY RECORD
 MAXIMUM        21.06   2008
 MINIMUM         1.14   1971
DAILY RECORD
 MAXIMUM         9.06   08/02/1995
AUGUST 2016
TOTALS           6.59              7.68   -1.09     9.36
DAYS >= .01        13              14.4    -1.4       16
DAYS >= .10         9              10.4    -1.4       12
DAYS >= .50         5               4.9     0.1        5
DAYS >= 1.00        2               2.3    -0.3        3
GREATEST
 24 HR. TOTAL    2.07   08/07 TO 08/08

SNOWFALL (INCHES)
TOTALS            0.0               0.0     0.0      0.0
SINCE 7/1         0.0               0.0     0.0      0.0
DAYS >= TRACE       0                                  0

DEGREE_DAYS
HEATING TOTAL       0                 0       0        0
 SINCE 7/1          0                 0       0        0
COOLING TOTAL     594               522      72      536
 SINCE 1/1       2648              2226     422     2659
.................................................................

WIND (MPH)
AVERAGE WIND SPEED              8.2
HIGHEST WIND SPEED/DIRECTION    31/290    DATE  08/07
HIGHEST GUST SPEED/DIRECTION    37/290    DATE  08/07

SKY COVER
POSSIBLE SUNSHINE (PERCENT)   MM
AVERAGE SKY COVER           0.30
NUMBER OF DAYS FAIR           25
NUMBER OF DAYS PC              6
NUMBER OF DAYS CLOUDY          0

AVERAGE RH (PERCENT)     79

WEATHER CONDITIONS. NUMBER OF DAYS WITH
THUNDERSTORM             17     MIXED PRECIP               0
HEAVY RAIN                7     RAIN                       8
LIGHT RAIN               18     LT FREEZING RAIN           0
HAIL                      0     LIGHT SNOW                 0
SLEET                     0     FOG                       20
FOG W/VIS <= 1/4 MILE     1     HAZE                      12

-  INDICATES NEGATIVE NUMBERS.
R  INDICATES RECORD WAS SET OR TIED.
MM INDICATES DATA IS MISSING.
T  INDICATES TRACE AMOUNT.

...................................

...THE MELBOURNE CLIMATE SUMMARY FOR THE SUMMER SEASON, FROM
6/1/2016 TO 8/31/2016...

CLIMATE NORMAL PERIOD 1981 TO 2010
CLIMATE RECORD PERIOD 1939 TO 2016

WEATHER         OBSERVED          NORMAL  DEPART  LAST YEAR`S
                 VALUE   DATE(S)  VALUE   FROM    VALUE  DATE(S)
                                          NORMAL
................................................................
TEMPERATURE (F)
SUMMER RECORDS
 HOTTEST         84.0   1998
 COOLEST         79.0   1965
DAILY RECORD
 HIGH             102   07/14/1980
 LOW               55   06/02/1984
SUMMER 2016
HIGHEST            96   08/07                         97
                        07/29
LOWEST             71   06/19                         68
                        06/18
AVG. MAXIMUM     90.8              90.1     0.7     89.7
AVG. MINIMUM     76.0              72.5     3.5     73.3
MEAN             83.4              81.3     2.1     81.5
DAYS MAX >= 90     72              48.9    23.1       48
DAYS MAX <= 32      0               0.0     0.0        0
DAYS MIN <= 32      0               0.0     0.0        0
DAYS MIN <= 0       0               0.0                0

PRECIPITATION (INCHES)
SUMMER RECORDS
 MAXIMUM        38.40   2008
 MINIMUM         8.28   1993

SUMMER 2016
TOTALS          16.59             20.35   -3.76    26.27
DAYS >= .01        30              39.4    -9.4       45
DAYS >= .10        20              28.3    -8.3       34
DAYS >= .50        11              13.9    -2.9       17
DAYS >= 1.00        5               6.2    -1.2       10
GREATEST
 24 HR. TOTAL    3.45   MM                          2.51

SNOWFALL (INCHES)
TOTALS            0.0               0.0     0.0      0.0
SINCE 7/1         0.0                                0.0
SNOWDEPTH AVG.      0
DAYS >= TRACE       0                                  0

DEGREE_DAYS
HEATING TOTAL       0                 0       0        0
COOLING TOTAL    1715              1500     215     1547
.................................................................

WIND (MPH)
AVERAGE WIND SPEED              8.0
HIGHEST WIND SPEED/DIRECTION    40/270    DATE  06/16
HIGHEST GUST SPEED/DIRECTION    49/260    DATE  06/16

SKY COVER
POSSIBLE SUNSHINE (PERCENT)   MM
AVERAGE SKY COVER           0.30
NUMBER OF DAYS FAIR           78
NUMBER OF DAYS PC             12
NUMBER OF DAYS CLOUDY          2

AVERAGE RH (PERCENT)     76

WEATHER CONDITIONS. NUMBER OF DAYS WITH
THUNDERSTORM             44     MIXED PRECIP               0
HEAVY RAIN               15     RAIN                      13
LIGHT RAIN               42     LT FREEZING RAIN           0
HAIL                      0     SLEET                      0
FOG                      40     FOG W/VIS <= 1/4 MILE      1
HAZE                     22

-  INDICATES NEGATIVE NUMBERS.
R  INDICATES RECORD WAS SET OR TIED.
MM INDICATES DATA IS MISSING.
T  INDICATES TRACE AMOUNT.

$$
