000
CXUS52 KMLB 011227
CLMMLB


CLIMATE REPORT
NATIONAL WEATHER SERVICE MELBOURNE FL
802 AM EDT WED APR 1 2015

...................................

...THE MELBOURNE CLIMATE SUMMARY FOR THE MONTH OF MARCH 2015...

CLIMATE NORMAL PERIOD 1981 TO 2010
CLIMATE RECORD PERIOD 1939 TO 2015

WEATHER         OBSERVED          NORMAL  DEPART  LAST YEAR`S
                 VALUE   DATE(S)  VALUE   FROM    VALUE  DATE(S)
                                          NORMAL
................................................................
TEMPERATURE (F)
MONTHLY RECORD
 HOTTEST         72.7   1948
 COLDEST         60.2   1969

DAILY RECORD
 HIGH              93   03/28/1994
 LOW               25   03/03/1980

MARCH 2015
HIGHEST            88   03/26                         85
                        03/22
                        03/15
LOWEST             47   03/30                         45
                        03/29
AVG. MAXIMUM     80.3              76.7     3.6     76.7
AVG. MINIMUM     63.7              55.1     8.6     56.9
MEAN             72.0              65.9     6.1     66.8
DAYS MAX >= 90      0               0.2    -0.2        0
DAYS MAX <= 32      0               0.0     0.0        0
DAYS MIN <= 32      0               0.0     0.0        0
DAYS MIN <= 0       0               0.0     0.0        0

PRECIPITATION (INCHES)
MONTHLY RECORD
 MAXIMUM        11.58   1996
 MINIMUM         0.03   1956

DAILY RECORD
 MAXIMUM         5.24   3/11/1996

MARCH 2015
TOTALS           0.43              3.28   -2.85     2.02
DAYS >= .01         4               7.3    -3.3       10
DAYS >= .10         2               4.5    -2.5        4
DAYS >= .50         0               2.0    -2.0        2
DAYS >= 1.00        0               1.0    -1.0        0
GREATEST
 24 HR. TOTAL    0.17   03/20 TO 03/20

SNOWFALL (INCHES)
TOTALS            0.0               0.0     0.0      0.0
SINCE 7/1         0.0               0.0     0.0      0.0
DAYS >= TRACE       0                                  0

DEGREE_DAYS
HEATING TOTAL      14                71     -57       49
 SINCE 7/1        424               560    -136      355
COOLING TOTAL     239                99     140      111
 SINCE 1/1        337               197     140      279
.................................................................

WIND (MPH)
AVERAGE WIND SPEED              8.8
HIGHEST WIND SPEED/DIRECTION    30/190    DATE  03/26
HIGHEST GUST SPEED/DIRECTION    41/180    DATE  03/26

SKY COVER
POSSIBLE SUNSHINE (PERCENT)   MM
AVERAGE SKY COVER           0.30
NUMBER OF DAYS FAIR           18
NUMBER OF DAYS PC             11
NUMBER OF DAYS CLOUDY          2

AVERAGE RH (PERCENT)     75

WEATHER CONDITIONS. NUMBER OF DAYS WITH
THUNDERSTORM              1     MIXED PRECIP               0
HEAVY RAIN                1     RAIN                       2
LIGHT RAIN                8     LT FREEZING RAIN           0
HAIL                      0     LIGHT SNOW                 0
SLEET                     0     FOG                       19
FOG W/VIS <= 1/4 MILE     6     HAZE                       6

-  INDICATES NEGATIVE NUMBERS.
R  INDICATES RECORD WAS SET OR TIED.
MM INDICATES DATA IS MISSING.
T  INDICATES TRACE AMOUNT.

$$
