000
CXUS52 KMLB 011642 RRA
CLMMLB

CLIMATE REPORT
NATIONAL WEATHER SERVICE MELBOURNE FL
841 AM EDT MON MAY 1 2017

...................................

...THE MELBOURNE CLIMATE SUMMARY FOR THE MONTH OF APRIL 2017...

CLIMATE NORMAL PERIOD 1981 TO 2010
CLIMATE RECORD PERIOD 1939 TO 2017

WEATHER         OBSERVED          NORMAL  DEPART  LAST YEAR`S
                 VALUE   DATE(S)  VALUE   FROM    VALUE  DATE(S)
                                          NORMAL
................................................................
TEMPERATURE (F)
MONTHLY RECORD
 HOTTEST         77.1  2015
 COLDEST         65.7  1987

DAILY RECORD
 HIGH              97   04/15/1999
                        04/25/1967
 LOW               35   04/08/1971

APRIL 2017
HIGHEST            92   04/24                         91
                        04/05
LOWEST             49   04/08                         49
AVG. MAXIMUM     84.5              80.8     3.7     81.2
AVG. MINIMUM     67.4              60.0     7.4     63.7
MEAN             76.0              70.4     5.6     72.5
DAYS MAX >= 90      2               0.6     1.4        1
DAYS MAX <= 32      0               0.0     0.0        0
DAYS MIN <= 32      0               0.0     0.0        0
DAYS MIN <= 0       0               0.0     0.0        0

PRECIPITATION (INCHES)
MONTHLY RECORD
 MAXIMUM         8.15   1951
 MINIMUM         0.01   1987

DAILY RECORD
 MAXIMUM         4.29   04/04/1973

APRIL 2017
TOTALS           0.23              2.13   -1.90     1.34
DAYS >= .01         4               5.8    -1.8        7
DAYS >= .10         1               3.5    -2.5        3
DAYS >= .50         0               1.8    -1.8        1
DAYS >= 1.00        0               0.5    -0.5        0
GREATEST
 24 HR. TOTAL    0.18   04/04 TO 04/04

SNOWFALL (INCHES)
TOTALS            0.0               0.0     0.0      0.0
SINCE 7/1         0.0               0.0     0.0      0.0
DAYS >= TRACE       0                                  0

DEGREE_DAYS
HEATING TOTAL       3                16     -13        3
 SINCE 7/1        220               576    -356      341
COOLING TOTAL     339               178     161      234
 SINCE 1/1        702               375     327      560
.................................................................

WIND (MPH)
AVERAGE WIND SPEED              11.2
HIGHEST WIND SPEED/DIRECTION    33/160    DATE  04/06
HIGHEST GUST SPEED/DIRECTION    42/160    DATE  04/06

SKY COVER
POSSIBLE SUNSHINE (PERCENT)   MM
AVERAGE SKY COVER           0.20
NUMBER OF DAYS FAIR           23
NUMBER OF DAYS PC              7
NUMBER OF DAYS CLOUDY          0

AVERAGE RH (PERCENT)     63

WEATHER CONDITIONS. NUMBER OF DAYS WITH
THUNDERSTORM              3     MIXED PRECIP               0
HEAVY RAIN                1     RAIN                       1
LIGHT RAIN                9     LT FREEZING RAIN           0
HAIL                      0     LIGHT SNOW                 0
SLEET                     0     FOG                        6
FOG W/VIS <= 1/4 MILE     1     HAZE                       4

-  INDICATES NEGATIVE NUMBERS.
R  INDICATES RECORD WAS SET OR TIED.
MM INDICATES DATA IS MISSING.
T  INDICATES TRACE AMOUNT.

$$
MLBCLMMLB 000
TTAA00 KMLB 011617


CLIMATE REPORT
NATIONAL WEATHER SERVICE MELBOURNE FL
1023 AM EST SUN JAN 1 2017

...................................

...THE MELBOURNE CLIMATE SUMMARY FOR THE YEAR OF 2016...

CLIMATE NORMAL PERIOD 1981 TO 2010
CLIMATE RECORD PERIOD 1939 TO 2016

WEATHER         OBSERVED          NORMAL  DEPART  LAST YEAR`S
                 VALUE   DATE(S)  VALUE   FROM    VALUE
                                          NORMAL
.............................................................
TEMPERATURE (F)
YEARLY RECORDS
 WARMEST         75.4   2015
 COOLEST         70.6   1970
DAILY RECORD
 HIGH             102   07/14/1980
 LOW               17   01/19/1977
2016 DATA
HIGHEST            96   08/07                         97
                        07/29
LOWEST             33   01/24                         34
AVG. MAXIMUM     82.5              81.9     0.6     83.4
AVG. MINIMUM     66.2              62.8     3.4     67.4
MEAN             74.4              72.4     2.0     75.4
DAYS MAX >= 90     88              65.7    22.3       65
DAYS MAX <= 32      0               0.0     0.0        0
DAYS MIN <= 32      0               2.9    -2.9        0
DAYS MIN <= 0       0               0.0     0.0        0

PRECIPITATION (INCHES)
YEARLY RECORDS
 MAXIMUM        74.28   1947
 MINIMUM        31.97   1981
2016 DATA
TOTALS          59.64             52.00    7.64    53.19
DAILY AVG.       0.16              0.14    0.02     0.14
DAYS >= .01       117             116.1     0.9      130
DAYS >= .10        73              73.5    -0.5       82
DAYS >= .50        37              33.4     3.6       35
DAYS >= 1.00       17              15.0     2.0       18

SNOWFALL (INCHES)
TOTALS            0.0               0.0     0.0      0.0
SINCE 7/1         0.0               0.0     0.0      0.0
DAYS >= TRACE       0               0.0     0.0        0

DEGREE_DAYS
HEATING TOTAL     376               577    -201      289
 SINCE 7/1         47               179    -132       12
COOLING TOTAL    3904              3273     631     4191
 SINCE 1/1       3904              3271     633     4191
..............................................................

WIND (MPH)
AVERAGE WIND SPEED              8.9
HIGHEST WIND SPEED/DIRECTION    53/350    DATE  10/07
HIGHEST GUST SPEED/DIRECTION    70/360    DATE  10/07

SKY COVER
POSSIBLE SUNSHINE (PERCENT)   MM
AVERAGE SKY COVER           0.30
NUMBER OF DAYS FAIR          254
NUMBER OF DAYS PC             96
NUMBER OF DAYS CLOUDY         16

AVERAGE RH (PERCENT)     74

WEATHER CONDITIONS. NUMBER OF DAYS WITH
THUNDERSTORM             93     MIXED PRECIP               0
HEAVY RAIN               51     RAIN                      56
LIGHT RAIN              158     LT FREEZING RAIN           0
HAIL                      0     LIGHT SNOW                 0
SLEET                     0     FOG                      159
FOG W/VIS <= 1/4 MILE    18     HAZE                      45

-  INDICATES NEGATIVE NUMBERS.
R  INDICATES RECORD WAS SET OR TIED.
MM INDICATES DATA IS MISSING.
T  INDICATES TRACE AMOUNT.

$$

SMITH
