000
CXUS52 KMLB 011853 AAA
CLMMLB

CLIMATE REPORT
NATIONAL WEATHER SERVICE MELBOURNE FL
153 PM EST THU DEC 1 2016

...................................

...THE MELBOURNE CLIMATE SUMMARY FOR THE MONTH OF NOVEMBER 2016...

CLIMATE NORMAL PERIOD 1981 TO 2010
CLIMATE RECORD PERIOD 1939 TO 2016

WEATHER         OBSERVED          NORMAL  DEPART  LAST YEAR`S
                 VALUE   DATE(S)  VALUE   FROM    VALUE
                                          NORMAL
................................................................
TEMPERATURE (F)
MONTHLY RECORD
 WARMEST         76.1   2015
 COOLEST         62.7   1970
DAILY RECORD
 HIGH              91   11/05/1992
                        11/10/1979
 LOW               30   11/29/1966
                        11/16/1940
NOVEMBER 2016
HIGHEST            84   11/30              90
                        11/04
                        11/02
LOWEST             43   11/21              51
AVG. MAXIMUM     78.8              78.5     0.3     82.9
AVG. MINIMUM     60.9              59.5     1.4     69.3
MEAN             69.8              69.0     0.8     76.1
DAYS MAX >= 90      0               0.1    -0.1        1
DAYS MAX <= 32      0               0.0     0.0        0
DAYS MIN <= 32      0               0.0     0.0        0
DAYS MIN <= 0       0               0.0     0.0        0

PRECIPITATION (INCHES)
MONTHLY RECORD
 MAXIMUM         9.72   1963
 MINIMUM         0.00   1986
DAILY RECORD
 MAXIMUM         5.45   11/29/1977
NOVEMBER 2016
TOTALS           0.27              2.88   -2.61     2.61
DAYS >= .01         5               8.5    -3.5       11
DAYS >= .10         1               4.1    -3.1        4
DAYS >= .50         0               1.3    -1.3        2
DAYS >= 1.00        0               0.6    -0.6        0
GREATEST
 24 HR. TOTAL    0.15   11/30 TO 11/30

SNOWFALL (INCHES)
TOTALS            0.0               0.0     0.0      0.0
SINCE 7/1         0.0               0.0     0.0      0.0
DAYS >= TRACE       0                                  0

DEGREE_DAYS
HEATING TOTAL      19                38     -19        5
 SINCE 7/1         19                42     -23        5
COOLING TOTAL     171               158      13      345
 SINCE 1/1       3728              3195     533     3907
.................................................................

WIND (MPH)
AVERAGE WIND SPEED              8.2
HIGHEST WIND SPEED/DIRECTION    23/060    DATE  11/06
HIGHEST GUST SPEED/DIRECTION    30/020    DATE  11/05

SKY COVER
POSSIBLE SUNSHINE (PERCENT)   MM
AVERAGE SKY COVER           0.30
NUMBER OF DAYS FAIR           16
NUMBER OF DAYS PC             14
NUMBER OF DAYS CLOUDY          0

AVERAGE RH (PERCENT)     71

WEATHER CONDITIONS. NUMBER OF DAYS WITH
THUNDERSTORM              0     MIXED PRECIP               0
HEAVY RAIN                0     RAIN                       1
LIGHT RAIN               12     LT FREEZING RAIN           0
HAIL                      0     LIGHT SNOW                 0
SLEET                     0     FOG                       13
FOG W/VIS <= 1/4 MILE     0     HAZE                       1

-  INDICATES NEGATIVE NUMBERS.
R  INDICATES RECORD WAS SET OR TIED.
MM INDICATES DATA IS MISSING.
T  INDICATES TRACE AMOUNT.

...................................

...THE MELBOURNE CLIMATE SUMMARY FOR THE FALL SEASON, FROM
9/1/2016 TO 11/30/2016...

CLIMATE NORMAL PERIOD 1981 TO 2010
CLIMATE RECORD PERIOD 1939 TO 2016

WEATHER         OBSERVED          NORMAL  DEPART  LAST YEAR`S
                 VALUE   DATE(S)  VALUE   FROM    VALUE
                                          NORMAL
................................................................
TEMPERATURE (F)
FALL RECORDS
 WARMEST         78.4   2015
 COOLEST         71.8   1968
DAILY RECORD
 HIGH              98   09/01/1972
 LOW               30   11/29/1966
                        11/16/1940
FALL 2016
HIGHEST            92   09/03                         94
LOWEST             43   11/21                         51
AVG. MAXIMUM     83.7              83.7     0.0     85.4
AVG. MINIMUM     69.1              66.7     2.4     71.4
MEAN             76.4              75.2     1.2     78.4
DAYS MAX >= 90      9              10.2    -1.2       10
DAYS MAX <= 32      0               0.0     0.0        0
DAYS MIN <= 32      0               0.0     0.0        0
DAYS MIN <= 0       0               0.0                0

PRECIPITATION (INCHES)
FALL RECORDS
 MAXIMUM        32.95   1999
 MINIMUM         5.18   1942

FALL 2016
TOTALS          20.76             15.58    5.18    10.38
DAYS >= .01        37              33.2     3.8       36
DAYS >= .10        21              20.2     0.8       15
DAYS >= .50        12               8.8     3.2        6
DAYS >= 1.00        6               4.5     1.5        2
GREATEST
 24 HR. TOTAL    3.58   09/19 TO 09/19              2.48

SNOWFALL (INCHES)
TOTALS            0.0               0.0     0.0      0.0
SINCE 7/1         0.0                                0.0
SNOWDEPTH AVG.      0
DAYS >= TRACE       0                                  0

DEGREE_DAYS
HEATING TOTAL      19                42     -23        5
COOLING TOTAL    1080               969     111     1248
.................................................................

WIND (MPH)
AVERAGE WIND SPEED              9.3
HIGHEST WIND SPEED/DIRECTION    53/350    DATE  10/07
HIGHEST GUST SPEED/DIRECTION    70/360    DATE  10/07

SKY COVER
POSSIBLE SUNSHINE (PERCENT)   MM
AVERAGE SKY COVER           0.30
NUMBER OF DAYS FAIR           56
NUMBER OF DAYS PC             30
NUMBER OF DAYS CLOUDY          5

AVERAGE RH (PERCENT)     75

WEATHER CONDITIONS. NUMBER OF DAYS WITH
THUNDERSTORM             26     MIXED PRECIP               0
HEAVY RAIN               17     RAIN                      16
LIGHT RAIN               52     LT FREEZING RAIN           0
HAIL                      0     SLEET                      0
FOG                      44     FOG W/VIS <= 1/4 MILE      3
HAZE                      5

-  INDICATES NEGATIVE NUMBERS.
R  INDICATES RECORD WAS SET OR TIED.
MM INDICATES DATA IS MISSING.
T  INDICATES TRACE AMOUNT.

$$
