000
CXUS52 KMLB 011627 AAA
CLMMLB

CLIMATE REPORT
NATIONAL WEATHER SERVICE MELBOURNE FL
1127 AM EST SUN JAN 1 2017

...................................

...THE MELBOURNE CLIMATE SUMMARY FOR THE MONTH OF DECEMBER 2016...

CLIMATE NORMAL PERIOD 1981 TO 2010
CLIMATE RECORD PERIOD 1939 TO 2016

WEATHER         OBSERVED          NORMAL  DEPART  LAST YEAR`S
                 VALUE   DATE(S)  VALUE   FROM    VALUE
                                          NORMAL
................................................................
TEMPERATURE (F)
MONTHLY RECORD
 WARMEST         73.7   2015
 COLDEST         54.0   2010
DAILY RECORD
 HIGH              90   12/06/1942
 LOW               21   12/25/1983
DECEMBER 2016
HIGHEST            87   12/05                         87
LOWEST             40   12/31                         48
AVG. MAXIMUM     78.4              73.3     5.1     80.5
AVG. MINIMUM     60.7              52.8     7.9     67.0
MEAN             69.5              63.0     6.5     73.7
DAYS MAX >= 90      0               0.0     0.0        0
DAYS MAX <= 32      0               0.0     0.0        0
DAYS MIN <= 32      0               0.7    -0.7        0
DAYS MIN <= 0       0               0.0     0.0        0

PRECIPITATION (INCHES)
MONTHLY RECORD
 MAXIMUM        10.28   2002
 MINIMUM         0.00   1968
                        1956
DAILY RECORD
 MAXIMUM         5.06   12/9/2002
DECEMBER 2016
TOTALS           0.32              2.57   -2.25     3.69
DAYS >= .01         5               7.9    -2.9       11
DAYS >= .10         1               3.6    -2.6        6
DAYS >= .50         0               1.5    -1.5        3
DAYS >= 1.00        0               0.7    -0.7        1
GREATEST
 24 HR. TOTAL    0.14   12/06 TO 12/06

SNOWFALL (INCHES)
TOTALS            0.0               0.0     0.0      0.0
SINCE 7/1         0.0               0.0     0.0      0.0
DAYS >= TRACE       0                                  0

DEGREE_DAYS
HEATING TOTAL      28               137    -109        7
 SINCE 7/1         47               179    -132       12
COOLING TOTAL     176                76     100      284
 SINCE 1/1       3904              3271     633     4191
.................................................................

WIND (MPH)
AVERAGE WIND SPEED              8.5
HIGHEST WIND SPEED/DIRECTION    26/330    DATE  12/29
HIGHEST GUST SPEED/DIRECTION    34/340    DATE  12/29

SKY COVER
POSSIBLE SUNSHINE (PERCENT)   MM
AVERAGE SKY COVER           0.30
NUMBER OF DAYS FAIR           21
NUMBER OF DAYS PC              7
NUMBER OF DAYS CLOUDY          3

AVERAGE RH (PERCENT)     79

WEATHER CONDITIONS. NUMBER OF DAYS WITH
THUNDERSTORM              1     MIXED PRECIP               0
HEAVY RAIN                0     RAIN                       1
LIGHT RAIN                8     LT FREEZING RAIN           0
HAIL                      0     LIGHT SNOW                 0
SLEET                     0     FOG                       22
FOG W/VIS <= 1/4 MILE     8     HAZE                       0

-  INDICATES NEGATIVE NUMBERS.
R  INDICATES RECORD WAS SET OR TIED.
MM INDICATES DATA IS MISSING.
T  INDICATES TRACE AMOUNT.

============================================================

...THE MELBOURNE CLIMATE SUMMARY FOR THE YEAR OF 2016...

CLIMATE NORMAL PERIOD 1981 TO 2010
CLIMATE RECORD PERIOD 1939 TO 2016

WEATHER         OBSERVED          NORMAL  DEPART  LAST YEAR`S
                 VALUE   DATE(S)  VALUE   FROM    VALUE
                                          NORMAL
.............................................................
TEMPERATURE (F)
YEARLY RECORDS
 WARMEST         75.4   2015
 COOLEST         70.6   1970
DAILY RECORD
 HIGH             102   07/14/1980
 LOW               17   01/19/1977
2016 DATA
HIGHEST            96   08/07                         97
                        07/29
LOWEST             33   01/24                         34
AVG. MAXIMUM     82.5              81.9     0.6     83.4
AVG. MINIMUM     66.2              62.8     3.4     67.4
MEAN             74.4              72.4     2.0     75.4
DAYS MAX >= 90     88              65.7    22.3       65
DAYS MAX <= 32      0               0.0     0.0        0
DAYS MIN <= 32      0               2.9    -2.9        0
DAYS MIN <= 0       0               0.0     0.0        0

PRECIPITATION (INCHES)
YEARLY RECORDS
 MAXIMUM        74.28   1947
 MINIMUM        31.97   1981
2016 DATA
TOTALS          59.64             52.00    7.64    53.19
DAILY AVG.       0.16              0.14    0.02     0.14
DAYS >= .01       117             116.1     0.9      130
DAYS >= .10        73              73.5    -0.5       82
DAYS >= .50        37              33.4     3.6       35
DAYS >= 1.00       17              15.0     2.0       18

SNOWFALL (INCHES)
TOTALS            0.0               0.0     0.0      0.0
SINCE 7/1         0.0               0.0     0.0      0.0
DAYS >= TRACE       0               0.0     0.0        0

DEGREE_DAYS
HEATING TOTAL     376               577    -201      289
 SINCE 7/1         47               179    -132       12
COOLING TOTAL    3904              3273     631     4191
 SINCE 1/1       3904              3271     633     4191
..............................................................

WIND (MPH)
AVERAGE WIND SPEED              8.9
HIGHEST WIND SPEED/DIRECTION    53/350    DATE  10/07
HIGHEST GUST SPEED/DIRECTION    70/360    DATE  10/07

SKY COVER
POSSIBLE SUNSHINE (PERCENT)   MM
AVERAGE SKY COVER           0.30
NUMBER OF DAYS FAIR          254
NUMBER OF DAYS PC             96
NUMBER OF DAYS CLOUDY         16

AVERAGE RH (PERCENT)     74

WEATHER CONDITIONS. NUMBER OF DAYS WITH
THUNDERSTORM             93     MIXED PRECIP               0
HEAVY RAIN               51     RAIN                      56
LIGHT RAIN              158     LT FREEZING RAIN           0
HAIL                      0     LIGHT SNOW                 0
SLEET                     0     FOG                      159
FOG W/VIS <= 1/4 MILE    18     HAZE                      45

-  INDICATES NEGATIVE NUMBERS.
R  INDICATES RECORD WAS SET OR TIED.
MM INDICATES DATA IS MISSING.
T  INDICATES TRACE AMOUNT.

$$

SMITH
