019
CXUS55 KBYZ 011100
CF6MLS
PRELIMINARY LOCAL CLIMATOLOGICAL DATA (WS FORM: F-6)
STATION: MILES CITY MT
MONTH: FEBRUARY
YEAR: 2021
LATITUDE: 46 25 N
LONGITUDE: 105 53 W
TEMPERATURE IN F: :PCPN: SNOW: WIND :SUNSHINE: SKY :PK WND
================================================================================
1 2 3 4 5 6A 6B 7 8 9 10 11 12 13 14 15 16 17 18
12Z AVG MX 2MIN
DY MAX MIN AVG DEP HDD CDD WTR SNW DPTH SPD SPD DIR MIN PSBL S-S WX SPD DR
================================================================================
1 49 18 34 13 31 0 0.00 M M 9.8 17 160 M M 0 20 150
2 55 28 42 21 23 0 0.00 M M 9.0 15 160 M M 0 18 170
3 37 13 25 3 40 0 0.01 M M 12.0 25 330 M M 7 18 29 330
4 35 10 23 1 42 0 T M M 6.9 21 300 M M 7 18 26 300
5 24 1 13 -9 52 0 T M M 8.6 22 20 M M 10 1 26 20
6 5 -6 0 -22 65 0 T M M 10.0 18 10 M M 8 8 21 90
7 2 -15 -6 -28 71 0 T M M 9.2 20 40 M M 6 8 22 40
8 -1 -22 -11 -33 76 0 T M M 5.1 15 320 M M 8 8 17 320
9 -2 -19 -10 -33 75 0 T M M 6.4 15 320 M M 7 19 330
10 -2 -22 -12 -35 77 0 T M M 6.0 12 350 M M 6 8 13 10
11 -11 -26 -18 -41 83 0 T M M 8.1 17 290 M M 6 8 23 320
12 -6 -31 -18 -41 83 0 0.00 M M 6.5 16 290 M M 2 19 290
13 -2 -28 -15 -39 80 0 T M M 4.0 14 360 M M 6 8 15 360
14 1 -34 -16 -40 81 0 0.00 M M 7.5 17 140 M M 0 22 110
15 11 -9 1 -23 64 0 0.00 M M 12.4 21 130 M M 8 25 140
16 15 3 9 -15 56 0 T M M 4.9 20 140 M M 10 24 120
17 20 0 10 -15 55 0 0.01 M M 7.0 16 320 M M 8 1 20 320
18 19 3 11 -14 54 0 T M M 7.9 14 260 M M 4 1 17 290
19 37 0 19 -6 46 0 T M M 9.3 16 150 M M 4 19 150
20 39 17 28 2 37 0 0.00 M M 5.5 13 240 M M 4 15 290
21 43 16 30 4 35 0 0.00 M M 15.5 28 260 M M 0 35 270
22 56 35 46 20 19 0 0.17 M M 19.3 40 280 M M 2 1 48 280
23 41 26 34 7 31 0 0.07 M M 15.0 41 320 M M 7 1 56 320
24 35 20 28 1 37 0 T M M 9.7 20 340 M M 6 1 24 340
25 42 18 30 3 35 0 0.00 M M 14.3 30 270 M M 2 40 280
26 42 25 34 6 31 0 T M M 12.1 28 250 M M 5 34 240
27 27 18 23 -5 42 0 0.00 M M 7.7 17 40 M M 8 1 20 40
28 43 14 29 1 36 0 0.00 M M 10.9 25 270 M M 3 33 280
================================================================================
SM 654 53 1457 0 0.26 M 260.6 M 144
================================================================================
AV 23.4 1.9 9.3 FASTST M M 5 MAX(MPH)
MISC ----> 41 320 56 320
================================================================================
NOTES:
# LAST OF SEVERAL OCCURRENCES
COLUMN 17 PEAK WIND IN M.P.H.
PRELIMINARY LOCAL CLIMATOLOGICAL DATA (WS FORM: F-6) , PAGE 2
STATION: MILES CITY MT
MONTH: FEBRUARY
YEAR: 2021
LATITUDE: 46 25 N
LONGITUDE: 105 53 W
[TEMPERATURE DATA] [PRECIPITATION DATA] SYMBOLS USED IN COLUMN 16
AVERAGE MONTHLY: 12.6 TOTAL FOR MONTH: 0.26 1 = FOG OR MIST
DPTR FM NORMAL: -11.8 DPTR FM NORMAL: 0.03 2 = FOG REDUCING VISIBILITY
HIGHEST: 56 ON 22 GRTST 24HR 0.23 ON 22-23 TO 1/4 MILE OR LESS
LOWEST: -34 ON 14 3 = THUNDER
SNOW, ICE PELLETS, HAIL 4 = ICE PELLETS
TOTAL MONTH: M 5 = HAIL
GRTST 24HR M ON M 6 = FREEZING RAIN OR DRIZZLE
GRTST DEPTH: M ON M 7 = DUSTSTORM OR SANDSTORM:
VSBY 1/2 MILE OR LESS
8 = SMOKE OR HAZE
[NO. OF DAYS WITH] [WEATHER - DAYS WITH] 9 = BLOWING SNOW
X = TORNADO
MAX 32 OR BELOW: 15 0.01 INCH OR MORE: 4
MAX 90 OR ABOVE: 0 0.10 INCH OR MORE: 1
MIN 32 OR BELOW: 27 0.50 INCH OR MORE: 0
MIN 0 OR BELOW: 12 1.00 INCH OR MORE: 0
[HDD (BASE 65) ]
TOTAL THIS MO. 1457 CLEAR (SCALE 0-3) 8
DPTR FM NORMAL 319 PTCLDY (SCALE 4-7) 18
TOTAL FM JUL 1 5405 CLOUDY (SCALE 8-10) 2
DPTR FM NORMAL -322
[CDD (BASE 65) ]
TOTAL THIS MO. 0
DPTR FM NORMAL 0 [PRESSURE DATA]
TOTAL FM JAN 1 0 HIGHEST SLP 30.80 ON 11
DPTR FM NORMAL 0 LOWEST SLP 29.58 ON 26
[REMARKS]
#FINAL-02-21#