000
CXUS55 KBYZ 011000
CF6MLS
PRELIMINARY LOCAL CLIMATOLOGICAL DATA (WS FORM: F-6)
STATION: MILES CITY MT
MONTH: AUGUST
YEAR: 2023
LATITUDE: 46 25 N
LONGITUDE: 105 53 W
TEMPERATURE IN F: :PCPN: SNOW: WIND :SUNSHINE: SKY :PK WND
================================================================================
1 2 3 4 5 6A 6B 7 8 9 10 11 12 13 14 15 16 17 18
12Z AVG MX 2MIN
DY MAX MIN AVG DEP HDD CDD WTR SNW DPTH SPD SPD DIR MIN PSBL S-S WX SPD DR
================================================================================
1 100 69 85 9 0 20 0.00 M M 11.2 22 320 M M 0 26 300
2 95 63 79 3 0 14 0.00 M M 6.7 14 30 M M 0 18 70
3 92 64 78 2 0 13 0.07 M M 9.4 37 50 M M 2 3 45 60
4 69 63 66 -10 0 1 0.17 M M 10.8 24 30 M M 9 1 29 30
5 82 61 72 -3 0 7 0.01 M M 7.4 21 40 M M 8 13 25 40
6 83 61 72 -3 0 7 0.03 M M 7.3 21 320 M M 8 24 320
7 77 60 69 -6 0 4 T M M 5.3 15 190 M M 7 18 170
8 85 56 71 -4 0 6 0.00 M M 5.1 12 110 M M 0 15 120
9 92 58 75 0 0 10 0.00 M M 8.3 20 260 M M 1 24 220
10 88 61 75 1 0 10 T M M 13.7 35 310 M M 3 45 310
11 86 57 72 -2 0 7 0.00 M M 8.4 23 310 M M 1 30 300
12 89 56 73 -1 0 8 0.05 M M 7.6 32 20 M M 1 1 38 20
13 79 51 65 -9 0 0 0.00 M M 10.5 24 330 M M 4 32 340
14 88 51 70 -4 0 5 0.00 M M 6.3 13 170 M M 0 17 240
15 100 58 79 6 0 14 0.00 M M 8.4 15 220 M M 0 18 230
16 89 66 78 5 0 13 0.00 M M 12.2 30 10 M M 0 35 10
17 99 56 78 5 0 13 0.00 M M 9.2 18 150 M M 0 23 180
18 102 67 85 13 0 20 0.05 M M 9.7 45 280 M M 0 3 56 280
19 77 58 68 -4 0 3 0.09 M M 14.7 26 320 M M 1 31 320
20 68 54 61 -11 4 0 1.04 M M 10.8 22 60 M M 8 1 26 60
21 83 58 71 0 0 6 0.00 M M 11.3 17 40 M M 0 20 50
22 97 62 80 9 0 15 1.33 M M 6.9 37 270 M M 1 13 48 260
23 90 65 78 7 0 13 0.00 M M 9.3 21 300 M M 0 1 26 250
24 90 61 76 6 0 11 0.00 M M 8.7 20 20 M M 0 26 320
25 79 54 67 -3 0 2 0.00 M M 8.2 13 40 M M 0 17 80
26 90 62 76 6 0 11 0.00 M M 7.6 17 140 M M 0 24 140
27 91 60 76 7 0 11 0.00 M M 8.8 21 330 M M 1 28 320
28 89 57 73 4 0 8 0.00 M M 5.1 14 160 M M 0 18 170
29 93 58 76 8 0 11 0.00 M M 9.4 26 140 M M 0 8 36 140
30 90 56 73 5 0 8 0.22 M M 13.8 48 260 M M 1 38 63 280
31 83 54 69 1 0 4 0.00 M M 8.6 24 270 M M 3 32 260
================================================================================
SM 2715 1837 4 275 3.06 M 280.7 M 59
================================================================================
AV 87.6 59.3 9.1 FASTST M M 2 MAX(MPH)
MISC ----> 48 260 63 280
================================================================================
NOTES:
# LAST OF SEVERAL OCCURRENCES
COLUMN 17 PEAK WIND IN M.P.H.
PRELIMINARY LOCAL CLIMATOLOGICAL DATA (WS FORM: F-6) , PAGE 2
STATION: MILES CITY MT
MONTH: AUGUST
YEAR: 2023
LATITUDE: 46 25 N
LONGITUDE: 105 53 W
[TEMPERATURE DATA] [PRECIPITATION DATA] SYMBOLS USED IN COLUMN 16
AVERAGE MONTHLY: 73.4 TOTAL FOR MONTH: 3.06 1 = FOG OR MIST
DPTR FM NORMAL: 0.9 DPTR FM NORMAL: 2.15 2 = FOG REDUCING VISIBILITY
HIGHEST: 102 ON 18 GRTST 24HR 1.33 ON 22-22 TO 1/4 MILE OR LESS
LOWEST: 51 ON 14,13 3 = THUNDER
SNOW, ICE PELLETS, HAIL 4 = ICE PELLETS
TOTAL MONTH: M 5 = HAIL
GRTST 24HR M ON M 6 = FREEZING RAIN OR DRIZZLE
GRTST DEPTH: M ON M 7 = DUSTSTORM OR SANDSTORM:
VSBY 1/2 MILE OR LESS
8 = SMOKE OR HAZE
[NO. OF DAYS WITH] [WEATHER - DAYS WITH] 9 = BLOWING SNOW
X = TORNADO
MAX 32 OR BELOW: 0 0.01 INCH OR MORE: 10
MAX 90 OR ABOVE: 14 0.10 INCH OR MORE: 4
MIN 32 OR BELOW: 0 0.50 INCH OR MORE: 2
MIN 0 OR BELOW: 0 1.00 INCH OR MORE: 2
[HDD (BASE 65) ]
TOTAL THIS MO. 4 CLEAR (SCALE 0-3) 25
DPTR FM NORMAL -20 PTCLDY (SCALE 4-7) 4
TOTAL FM JUL 1 15 CLOUDY (SCALE 8-10) 2
DPTR FM NORMAL -16
[CDD (BASE 65) ]
TOTAL THIS MO. 275
DPTR FM NORMAL 19 [PRESSURE DATA]
TOTAL FM JAN 1 754 HIGHEST SLP 30.27 ON 25
DPTR FM NORMAL 91 LOWEST SLP 29.48 ON 18
[REMARKS]
#FINAL-08-23#