000
CXUS54 KSHV 011300
CF6MLU
PRELIMINARY LOCAL CLIMATOLOGICAL DATA (WS FORM: F-6)
STATION: MONROE
MONTH: AUGUST
YEAR: 2021
LATITUDE: 32 30 N
LONGITUDE: 92 2 W
TEMPERATURE IN F: :PCPN: SNOW: WIND :SUNSHINE: SKY :PK WND
================================================================================
1 2 3 4 5 6A 6B 7 8 9 10 11 12 13 14 15 16 17 18
12Z AVG MX 2MIN
DY MAX MIN AVG DEP HDD CDD WTR SNW DPTH SPD SPD DIR MIN PSBL S-S WX SPD DR
================================================================================
1 97 77 87 4 0 22 1.19 0.0 0 5.0 28 240 M M 2 138 40 230
2 89 75 82 -1 0 17 1.75 0.0 0 3.9 18 150 M M 6 138 26 170
3 89 73 81 -2 0 16 0.07 0.0 0 7.1 17 50 M M 5 18 21 60
4 89 70 80 -3 0 15 0.00 0.0 0 5.7 12 50 M M 1 8 21 30
5 90 67 79 -4 0 14 0.00 0.0 0 2.8 12 360 M M 1 15 10
6 91 71 81 -2 0 16 T 0.0 0 1.7 10 20 M M 1 18 13 20
7 92 69 81 -2 0 16 0.00 0.0 0 2.7 9 200 M M 0 18 12 180
8 95 73 84 1 0 19 0.00 0.0 0 5.3 14 220 M M 3 1 19 210
9 94 77 86 3 0 21 0.00 0.0 0 6.4 14 210 M M 2 19 240
10 96 75 86 3 0 21 0.00 0.0 0 4.5 12 210 M M 1 19 230
11 95 76 86 3 0 21 0.00 0.0 0 4.6 13 180 M M 2 17 190
12 95 73 84 1 0 19 0.00 0.0 0 3.5 9 150 M M 1 14 150
13 96 74 85 2 0 20 0.00 0.0 0 3.2 8 160 M M 2 11 190
14 94 72 83 0 0 18 1.41 0.0 0 3.5 24 330 M M 3 13 30 340
15 92 71 82 -1 0 17 T 0.0 0 4.7 14 80 M M 5 13 17 70
16 93 74 84 1 0 19 0.01 0.0 0 2.1 12 10 M M 5 1 15 20
17 93 74 84 1 0 19 0.05 0.0 0 2.5 14 150 M M 2 13 24 150
18 94 75 85 2 0 20 1.16 0.0 0 3.2 20 270 M M 3 13 24 260
19 92 75 84 2 0 19 1.36 0.0 0 2.8 30 250 M M 5 123 40 260
20 93 76 85 3 0 20 0.00 0.0 0 3.4 14 220 M M 3 18 17 220
21 94 74 84 2 0 19 0.00 0.0 0 5.4 16 270 M M 1 8 20 270
22 96 77 87 5 0 22 0.02 0.0 0 5.6 24 350 M M 1 3 30 350
23 98 76 87 5 0 22 0.00 0.0 0 2.6 9 340 M M 1 1 12 320
24 98 78 88 6 0 23 0.00 0.0 0 2.8 10 50 M M 1 1 14 160
25 99 78 89 7 0 24 0.00 0.0 0 2.4 13 50 M M 2 1 15 50
26 96 76 86 4 0 21 0.12 0.0 0 3.2 13 160 M M 2 38 19 30
27 95 74 85 3 0 20 T 0.0 0 5.4 15 120 M M 2 26 120
28 94 73 84 3 0 19 0.40 0.0 0 4.5 15 140 M M 2 13 24 160
29 94 74 84 3 0 19 0.06 0.0 0 8.9 20 40 M M 2 1 28 40
30 80 75 78 -3 0 13 0.59 0.0 0 16.0 26 30 M M 9 1 36 40
31 94 72 83 2 0 18 0.00 0.0 0 5.5 15 330 M M 1 18 330
================================================================================
SM 2897 2294 0 589 8.19 0.0 140.9 M 77
================================================================================
AV 93.5 74.0 4.5 FASTST M M 2 MAX(MPH)
MISC ----> 30 250 # 40 230
================================================================================
NOTES:
# LAST OF SEVERAL OCCURRENCES
COLUMN 17 PEAK WIND IN M.P.H.
PRELIMINARY LOCAL CLIMATOLOGICAL DATA (WS FORM: F-6) , PAGE 2
STATION: MONROE
MONTH: AUGUST
YEAR: 2021
LATITUDE: 32 30 N
LONGITUDE: 92 2 W
[TEMPERATURE DATA] [PRECIPITATION DATA] SYMBOLS USED IN COLUMN 16
AVERAGE MONTHLY: 83.7 TOTAL FOR MONTH: 8.19 1 = FOG OR MIST
DPTR FM NORMAL: 1.2 DPTR FM NORMAL: 4.63 2 = FOG REDUCING VISIBILITY
HIGHEST: 99 ON 25 GRTST 24HR 2.53 ON 1- 2 TO 1/4 MILE OR LESS
LOWEST: 67 ON 5 3 = THUNDER
SNOW, ICE PELLETS, HAIL 4 = ICE PELLETS
TOTAL MONTH: 0.0 INCH 5 = HAIL
GRTST 24HR 0.0 6 = FREEZING RAIN OR DRIZZLE
GRTST DEPTH: 0 7 = DUSTSTORM OR SANDSTORM:
VSBY 1/2 MILE OR LESS
8 = SMOKE OR HAZE
[NO. OF DAYS WITH] [WEATHER - DAYS WITH] 9 = BLOWING SNOW
X = TORNADO
MAX 32 OR BELOW: 0 0.01 INCH OR MORE: 13
MAX 90 OR ABOVE: 27 0.10 INCH OR MORE: 8
MIN 32 OR BELOW: 0 0.50 INCH OR MORE: 6
MIN 0 OR BELOW: 0 1.00 INCH OR MORE: 5
[HDD (BASE 65) ]
TOTAL THIS MO. 0 CLEAR (SCALE 0-3) 24
DPTR FM NORMAL 0 PTCLDY (SCALE 4-7) 6
TOTAL FM JUL 1 0 CLOUDY (SCALE 8-10) 1
DPTR FM NORMAL 0
[CDD (BASE 65) ]
TOTAL THIS MO. 589
DPTR FM NORMAL 47 [PRESSURE DATA]
TOTAL FM JAN 1 2026 HIGHEST SLP 30.18 ON 14
DPTR FM NORMAL 48 LOWEST SLP 29.61 ON 30
[REMARKS]
#FINAL-08-21#