000
CXUS56 KPQR 011301
CF6MMV
PRELIMINARY LOCAL CLIMATOLOGICAL DATA (WS FORM: F-6)
STATION: MCMINNVILLE OR
MONTH: DECEMBER
YEAR: 2022
LATITUDE: 45 11 N
LONGITUDE: 123 8 W
TEMPERATURE IN F: :PCPN: SNOW: WIND :SUNSHINE: SKY :PK WND
================================================================================
1 2 3 4 5 6A 6B 7 8 9 10 11 12 13 14 15 16 17 18
12Z AVG MX 2MIN
DY MAX MIN AVG DEP HDD CDD WTR SNW DPTH SPD SPD DIR MIN PSBL S-S WX SPD DR
================================================================================
1 40 27 34 -8 31 0 0.13 M M 5.9 15 220 M M 6 1 19 220
2 46 27 37 -5 28 0 0.01 M M 4.0 21 180 M M 9 1 27 180
3 45 34 40 -2 25 0 0.00 M M 10.4 16 340 M M 2 20 330
4 38 33 36 -6 29 0 0.09 M M 6.4 16 350 M M 8 1 20 350
5 42 32 37 -4 28 0 0.00 M M 2.4 8 130 M M 8 12 10 140
6 42 36 39 -2 26 0 0.00 M M 0.4 5 140 M M 10 18 5 100
7 40 36 38 -3 27 0 T M M 3.4 9 160 M M 10 12 9 160
8 46 35 41 0 24 0 0.28 M M 6.8 20 190 M M 9 1 26 210
9 48 34 41 0 24 0 0.39 M M 11.9 37 180 M M 10 1 50 180
10 51 35 43 2 22 0 0.11 M M 14.1 35 180 M M 8 46 180
11 45 33 39 -1 26 0 T M M 2.9 8 250 M M 9 12 9 250
12 49 33 41 1 24 0 T M M 1.3 7 340 M M 9 1 7 350
13 43 31 37 -3 28 0 0.00 M M 1.4 7 330 M M 9 1 8 340
14 46 28 37 -3 28 0 0.00 M M 3.0 12 20 M M 3 1 14 20
15 48 28 38 -2 27 0 0.00 M M 7.5 15 340 M M 0 18 360
16 48 25 37 -3 28 0 0.00 M M 7.5 17 20 M M 0 23 30
17 40 20 30 -10 35 0 0.00 M M 1.3 6 150 M M 3 1 6 290
18 46 33 40 0 25 0 0.02 M M 7.1 16 260 M M 8 1 21 260
19 42 33 38 -2 27 0 0.01 M M 3.3 8 320 M M 8 1 9 320
20 49 35 42 2 23 0 0.21 M M 5.8 20 190 M M 10 1 24 190
21 42 25 34 -6 31 0 0.00 M M 6.3 18 40 M M 5 22 40
22 26 21 24 -16 41 0 0.10 M M 12.5 18 360 M M 8 1 22 10
23 30 21 26 -14 39 0 0.08 M M 2.5 12 360 M M 10 16 14 360
24 38 30 34 -6 31 0 0.37 M M 1.7 18 130 M M 10 12 21 130
25 48 36 42 2 23 0 0.16 M M 1.5 7 260 M M 10 12 8 250
26 58 44 51 11 14 0 1.61 M M 9.7 38 190 M M 10 1 49 170
27 57 42 50 10 15 0 1.17 M M 20.0 41 190 M M 9 1 52 230
28 49 38 44 4 21 0 T M M 6.8 15 190 M M 8 1 19 190
29 50 40 45 5 20 0 0.78 M M 6.4 21 210 M M 9 1 28 210
30 52 42 47 7 18 0 0.25 M M 6.9 17 220 M M 8 1 23 200
31 50 36 43 3 22 0 0.23 M M 3.6 9 190 M M 9 1 12 220
================================================================================
SM 1394 1003 810 0 6.00 M 184.7 M 235
================================================================================
AV 45.0 32.4 6.0 FASTST M M 8 MAX(MPH)
MISC ----> 41 190 52 230
================================================================================
NOTES:
# LAST OF SEVERAL OCCURRENCES
COLUMN 17 PEAK WIND IN M.P.H.
PRELIMINARY LOCAL CLIMATOLOGICAL DATA (WS FORM: F-6) , PAGE 2
STATION: MCMINNVILLE OR
MONTH: DECEMBER
YEAR: 2022
LATITUDE: 45 11 N
LONGITUDE: 123 8 W
[TEMPERATURE DATA] [PRECIPITATION DATA] SYMBOLS USED IN COLUMN 16
AVERAGE MONTHLY: 38.7 TOTAL FOR MONTH: 6.00 1 = FOG OR MIST
DPTR FM NORMAL: -1.8 DPTR FM NORMAL: -0.45 2 = FOG REDUCING VISIBILITY
HIGHEST: 58 ON 26 GRTST 24HR 2.15 ON 26-27 TO 1/4 MILE OR LESS
LOWEST: 20 ON 17 3 = THUNDER
SNOW, ICE PELLETS, HAIL 4 = ICE PELLETS
TOTAL MONTH: M 5 = HAIL
GRTST 24HR M ON M 6 = FREEZING RAIN OR DRIZZLE
GRTST DEPTH: M ON M 7 = DUSTSTORM OR SANDSTORM:
VSBY 1/2 MILE OR LESS
8 = SMOKE OR HAZE
[NO. OF DAYS WITH] [WEATHER - DAYS WITH] 9 = BLOWING SNOW
X = TORNADO
MAX 32 OR BELOW: 2 0.01 INCH OR MORE: 18
MAX 90 OR ABOVE: 0 0.10 INCH OR MORE: 13
MIN 32 OR BELOW: 12 0.50 INCH OR MORE: 3
MIN 0 OR BELOW: 0 1.00 INCH OR MORE: 2
[HDD (BASE 65) ]
TOTAL THIS MO. 810 CLEAR (SCALE 0-3) 5
DPTR FM NORMAL 49 PTCLDY (SCALE 4-7) 9
TOTAL FM JUL 1 1748 CLOUDY (SCALE 8-10) 17
DPTR FM NORMAL -145
[CDD (BASE 65) ]
TOTAL THIS MO. 0
DPTR FM NORMAL 0 [PRESSURE DATA]
TOTAL FM JAN 1 450 HIGHEST SLP 30.44 ON 15
DPTR FM NORMAL 166 LOWEST SLP 28.98 ON 27
[REMARKS]
#FINAL-12-22#