000
CXUS55 KBOU 010735
CF6MNH
PRELIMINARY LOCAL CLIMATOLOGICAL DATA (WS FORM: F-6)
STATION: ELBERT 6W CO
MONTH: AUGUST
YEAR: 2020
LATITUDE: 39 13 N
LONGITUDE: 104 38 W
TEMPERATURE IN F: :PCPN: SNOW: WIND :SUNSHINE: SKY :PK WND
================================================================================
1 2 3 4 5 6A 6B 7 8 9 10 11 12 13 14 15 16 17 18
12Z AVG MX 2MIN
DY MAX MIN AVG DEP HDD CDD WTR SNW DPTH SPD SPD DIR MIN PSBL S-S WX SPD DR
================================================================================
1 81 50 66 M 0 1 M M M 7.2 21 30 M M 2 29 30
2 79 54 67 M 0 2 M M M 8.0 15 180 M M 2 18 170
3 81 52 67 M 0 2 M M M 10.5 14 150 M M 1 17 130
4 86 55 71 M 0 6 M M M 11.6 18 110 M M 1 3 29 70
5 66 63 65 M 0 0 M M M 6.6 9 200 M M 5 M M
6 84 61 73 M 0 8 M M M 8.8 16 40 M M 3 3 20 150
7 88 55 72 M 0 7 M M M 9.7 14 160 M M 0 27 30
8 84 54 69 M 0 4 M M M 7.2 13 70 M M 0 21 200
9 86 59 73 M 0 8 M M M 8.1 14 110 M M 0 33 70
10 82 54 68 M 0 3 M M M 8.7 37 240 M M 1 45 240
11 88 57 73 M 0 8 M M M 8.1 16 170 M M 0 29 120
12 82 54 68 M 0 3 M M M 8.4 16 190 M M 2 20 190
13 86 46 66 M 0 1 M M M 7.9 13 160 M M 0 20 130
14 86 54 70 M 0 5 M M M 9.5 18 40 M M 1 25 60
15 84 54 69 M 0 4 M M M 8.6 18 120 M M 0 25 120
16 86 52 69 M 0 4 M M M 7.0 17 160 M M 1 3 23 160
17 86 55 71 M 0 6 M M M 12.9 18 170 M M 0 28 180
18 88 57 73 M 0 8 M M M 7.7 16 300 M M 0 21 340
19 86 54 70 M 0 5 M M M 8.3 21 150 M M 1 3 28 150
20 84 59 72 M 0 7 M M M 10.7 17 190 M M 1 3 25 190
21 82 54 68 M 0 3 M M M 7.4 13 30 M M 0 20 340
22 88 59 74 M 0 9 M M M 8.6 14 360 M M 0 20 30
23 88 55 72 M 0 7 M M M 7.2 14 180 M M 0 22 180
24 90 59 75 M 0 10 M M M 7.6 25 230 M M 1 31 230
25 88 61 75 M 0 10 M M M 8.6 18 240 M M 1 25 240
26 86 55 71 M 0 6 M M M 9.9 20 360 M M 2 3 28 20
27 86 55 71 M 0 6 M M M 5.9 9 150 M M 1 M M
28 72 54 63 M 2 0 M M M 10.9 20 360 M M 2 27 360
29 72 52 62 M 3 0 M M M 11.7 20 240 M M 2 3 24 240
30 82 50 66 M 0 1 M M M 8.5 21 360 M M 2 35 310
31 70 36 53 M 12 0 0.04 M 0 15.1 29 180 M M 4 3 38 190
================================================================================
SM 2577 1689 17 144 0.04 M 276.9 M 36
================================================================================
AV 83.1 54.5 8.9 FASTST M M 1 MAX(MPH)
MISC ----> # 37 240 # 45 240
================================================================================
NOTES:
# LAST OF SEVERAL OCCURRENCES
COLUMN 17 PEAK WIND IN M.P.H.
PRELIMINARY LOCAL CLIMATOLOGICAL DATA (WS FORM: F-6) , PAGE 2
STATION: ELBERT 6W CO
MONTH: AUGUST
YEAR: 2020
LATITUDE: 39 13 N
LONGITUDE: 104 38 W
[TEMPERATURE DATA] [PRECIPITATION DATA] SYMBOLS USED IN COLUMN 16
AVERAGE MONTHLY: 68.8 TOTAL FOR MONTH: 0.04 1 = FOG OR MIST
DPTR FM NORMAL: M DPTR FM NORMAL: M 2 = FOG REDUCING VISIBILITY
HIGHEST: 90 ON 24 GRTST 24HR 0.04 ON 31-31 TO 1/4 MILE OR LESS
LOWEST: 36 ON 31 3 = THUNDER
SNOW, ICE PELLETS, HAIL 4 = ICE PELLETS
TOTAL MONTH: M 5 = HAIL
GRTST 24HR M ON M 6 = FREEZING RAIN OR DRIZZLE
GRTST DEPTH: 0 7 = DUSTSTORM OR SANDSTORM:
VSBY 1/2 MILE OR LESS
8 = SMOKE OR HAZE
[NO. OF DAYS WITH] [WEATHER - DAYS WITH] 9 = BLOWING SNOW
X = TORNADO
MAX 32 OR BELOW: 0 0.01 INCH OR MORE: 1
MAX 90 OR ABOVE: 1 0.10 INCH OR MORE: 0
MIN 32 OR BELOW: 0 0.50 INCH OR MORE: 0
MIN 0 OR BELOW: 0 1.00 INCH OR MORE: 0
[HDD (BASE 65) ]
TOTAL THIS MO. 17 CLEAR (SCALE 0-3) 29
DPTR FM NORMAL M PTCLDY (SCALE 4-7) 2
TOTAL FM JUL 1 32 CLOUDY (SCALE 8-10) 0
DPTR FM NORMAL M
[CDD (BASE 65) ]
TOTAL THIS MO. 144
DPTR FM NORMAL M [PRESSURE DATA]
TOTAL FM JAN 1 270 HIGHEST SLP M ON M
DPTR FM NORMAL M LOWEST SLP M ON M
[REMARKS]
#FINAL-08-20#