000
CXUS56 KSTO 170106
CF6MOD
PRELIMINARY LOCAL CLIMATOLOGICAL DATA (WS FORM: F-6)
STATION: MODESTO CA
MONTH: FEBRUARY
YEAR: 2022
LATITUDE: 37 37 N
LONGITUDE: 120 57 W
TEMPERATURE IN F: :PCPN: SNOW: WIND :SUNSHINE: SKY :PK WND
================================================================================
1 2 3 4 5 6A 6B 7 8 9 10 11 12 13 14 15 16 17 18
12Z AVG MX 2MIN
DY MAX MIN AVG DEP HDD CDD WTR SNW DPTH SPD SPD DIR MIN PSBL S-S WX SPD DR
================================================================================
1 59 35 47 -2 18 0 0.00 0.0 M 13.5 26 310 M M 0 1 31 310
2 60 39 50 0 15 0 0.00 M M 14.5 23 330 M M 0 30 320
3 58 30 44 -6 21 0 0.00 M M 2.3 8 260 M M 0 8 10 270
4 64 32 48 -2 17 0 0.00 0.0 M 1.7 7 300 M M 0 18 8 330
5 63 34 49 -1 16 0 0.00 0.0 M 1.0 8 260 M M 0 18 10 320
6 65 32 49 -1 16 0 0.00 0.0 M 1.9 8 110 M M 0 1 8 280
7 68 34 51 1 14 0 0.00 M M 2.8 9 320 M M 0 18 15 300
8 70 34 52 1 13 0 0.00 M M 1.6 6 130 M M 0 18 8 230
9 71 35 53 2 12 0 0.00 M M 1.6 9 290 M M 0 1 11 320
10 74 36 55 4 10 0 0.00 M M 1.9 8 270 M M 0 1 11 300
11 74 40 57 6 8 0 0.00 0.0 M 2.0 7 340 M M 0 18 9 350
12 74 40 57 5 8 0 0.00 0.0 M 1.0 7 110 M M 0 18 9 170
13 76 40 58 6 7 0 0.00 0.0 M 0.6 6 260 M M 0 18 7 300
14 69 40 55 3 10 0 0.00 M M 7.0 20 290 M M 0 18 24 320
15 60 44 52 0 13 0 0.00 M M 15.4 26 320 M M 0 33 320
16 64 39 52 0 13 0 0.00 M M 6.5 20 310 M M 0 25 330
17 67 35 51 -1 14 0 0.00 0.0 M 1.1 7 120 M M 0 1 10 80
18 64 36 50 -3 15 0 0.00 0.0 M 1.0 8 320 M M 0 18 10 320
19 70 36 53 0 12 0 0.00 0.0 M 3.5 13 290 M M 0 18 16 290
20 68 35 52 -1 13 0 0.00 M M 4.2 14 360 M M 0 1 18 360
21 58 37 48 -5 17 0 0.00 0.0 M 8.2 21 320 M M 3 28 280
22 53 36 45 -9 20 0 0.01 M M 6.8 24 340 M M 6 29 290
23 54 31 43 -11 22 0 0.00 M M 10.5 23 320 M M 0 31 320
24 57 28 43 -11 22 0 0.00 M M 3.9 12 330 M M 0 15 160
25 59 30 45 -9 20 0 0.00 0.0 M 2.6 13 290 M M 0 14 290
26 62 31 47 -7 18 0 0.00 0.0 M 2.1 8 90 M M 0 18 10 90
27 69 40 55 1 10 0 0.00 0.0 M 6.3 15 320 M M 0 18 330
28 73 37 55 0 10 0 0.00 0.0 M 3.9 13 350 M M 0 20 320
================================================================================
SM 1823 996 404 0 0.01 0.0 129.4 M 9
================================================================================
AV 65.1 35.6 4.6 FASTST M M 0 MAX(MPH)
MISC ----> # 26 310 33 320
================================================================================
NOTES:
# LAST OF SEVERAL OCCURRENCES
COLUMN 17 PEAK WIND IN M.P.H.
PRELIMINARY LOCAL CLIMATOLOGICAL DATA (WS FORM: F-6) , PAGE 2
STATION: MODESTO CA
MONTH: FEBRUARY
YEAR: 2022
LATITUDE: 37 37 N
LONGITUDE: 120 57 W
[TEMPERATURE DATA] [PRECIPITATION DATA] SYMBOLS USED IN COLUMN 16
AVERAGE MONTHLY: 50.3 TOTAL FOR MONTH: 0.01 1 = FOG OR MIST
DPTR FM NORMAL: -1.7 DPTR FM NORMAL: -2.21 2 = FOG REDUCING VISIBILITY
HIGHEST: 76 ON 13 GRTST 24HR 0.01 ON 22-22 TO 1/4 MILE OR LESS
LOWEST: 28 ON 24 3 = THUNDER
SNOW, ICE PELLETS, HAIL 4 = ICE PELLETS
TOTAL MONTH: 0.0 INCH 5 = HAIL
GRTST 24HR 0.0 6 = FREEZING RAIN OR DRIZZLE
GRTST DEPTH: M ON M 7 = DUSTSTORM OR SANDSTORM:
VSBY 1/2 MILE OR LESS
8 = SMOKE OR HAZE
[NO. OF DAYS WITH] [WEATHER - DAYS WITH] 9 = BLOWING SNOW
X = TORNADO
MAX 32 OR BELOW: 0 0.01 INCH OR MORE: 1
MAX 90 OR ABOVE: 0 0.10 INCH OR MORE: 0
MIN 32 OR BELOW: 7 0.50 INCH OR MORE: 0
MIN 0 OR BELOW: 0 1.00 INCH OR MORE: 0
[HDD (BASE 65) ]
TOTAL THIS MO. 404 CLEAR (SCALE 0-3) 26
DPTR FM NORMAL 40 PTCLDY (SCALE 4-7) 2
TOTAL FM JUL 1 1855 CLOUDY (SCALE 8-10) 0
DPTR FM NORMAL 11
[CDD (BASE 65) ]
TOTAL THIS MO. 0
DPTR FM NORMAL 0 [PRESSURE DATA]
TOTAL FM JAN 1 0 HIGHEST SLP 30.46 ON 4
DPTR FM NORMAL 0 LOWEST SLP 29.82 ON 20
[REMARKS]
#FINAL-02-22#