000
CXUS53 KBIS 010930
CF6MOT
PRELIMINARY LOCAL CLIMATOLOGICAL DATA (WS FORM: F-6)
STATION: MINOT ND
MONTH: DECEMBER
YEAR: 2023
LATITUDE: 48 15 N
LONGITUDE: 101 16 W
TEMPERATURE IN F: :PCPN: SNOW: WIND :SUNSHINE: SKY :PK WND
================================================================================
1 2 3 4 5 6A 6B 7 8 9 10 11 12 13 14 15 16 17 18
12Z AVG MX 2MIN
DY MAX MIN AVG DEP HDD CDD WTR SNW DPTH SPD SPD DIR MIN PSBL S-S WX SPD DR
================================================================================
1 36 15 26 3 39 0 0.00 M M 7.6 17 150 M M 8 24 160
2 41 24 33 10 32 0 0.00 M M 9.8 18 170 M M 3 24 170
3 40 18 29 7 36 0 0.00 M M 6.8 15 310 M M 1 19 300
4 37 16 27 5 38 0 M M M 6.5 16 290 M M 8 1 21 290
5 42 20 31 9 34 0 0.00 M M 10.0 21 190 M M 3 1 31 160
6 55 30 43 22 22 0 0.00 M M 9.4 23 220 M M 0 28 220
7 53 25 39 18 26 0 0.00 M M 7.7 24 280 M M 0 1 32 280
8 38 27 33 13 32 0 M M M 23.8 36 320 M M 9 1 47 330
9 29 18 24 4 41 0 0.00 M M 18.3 29 310 M M 0 38 310
10 33 13 23 3 42 0 0.00 M M 4.7 13 180 M M 1 1 17 190
11 32 16 24 5 41 0 0.00 M M 21.4 36 290 M M 2 47 290
12 28 9 19 0 46 0 0.00 M M 11.5 28 290 M M 3 36 290
13 39 20 30 11 35 0 0.00 M M 14.8 26 210 M M 0 36 210
14 41 23 32 14 33 0 0.00 M M 8.6 23 210 M M 0 29 210
15 38 18 28 10 37 0 0.00 M M 9.1 15 320 M M 1 19 330
16 37 10 24 6 41 0 0.00 M M 9.4 21 290 M M 1 29 210
17 38 18 28 10 37 0 M M M 15.8 36 290 M M 4 1 45 300
18 33 8 21 4 44 0 0.00 M M 11.5 25 170 M M 0 36 160
19 33 27 30 13 35 0 0.00 M M 7.2 14 90 M M 5 17 80
20 34 23 29 12 36 0 0.00 M M 12.4 18 120 M M 6 26 150
21 45 23 34 17 31 0 0.00 M M 6.5 14 220 M M 0 25 230
22 46 21 34 18 31 0 0.00 M M 4.1 10 230 M M 0 1 15 310
23 47 22 35 19 30 0 0.00 M M 6.8 21 310 M M 1 1 29 310
24 32 16 24 8 41 0 T M M 18.3 25 290 M M 3 1 32 300
25 29 10 20 4 45 0 0.00 M M 6.9 13 310 M M 0 19 310
26 31 19 25 9 40 0 0.00 M M 11.6 16 310 M M 0 23 320
27 43 17 30 15 35 0 0.00 M M 6.9 14 290 M M 0 17 290
28 42 16 29 14 36 0 0.00 M M 9.3 16 210 M M 0 22 220
29 44 26 35 20 30 0 0.00 M M 15.2 24 280 M M 0 32 270
30 27 13 20 5 45 0 0.00 M M 13.4 21 320 M M 5 27 320
31 28 11 20 5 45 0 0.00 M M 6.1 16 190 M M 4 12 24 190
================================================================================
SM 1171 572 1136 0 T M 331.4 M 68
================================================================================
AV 37.8 18.5 10.7 FASTST M M 2 MAX(MPH)
MISC ----> # 36 320 # 47 330
================================================================================
NOTES:
# LAST OF SEVERAL OCCURRENCES
COLUMN 17 PEAK WIND IN M.P.H.
PRELIMINARY LOCAL CLIMATOLOGICAL DATA (WS FORM: F-6) , PAGE 2
STATION: MINOT ND
MONTH: DECEMBER
YEAR: 2023
LATITUDE: 48 15 N
LONGITUDE: 101 16 W
[TEMPERATURE DATA] [PRECIPITATION DATA] SYMBOLS USED IN COLUMN 16
AVERAGE MONTHLY: 28.1 TOTAL FOR MONTH: T 1 = FOG OR MIST
DPTR FM NORMAL: 9.8 DPTR FM NORMAL: -0.31 2 = FOG REDUCING VISIBILITY
HIGHEST: 55 ON 6 GRTST 24HR 0.09 ON 8- 8 TO 1/4 MILE OR LESS
LOWEST: 8 ON 18 3 = THUNDER
SNOW, ICE PELLETS, HAIL 4 = ICE PELLETS
TOTAL MONTH: M 5 = HAIL
GRTST 24HR M ON M 6 = FREEZING RAIN OR DRIZZLE
GRTST DEPTH: M ON M 7 = DUSTSTORM OR SANDSTORM:
VSBY 1/2 MILE OR LESS
8 = SMOKE OR HAZE
[NO. OF DAYS WITH] [WEATHER - DAYS WITH] 9 = BLOWING SNOW
X = TORNADO
MAX 32 OR BELOW: 8 0.01 INCH OR MORE: 0
MAX 90 OR ABOVE: 0 0.10 INCH OR MORE: 0
MIN 32 OR BELOW: 31 0.50 INCH OR MORE: 0
MIN 0 OR BELOW: 0 1.00 INCH OR MORE: 0
[HDD (BASE 65) ]
TOTAL THIS MO. 1136 CLEAR (SCALE 0-3) 21
DPTR FM NORMAL -313 PTCLDY (SCALE 4-7) 9
TOTAL FM JUL 1 2953 CLOUDY (SCALE 8-10) 1
DPTR FM NORMAL -383
[CDD (BASE 65) ]
TOTAL THIS MO. 0
DPTR FM NORMAL 0 [PRESSURE DATA]
TOTAL FM JAN 1 612 HIGHEST SLP 30.48 ON 15
DPTR FM NORMAL 60 LOWEST SLP 29.27 ON 7
[REMARKS]
#FINAL-12-23#