000
CXUS51 KPHI 011102
CLMMPO


CLIMATE REPORT
NATIONAL WEATHER SERVICE MOUNT HOLLY NJ
702 AM EDT WED JUN 1 2016

...................................

...THE POCONO_MNTS_MUNIL_AR CLIMATE SUMMARY FOR THE MONTH OF MAY 2016...

CLIMATE NORMAL PERIOD 1981 TO 2010
CLIMATE RECORD PERIOD 1901 TO 2016

WEATHER         OBSERVED          NORMAL  DEPART  LAST YEAR`S
                 VALUE   DATE(S)  VALUE   FROM    VALUE  DATE(S)
                                          NORMAL
................................................................
TEMPERATURE (F)
RECORD
 HIGH              94   05/22/1911
 LOW               18   05/15/1914
HIGHEST            85                MM      MM       83
LOWEST             29                MM      MM       34
AVG. MAXIMUM     63.4              65.2    -1.8     73.0
AVG. MINIMUM     42.6              45.0    -2.4     49.4
MEAN             53.0              55.1    -2.1     61.2
DAYS MAX >= 90      0               0.0     0.0        0
DAYS MAX <= 32      0               0.0     0.0        0
DAYS MIN <= 32      3               1.7     1.3        0
DAYS MIN <= 0       0               0.0     0.0        0

PRECIPITATION (INCHES)
RECORD
 MAXIMUM        10.58   1989
 MINIMUM         0.00   2013
                        1930
TOTALS           5.91              4.39    1.52     2.42
DAILY AVG.       0.19              0.14    0.05     0.08
DAYS >= .01        16                MM      MM        9
DAYS >= .10        11                MM      MM        5
DAYS >= .50         5                MM      MM        1
DAYS >= 1.00        2                MM      MM        1
GREATEST
 24 HR. TOTAL    1.30   05/30 TO 05/30              1.70

SNOWFALL (INCHES)
RECORDS
 TOTAL             MM   5
 24 HR TOTAL       MM
TOTALS             MM                MM      MM       MM
SINCE 7/1          MM                MM      MM       MM
SNOWDEPTH AVG.     MM                MM      MM       MM
DAYS >= 1.0         0                MM      MM        0
GREATEST
 SNOW DEPTH        MM                                 MM  MM
 24 HR TOTAL       MM                                 MM

DEGREE_DAYS
HEATING TOTAL     394               322      72      168
 SINCE 7/1       6052              7016    -964     7294
COOLING TOTAL      29                15      14       57
 SINCE 1/1         29                19      10       57
.................................................................

WIND (MPH)
AVERAGE WIND SPEED              7.7
HIGHEST WIND SPEED/DIRECTION    32/280    DATE  05/15
HIGHEST GUST SPEED/DIRECTION    43/280    DATE  05/15

SKY COVER
POSSIBLE SUNSHINE (PERCENT)    0
AVERAGE SKY COVER           0.50
NUMBER OF DAYS FAIR           13
NUMBER OF DAYS PC              7
NUMBER OF DAYS CLOUDY         11

AVERAGE RH (PERCENT)     70

WEATHER CONDITIONS. NUMBER OF DAYS WITH
THUNDERSTORM              0     MIXED PRECIP               0
HEAVY RAIN                5     RAIN                       8
LIGHT RAIN               17     FREEZING RAIN              0
LT FREEZING RAIN          0     HEAVY SNOW                 0
SNOW                      0     LIGHT SNOW                 1
SLEET                     0     FOG                       17
FOG W/VIS <= 1/4 MILE     9     HAZE                       1

-  INDICATES NEGATIVE NUMBERS.
R  INDICATES RECORD WAS SET OR TIED.
MM INDICATES DATA IS MISSING.
T  INDICATES TRACE AMOUNT.

$$
