138
CXUS51 KPHI 011044
CLMMPO


CLIMATE REPORT
NATIONAL WEATHER SERVICE MOUNT HOLLY NJ
644 AM EDT THU SEP 1 2016

...................................

...THE POCONO_MNTS_MUNIL_AR CLIMATE SUMMARY FOR THE MONTH OF AUGUST 2016...

CLIMATE NORMAL PERIOD 1981 TO 2010
CLIMATE RECORD PERIOD 1901 TO 2016

WEATHER         OBSERVED          NORMAL  DEPART  LAST YEAR`S
                 VALUE   DATE(S)  VALUE   FROM    VALUE  DATE(S)
                                          NORMAL
................................................................
TEMPERATURE (F)
RECORD
 HIGH              95   08/14/1911
                        08/08/1909
 LOW               31   08/30/1986
HIGHEST            88                MM      MM       86
LOWEST             45                MM      MM       47
AVG. MAXIMUM     78.3              76.4     1.9     77.4
AVG. MINIMUM     58.6              57.0     1.6     56.0
MEAN             68.5              66.7     1.8     66.7
DAYS MAX >= 90      0               0.1    -0.1        0
DAYS MAX <= 32      0               0.0     0.0        0
DAYS MIN <= 32      0               0.0     0.0        0
DAYS MIN <= 0       0               0.0     0.0        0

PRECIPITATION (INCHES)
RECORD
 MAXIMUM        23.66   1955
 MINIMUM         0.64   1914
TOTALS           3.93              4.46   -0.53     5.19
DAILY AVG.       0.13              0.14   -0.01     0.17
DAYS >= .01        12                MM      MM        9
DAYS >= .10         9                MM      MM        6
DAYS >= .50         3                MM      MM        2
DAYS >= 1.00        1                MM      MM        2
GREATEST
 24 HR. TOTAL    2.04   07/31 TO 08/01              2.13

SNOWFALL (INCHES)
RECORDS
 TOTAL             MM   5
 24 HR TOTAL       MM
TOTALS             MM                MM      MM       MM
SINCE 7/1          MM                MM      MM       MM
SNOWDEPTH AVG.     MM                MM      MM       MM
DAYS >= 1.0         0                MM      MM        0
GREATEST
 SNOW DEPTH        MM                                 MM  MM
 24 HR TOTAL       MM                                 MM

DEGREE_DAYS
HEATING TOTAL      16                41     -25       28
 SINCE 7/1         32                63     -31       41
COOLING TOTAL     130                94      36       89
 SINCE 1/1        346               296      50      340
.................................................................

WIND (MPH)
AVERAGE WIND SPEED              6.6
HIGHEST WIND SPEED/DIRECTION    24/310    DATE  08/22
HIGHEST GUST SPEED/DIRECTION    35/340    DATE  08/22

SKY COVER
POSSIBLE SUNSHINE (PERCENT)   MM
AVERAGE SKY COVER           0.30
NUMBER OF DAYS FAIR           19
NUMBER OF DAYS PC             10
NUMBER OF DAYS CLOUDY          2

AVERAGE RH (PERCENT)     76

WEATHER CONDITIONS. NUMBER OF DAYS WITH
THUNDERSTORM              0     MIXED PRECIP               0
HEAVY RAIN                6     RAIN                       9
LIGHT RAIN               16     FREEZING RAIN              0
LT FREEZING RAIN          0     HEAVY SNOW                 0
SNOW                      0     LIGHT SNOW                 0
SLEET                     0     FOG                       16
FOG W/VIS <= 1/4 MILE     2     HAZE                       5

-  INDICATES NEGATIVE NUMBERS.
R  INDICATES RECORD WAS SET OR TIED.
MM INDICATES DATA IS MISSING.
T  INDICATES TRACE AMOUNT.

$$
