000
CXUS51 KPHI 011302
CLMMPO


CLIMATE REPORT
NATIONAL WEATHER SERVICE MOUNT HOLLY NJ
801 AM EST WED FEB 1 2017

...................................

...THE MOUNT POCONO PA CLIMATE SUMMARY FOR THE MONTH OF JANUARY 2017...

CLIMATE NORMAL PERIOD 1981 TO 2010
CLIMATE RECORD PERIOD 1901 TO 2017

WEATHER         OBSERVED          NORMAL  DEPART  LAST YEAR`S
                 VALUE   DATE(S)  VALUE   FROM    VALUE
                                          NORMAL
.............................................................
TEMPERATURE (F)
RECORD
 HIGH              69   01/26/1950
 LOW              -35   01/14/1912
HIGHEST            55                MM      MM       54
LOWEST              2                MM      MM       -1
AVG. MAXIMUM     33.8              30.7     3.1     32.6
AVG. MINIMUM     21.4              15.8     5.6     15.9
MEAN             27.6              23.2     4.4     24.3
DAYS MAX >= 90      0               0.0     0.0        0
DAYS MAX <= 32     14              17.6    -3.6       17
DAYS MIN <= 32     28              28.9    -0.9       31
DAYS MIN <= 0       0               2.2    -2.2        2

PRECIPITATION (INCHES)
RECORD
 MAXIMUM        10.45   1979
 MINIMUM         0.61   1990
TOTALS           2.93              2.85    0.08     3.23
DAILY AVG.       0.09              0.09    0.00     0.10
DAYS >= .01        15                MM      MM        9
DAYS >= .10         7                MM      MM        3
DAYS >= .50         1                MM      MM        2
DAYS >= 1.00        0                MM      MM        1
GREATEST
 24 HR. TOTAL    1.03   01/23 TO 01/24              2.42

DEGREE_DAYS
HEATING TOTAL    1151              1294    -143     1253
 SINCE 7/1       3694              4031    -337     3231
COOLING TOTAL       0                 0       0        0
 SINCE 1/1          0                 0       0        0
..............................................................

WIND (MPH)
AVERAGE WIND SPEED              10.2
HIGHEST WIND SPEED/DIRECTION    31/280    DATE  01/26
HIGHEST GUST SPEED/DIRECTION    44/310    DATE  01/25

SKY COVER
POSSIBLE SUNSHINE (PERCENT)   MM
AVERAGE SKY COVER           0.70
NUMBER OF DAYS FAIR            5
NUMBER OF DAYS PC             13
NUMBER OF DAYS CLOUDY         13

AVERAGE RH (PERCENT)     76

WEATHER CONDITIONS. NUMBER OF DAYS WITH
THUNDERSTORM              0     MIXED PRECIP               0
HEAVY RAIN                0     RAIN                       3
LIGHT RAIN                9     FREEZING RAIN              6
LT FREEZING RAIN          7     HEAVY SNOW                 0
SNOW                      0     LIGHT SNOW                13
SLEET                     3     FOG                       18
FOG W/VIS <= 1/4 MILE     8     HAZE                       0

-  INDICATES NEGATIVE NUMBERS.
R  INDICATES RECORD WAS SET OR TIED.
MM INDICATES DATA IS MISSING.
T  INDICATES TRACE AMOUNT.

$$
