000
CXUS51 KBTV 010700
CF6MPV
PRELIMINARY LOCAL CLIMATOLOGICAL DATA (WS FORM: F-6)
STATION: MONTPELIER VT
MONTH: JUNE
YEAR: 2023
LATITUDE: 44 12 N
LONGITUDE: 72 34 W
TEMPERATURE IN F: :PCPN: SNOW: WIND :SUNSHINE: SKY :PK WND
================================================================================
1 2 3 4 5 6A 6B 7 8 9 10 11 12 13 14 15 16 17 18
12Z AVG MX 2MIN
DY MAX MIN AVG DEP HDD CDD WTR SNW DPTH SPD SPD DIR MIN PSBL S-S WX SPD DR
================================================================================
1 90 50 70 12 0 5 0.00 M M 2.5 14 40 M M 0 17 360
2 86 55 71 13 0 6 0.29 M M 4.8 22 30 M M 3 13 38 30
3 62 44 53 -5 12 0 0.03 M M 6.0 15 20 M M 10 1 21 10
4 55 42 49 -10 16 0 0.05 M M 5.0 16 40 M M 9 21 40
5 65 43 54 -5 11 0 0.00 M M 4.9 16 20 M M 7 1 22 10
6 66 43 55 -4 10 0 T M M 7.6 21 340 M M 5 8 28 340
7 53 47 50 -10 15 0 0.05 M M 6.2 13 310 M M 10 1 16 300
8 59 47 53 -7 12 0 0.16 M M 2.9 13 330 M M 10 1 16 330
9 64 49 57 -3 8 0 0.25 M M 3.0 8 310 M M 9 12 M M
10 67 47 57 -3 8 0 0.13 M M 4.2 15 330 M M 6 12 20 340
11 77 43 60 -1 5 0 0.00 M M 1.7 10 190 M M 4 12 15 240
12 81 56 69 8 0 4 0.07 M M 5.3 21 180 M M 4 1 25 180
13 72 60 66 5 0 1 0.88 M M 5.8 14 330 M M 10 18 17 340
14 74 55 65 3 0 0 0.37 M M 2.7 21 180 M M 8 123 29 190
15 73 55 64 2 1 0 T M M 3.9 18 320 M M 8 123 29 300
16 74 52 63 1 2 0 0.41 M M 2.3 22 180 M M 5 123 24 170
17 61 57 59 -3 6 0 0.81 M M 3.9 9 340 M M 10 123 12 340
18 59 48 54 -9 11 0 T M M 6.2 16 310 M M 9 1 21 300
19 71 49 60 -3 5 0 0.00 M M 1.9 8 350 M M 7 1 11 20
20 76 52 64 1 1 0 0.00 M M 3.0 12 30 M M 5 12 15 20
21 77 52 65 2 0 0 0.00 M M 4.2 14 160 M M 4 12 18 160
22 80 49 65 1 0 0 0.00 M M 3.1 12 180 M M 1 12 15 180
23 83 49 66 2 0 1 0.00 M M 3.1 10 170 M M 2 13 100
24 74 66 70 6 0 5 0.10 M M 3.8 14 170 M M 9 1 18 150
25 82 63 73 9 0 8 T M M 2.3 9 40 M M 7 128 12 50
26 81 66 74 10 0 9 0.39 M M 7.5 22 160 M M 8 123 32 170
27 75 64 70 5 0 5 0.25 M M 5.8 14 170 M M 8 1 19 180
28 76 60 68 3 0 3 0.45 M M 5.6 14 160 M M 8 13 17 160
29 72 59 66 1 0 1 0.00 M M 1.4 8 300 M M 9 12 10 290
30 82 59 71 6 0 6 0.00 M M 2.1 12 170 M M 6 12 14 170
================================================================================
SM 2167 1581 123 54 4.69 M 122.7 M 201
================================================================================
AV 72.2 52.7 4.1 FASTST M M 7 MAX(MPH)
MISC ----> # 22 30 38 30
================================================================================
NOTES:
# LAST OF SEVERAL OCCURRENCES
COLUMN 17 PEAK WIND IN M.P.H.
PRELIMINARY LOCAL CLIMATOLOGICAL DATA (WS FORM: F-6) , PAGE 2
STATION: MONTPELIER VT
MONTH: JUNE
YEAR: 2023
LATITUDE: 44 12 N
LONGITUDE: 72 34 W
[TEMPERATURE DATA] [PRECIPITATION DATA] SYMBOLS USED IN COLUMN 16
AVERAGE MONTHLY: 62.5 TOTAL FOR MONTH: 4.69 1 = FOG OR MIST
DPTR FM NORMAL: 0.7 DPTR FM NORMAL: 0.48 2 = FOG REDUCING VISIBILITY
HIGHEST: 90 ON 1 GRTST 24HR 1.19 ON 16-17 TO 1/4 MILE OR LESS
LOWEST: 42 ON 4 3 = THUNDER
SNOW, ICE PELLETS, HAIL 4 = ICE PELLETS
TOTAL MONTH: M 5 = HAIL
GRTST 24HR M ON M 6 = FREEZING RAIN OR DRIZZLE
GRTST DEPTH: M ON M 7 = DUSTSTORM OR SANDSTORM:
VSBY 1/2 MILE OR LESS
8 = SMOKE OR HAZE
[NO. OF DAYS WITH] [WEATHER - DAYS WITH] 9 = BLOWING SNOW
X = TORNADO
MAX 32 OR BELOW: 0 0.01 INCH OR MORE: 16
MAX 90 OR ABOVE: 1 0.10 INCH OR MORE: 12
MIN 32 OR BELOW: 0 0.50 INCH OR MORE: 2
MIN 0 OR BELOW: 0 1.00 INCH OR MORE: 0
[HDD (BASE 65) ]
TOTAL THIS MO. 123 CLEAR (SCALE 0-3) 4
DPTR FM NORMAL -13 PTCLDY (SCALE 4-7) 14
TOTAL FM JUL 1 6846 CLOUDY (SCALE 8-10) 12
DPTR FM NORMAL -1502
[CDD (BASE 65) ]
TOTAL THIS MO. 54
DPTR FM NORMAL 13 [PRESSURE DATA]
TOTAL FM JAN 1 57 HIGHEST SLP M ON M
DPTR FM NORMAL 7 LOWEST SLP 29.51 ON 14
[REMARKS]
#FINAL-06-23#