000
CXUS51 KLWX 010737
CF6MRB
PRELIMINARY LOCAL CLIMATOLOGICAL DATA (WS FORM: F-6)
STATION: MARTINSBURG WV
MONTH: APRIL
YEAR: 2022
LATITUDE: 39 24 N
LONGITUDE: 77 58 W
TEMPERATURE IN F: :PCPN: SNOW: WIND :SUNSHINE: SKY :PK WND
================================================================================
1 2 3 4 5 6A 6B 7 8 9 10 11 12 13 14 15 16 17 18
12Z AVG MX 2MIN
DY MAX MIN AVG DEP HDD CDD WTR SNW DPTH SPD SPD DIR MIN PSBL S-S WX SPD DR
================================================================================
1 57 41 49 1 16 0 0.01 M M 17.2 33 290 M M 7 43 280
2 55 34 45 -4 20 0 0.00 M M 5.0 20 300 M M 2 26 290
3 54 39 47 -2 18 0 T M M 11.8 30 300 M M 8 36 310
4 53 28 41 -9 24 0 0.00 M M 3.2 13 310 M M 5 16 290
5 56 41 49 -1 16 0 0.74 M M 4.0 12 20 M M 9 1 19 20
6 59 48 54 4 11 0 0.27 M M 6.1 14 10 M M 9 18 21 140
7 54 44 49 -2 16 0 0.71 M M 5.5 14 330 M M 10 13 20 110
8 61 36 49 -2 16 0 0.02 M M 6.6 28 250 M M 5 40 300
9 53 40 47 -4 18 0 T M M 9.9 21 260 M M 9 28 280
10 53 33 43 -9 22 0 T M M 10.3 25 290 M M 6 33 300
11 67 29 48 -4 17 0 0.00 M M 5.0 16 140 M M 1 20 140
12 77 50 64 12 1 0 0.00 M M 5.8 22 280 M M 6 28 290
13 86 50 68 15 0 3 0.00 M M 6.3 18 220 M M 1 26 120
14 77 49 63 10 2 0 0.00 M M 12.0 29 280 M M 4 36 280
15 71 35 53 -1 12 0 0.00 M M 8.0 20 160 M M 0 28 160
16 78 52 65 11 0 0 T M M 9.9 26 290 M M 2 35 320
17 56 37 47 -7 18 0 0.00 M M 9.0 20 320 M M 5 24 350
18 41 32 37 -18 28 0 0.84 M M 3.5 14 140 M M 7 12 19 140
19 49 34 42 -13 23 0 T M M 15.9 33 260 M M 7 1 44 270
20 59 32 46 -9 19 0 0.00 M M 5.1 20 270 M M 2 25 270
21 59 42 51 -5 14 0 0.06 M M 3.2 14 140 M M 5 1 17 140
22 75 40 58 2 7 0 0.00 M M 4.4 14 10 M M 2 12 21 340
23 77 47 62 6 3 0 0.00 M M 4.8 14 140 M M 2 20 150
24 84 50 67 10 0 2 0.00 M M 4.3 13 100 M M 0 16 120
25 71 49 60 3 5 0 0.00 M M 4.9 14 90 M M 2 19 110
26 63 51 57 0 8 0 0.05 M M 5.2 24 290 M M 7 18 31 280
27 59 40 50 -8 15 0 0.00 M M 13.6 26 290 M M 2 40 320
28 59 34 47 -11 18 0 0.00 M M 13.4 22 320 M M 3 33 310
29 67 32 50 -8 15 0 0.00 M M 3.5 14 350 M M 0 17 350
30 68 36 52 -6 13 0 0.00 M M 2.6 9 30 M M 0 11 20
================================================================================
SM 1898 1205 395 5 2.70 M 220.0 M 128
================================================================================
AV 63.3 40.2 7.3 FASTST M M 4 MAX(MPH)
MISC ----> # 33 290 44 270
================================================================================
NOTES:
# LAST OF SEVERAL OCCURRENCES
COLUMN 17 PEAK WIND IN M.P.H.
PRELIMINARY LOCAL CLIMATOLOGICAL DATA (WS FORM: F-6) , PAGE 2
STATION: MARTINSBURG WV
MONTH: APRIL
YEAR: 2022
LATITUDE: 39 24 N
LONGITUDE: 77 58 W
[TEMPERATURE DATA] [PRECIPITATION DATA] SYMBOLS USED IN COLUMN 16
AVERAGE MONTHLY: 51.7 TOTAL FOR MONTH: 2.70 1 = FOG OR MIST
DPTR FM NORMAL: -1.9 DPTR FM NORMAL: -0.66 2 = FOG REDUCING VISIBILITY
HIGHEST: 86 ON 13 GRTST 24HR 0.99 ON 5- 6 TO 1/4 MILE OR LESS
LOWEST: 28 ON 4 3 = THUNDER
SNOW, ICE PELLETS, HAIL 4 = ICE PELLETS
TOTAL MONTH: M 5 = HAIL
GRTST 24HR M ON M 6 = FREEZING RAIN OR DRIZZLE
GRTST DEPTH: M ON M 7 = DUSTSTORM OR SANDSTORM:
VSBY 1/2 MILE OR LESS
8 = SMOKE OR HAZE
[NO. OF DAYS WITH] [WEATHER - DAYS WITH] 9 = BLOWING SNOW
X = TORNADO
MAX 32 OR BELOW: 0 0.01 INCH OR MORE: 8
MAX 90 OR ABOVE: 0 0.10 INCH OR MORE: 4
MIN 32 OR BELOW: 5 0.50 INCH OR MORE: 3
MIN 0 OR BELOW: 0 1.00 INCH OR MORE: 0
[HDD (BASE 65) ]
TOTAL THIS MO. 395 CLEAR (SCALE 0-3) 14
DPTR FM NORMAL 41 PTCLDY (SCALE 4-7) 12
TOTAL FM JUL 1 4458 CLOUDY (SCALE 8-10) 4
DPTR FM NORMAL -330
[CDD (BASE 65) ]
TOTAL THIS MO. 5
DPTR FM NORMAL -7 [PRESSURE DATA]
TOTAL FM JAN 1 6 HIGHEST SLP 30.45 ON 22
DPTR FM NORMAL -7 LOWEST SLP 29.53 ON 1
[REMARKS]
#FINAL-04-22#