000
CXUS51 KLWX 011744
CF6MRB
PRELIMINARY LOCAL CLIMATOLOGICAL DATA (WS FORM: F-6)
STATION: MARTINSBURG WV
MONTH: MARCH
YEAR: 2021
LATITUDE: 39 24 N
LONGITUDE: 77 58 W
TEMPERATURE IN F: :PCPN: SNOW: WIND :SUNSHINE: SKY :PK WND
================================================================================
1 2 3 4 5 6A 6B 7 8 9 10 11 12 13 14 15 16 17 18
12Z AVG MX 2MIN
DY MAX MIN AVG DEP HDD CDD WTR SNW DPTH SPD SPD DIR MIN PSBL S-S WX SPD DR
================================================================================
1 49 34 42 5 23 0 0.22 M M 12.3 33 300 M M 7 12 43 300
2 44 25 35 -2 30 0 0.00 M M 7.9 28 300 M M 1 8 38 310
3 59 20 40 2 25 0 0.00 M M 6.6 21 260 M M 0 24 290
4 50 29 40 2 25 0 0.00 M M 12.9 28 310 M M 5 36 310
5 39 23 31 -7 34 0 0.00 M M 14.6 28 310 M M 1 35 310
6 43 23 33 -6 32 0 0.00 M M 8.1 22 280 M M 3 29 280
7 47 16 32 -7 33 0 0.00 M M 4.6 15 290 M M 0 21 340
8 57 14 36 -3 29 0 0.00 M M 2.5 10 330 M M 0 14 330
9 69 32 51 11 14 0 0.00 M M 7.4 22 250 M M 2 27 240
10 69 31 50 10 15 0 0.00 M M 3.3 13 140 M M 0 19 200
11 78 38 58 18 7 0 T M M 6.5 26 290 M M 2 30 290
12 70 51 61 21 4 0 0.01 M M 11.7 23 290 M M 4 30 290
13 60 39 50 9 15 0 0.00 M M 9.8 25 310 M M 0 32 320
14 61 37 49 8 16 0 0.00 M M 15.1 32 290 M M 0 44 300
15 45 27 36 -6 29 0 0.00 M M 7.2 21 320 M M 1 28 340
16 47 38 43 1 22 0 0.01 M M 7.8 16 150 M M 10 20 140
17 46 39 43 1 22 0 0.00 M M 3.2 10 150 M M 10 12 14 160
18 51 42 47 4 18 0 0.65 M M 8.5 21 20 M M 10 1 28 10
19 49 27 38 -5 27 0 T M M 12.0 24 10 M M 2 8 32 350
20 56 27 42 -1 23 0 0.00 M M 3.7 12 20 M M 0 14 20
21 62 22 42 -2 23 0 0.00 M M 2.0 9 150 M M 0 12 130
22 64 29 47 3 18 0 0.00 M M 2.4 12 110 M M 0 15 100
23 65 32 49 5 16 0 0.00 M M 3.0 8 140 M M 6 11 120
24 57 51 54 9 11 0 0.08 M M 1.9 7 90 M M 10 128 9 20
25 66 53 60 15 5 0 T M M 4.5 15 160 M M 8 12 21 140
26 77 50 64 18 1 0 T M M 12.7 37 270 M M 2 8 49 270
27 70 38 54 8 11 0 0.00 M M 4.5 15 170 M M 0 20 150
28 69 44 57 11 8 0 0.44 M M 11.7 40 280 M M 6 13 53 300
29 58 35 47 0 18 0 0.00 M M 10.0 32 280 M M 3 41 290
30 69 29 49 2 16 0 0.00 M M 7.0 20 150 M M 0 29 140
31 61 42 52 5 13 0 0.56 M M 4.3 23 340 M M 6 1 31 350
================================================================================
SM 1807 1037 583 0 1.97 M 229.7 M 99
================================================================================
AV 58.3 33.5 7.4 FASTST M M 3 MAX(MPH)
MISC ----> 40 280 53 300
================================================================================
NOTES:
# LAST OF SEVERAL OCCURRENCES
COLUMN 17 PEAK WIND IN M.P.H.
PRELIMINARY LOCAL CLIMATOLOGICAL DATA (WS FORM: F-6) , PAGE 2
STATION: MARTINSBURG WV
MONTH: MARCH
YEAR: 2021
LATITUDE: 39 24 N
LONGITUDE: 77 58 W
[TEMPERATURE DATA] [PRECIPITATION DATA] SYMBOLS USED IN COLUMN 16
AVERAGE MONTHLY: 45.9 TOTAL FOR MONTH: 1.97 1 = FOG OR MIST
DPTR FM NORMAL: 3.9 DPTR FM NORMAL: -1.55 2 = FOG REDUCING VISIBILITY
HIGHEST: 78 ON 11 GRTST 24HR 0.65 ON 18-18 TO 1/4 MILE OR LESS
LOWEST: 14 ON 8 3 = THUNDER
SNOW, ICE PELLETS, HAIL 4 = ICE PELLETS
TOTAL MONTH: M 5 = HAIL
GRTST 24HR M ON M 6 = FREEZING RAIN OR DRIZZLE
GRTST DEPTH: M ON M 7 = DUSTSTORM OR SANDSTORM:
VSBY 1/2 MILE OR LESS
8 = SMOKE OR HAZE
[NO. OF DAYS WITH] [WEATHER - DAYS WITH] 9 = BLOWING SNOW
X = TORNADO
MAX 32 OR BELOW: 0 0.01 INCH OR MORE: 7
MAX 90 OR ABOVE: 0 0.10 INCH OR MORE: 4
MIN 32 OR BELOW: 16 0.50 INCH OR MORE: 2
MIN 0 OR BELOW: 0 1.00 INCH OR MORE: 0
[HDD (BASE 65) ]
TOTAL THIS MO. 583 CLEAR (SCALE 0-3) 20
DPTR FM NORMAL -131 PTCLDY (SCALE 4-7) 7
TOTAL FM JUL 1 4194 CLOUDY (SCALE 8-10) 4
DPTR FM NORMAL -477
[CDD (BASE 65) ]
TOTAL THIS MO. 0
DPTR FM NORMAL -1 [PRESSURE DATA]
TOTAL FM JAN 1 0 HIGHEST SLP 30.63 ON 20
DPTR FM NORMAL -1 LOWEST SLP 29.46 ON 28
[REMARKS]
#FINAL-03-21#