000
CXUS51 KLWX 011217
CF6MRB
PRELIMINARY LOCAL CLIMATOLOGICAL DATA (WS FORM: F-6)
STATION: MARTINSBURG WV
MONTH: JUNE
YEAR: 2020
LATITUDE: 39 24 N
LONGITUDE: 77 58 W
TEMPERATURE IN F: :PCPN: SNOW: WIND :SUNSHINE: SKY :PK WND
================================================================================
1 2 3 4 5 6A 6B 7 8 9 10 11 12 13 14 15 16 17 18
12Z AVG MX 2MIN
DY MAX MIN AVG DEP HDD CDD WTR SNW DPTH SPD SPD DIR MIN PSBL S-S WX SPD DR
================================================================================
1 75 43 59 -7 6 0 0.00 M M 3.5 16 250 M M 0 28 230
2 79 46 63 -3 2 0 T M M 4.1 12 150 M M 5 15 180
3 91 72 82 15 0 17 0.00 M M 14.8 26 260 M M 0 8 34 260
4 89 66 78 11 0 13 0.10 M M 5.6 21 200 M M 3 13 32 180
5 83 66 75 8 0 10 0.27 M M 2.3 9 150 M M 6 13 14 190
6 89 63 76 8 0 11 T M M 6.3 21 260 M M 3 128 27 280
7 81 56 69 1 0 4 0.01 M M 7.1 15 340 M M 1 20 350
8 82 55 69 1 0 4 0.00 M M 2.8 9 310 M M 0 13 300
9 89 56 73 5 0 8 0.00 M M 3.0 12 140 M M 0 18 16 130
10 90 69 80 11 0 15 0.01 M M 7.0 17 180 M M 3 138 27 160
11 83 69 76 7 0 11 0.10 M M 8.9 21 270 M M 4 1 29 270
12 86 54 70 0 0 5 0.00 M M 8.3 21 290 M M 0 27 300
13 75 56 66 -4 0 1 0.00 M M 5.4 14 320 M M 2 20 320
14 69 56 63 -7 2 0 0.01 M M 5.1 12 360 M M 9 16 360
15 77 51 64 -6 1 0 0.00 M M 5.4 14 40 M M 3 19 40
16 78 56 67 -4 0 2 0.00 M M 5.6 17 30 M M 2 25 30
17 76 61 69 -2 0 4 0.51 M M 7.5 15 40 M M 9 1 19 20
18 79 65 72 1 0 7 0.01 M M 5.5 14 140 M M 8 1 19 110
19 81 63 72 0 0 7 T M M 3.9 13 150 M M 6 1 18 140
20 82 62 72 0 0 7 0.40 M M 2.1 14 150 M M 5 1238 18 150
21 83 61 72 0 0 7 0.00 M M 1.6 9 170 M M 4 12 11 170
22 88 62 75 3 0 10 T M M 3.6 22 260 M M 2 13 26 270
23 86 61 74 2 0 9 1.77 M M 4.6 43 270 M M 5 1238 54 270
24 83 62 73 0 0 8 0.00 M M 8.0 17 280 M M 4 24 260
25 82 61 72 -1 0 7 0.45 M M 4.1 22 260 M M 5 13 35 270
26 87 57 72 -1 0 7 0.00 M M 6.8 20 270 M M 1 1 25 240
27 86 69 78 5 0 13 T M M 8.9 21 270 M M 4 28 270
28 86 69 78 4 0 13 0.00 M M 6.9 17 240 M M 4 27 230
29 88 68 78 4 0 13 0.00 M M 6.9 15 320 M M 1 23 330
30 88 63 76 2 0 11 0.36 M M 3.9 18 320 M M 3 1 25 330
================================================================================
SM 2491 1818 11 224 4.00 M 169.5 M 102
================================================================================
AV 83.0 60.6 5.6 FASTST M M 3 MAX(MPH)
MISC ----> 43 270 54 270
================================================================================
NOTES:
# LAST OF SEVERAL OCCURRENCES
COLUMN 17 PEAK WIND IN M.P.H.
PRELIMINARY LOCAL CLIMATOLOGICAL DATA (WS FORM: F-6) , PAGE 2
STATION: MARTINSBURG WV
MONTH: JUNE
YEAR: 2020
LATITUDE: 39 24 N
LONGITUDE: 77 58 W
[TEMPERATURE DATA] [PRECIPITATION DATA] SYMBOLS USED IN COLUMN 16
AVERAGE MONTHLY: 71.8 TOTAL FOR MONTH: 4.00 1 = FOG OR MIST
DPTR FM NORMAL: 1.5 DPTR FM NORMAL: 0.24 2 = FOG REDUCING VISIBILITY
HIGHEST: 91 ON 3 GRTST 24HR 1.77 ON 23-23 TO 1/4 MILE OR LESS
LOWEST: 43 ON 1 3 = THUNDER
SNOW, ICE PELLETS, HAIL 4 = ICE PELLETS
TOTAL MONTH: M 5 = HAIL
GRTST 24HR M ON M 6 = FREEZING RAIN OR DRIZZLE
GRTST DEPTH: M ON M 7 = DUSTSTORM OR SANDSTORM:
VSBY 1/2 MILE OR LESS
8 = SMOKE OR HAZE
[NO. OF DAYS WITH] [WEATHER - DAYS WITH] 9 = BLOWING SNOW
X = TORNADO
MAX 32 OR BELOW: 0 0.01 INCH OR MORE: 12
MAX 90 OR ABOVE: 2 0.10 INCH OR MORE: 8
MIN 32 OR BELOW: 0 0.50 INCH OR MORE: 2
MIN 0 OR BELOW: 0 1.00 INCH OR MORE: 1
[HDD (BASE 65) ]
TOTAL THIS MO. 11 CLEAR (SCALE 0-3) 14
DPTR FM NORMAL -13 PTCLDY (SCALE 4-7) 13
TOTAL FM JUL 1 4603 CLOUDY (SCALE 8-10) 3
DPTR FM NORMAL -644
[CDD (BASE 65) ]
TOTAL THIS MO. 224
DPTR FM NORMAL 41 [PRESSURE DATA]
TOTAL FM JAN 1 282 HIGHEST SLP 30.40 ON 15
DPTR FM NORMAL 42 LOWEST SLP 29.63 ON 23
[REMARKS]
#FINAL-06-20#